{"id":8776,"date":"2025-03-17T10:54:49","date_gmt":"2025-03-17T09:54:49","guid":{"rendered":"https:\/\/www.pruvost-sports.com\/boutique\/?post_type=product&#038;p=8776"},"modified":"2025-11-07T11:26:46","modified_gmt":"2025-11-07T10:26:46","slug":"kit-aquatic-power","status":"publish","type":"product","link":"https:\/\/www.pruvost-sports.com\/boutique\/produit\/kit-aquatic-power\/","title":{"rendered":"Kit Aquatic Power"},"content":{"rendered":"","protected":false},"excerpt":{"rendered":"<p>Description : Un kit complet de musculation qui permet une grande vari\u00e9t\u00e9 d&rsquo;exercices. Les halt\u00e8res, 100% plastique ultrar\u00e9sistant, peuvent \u00eatre utilis\u00e9s de mani\u00e8re classique (un dans chaque main) ou en mode barre, ce qui multiplie les options de travail. Le coach fait travailler les bras au moyen d&rsquo;exercices sp\u00e9cifiques sur les biceps et ses antagonistes, les triceps. Il encha\u00eene avec un travail des pectoraux et des \u00e9paules. Les ailettes tridimensionnelles des halt\u00e8res apportent une r\u00e9sistance dans l&rsquo;eau suppl\u00e9mentaire pendant l&rsquo;exercice. Les pratiquants augmentent ainsi la port\u00e9e de leur travail de musculation sur l&rsquo;ensemble des muscles du haut du corps, puisqu&rsquo;aucun impact ne vient g\u00eaner les articulations. Le design et la conception des halt\u00e8res permettent la ma\u00eetrise de la trajectoire et des mouvements par leur utilisateur, de par les fentes hydro pr\u00e9vues \u00e0 cet effet. Cela offre une grande efficacit\u00e9 pour un rendu optimis\u00e9. Les exercices, ax\u00e9s sur les bras et le buste, pour intenses qu&rsquo;ils soient, sont r\u00e9alis\u00e9s en souplesse et en toute fluidit\u00e9, ce qui assure un travail en toute s\u00e9curit\u00e9.<\/p>\n<p>Mati\u00e8re : Mati\u00e8re thermoplastique recyclable PEHD pour la structure de l&rsquo;halt\u00e8re, Poign\u00e9e thermoplastique en PVC.<\/p>\n<p>Poids en mode halt\u00e8re : 0,660 Kg \/ halt\u00e8re<\/p>\n<p>Poids en mode barre : 1,600 Kg<\/p>\n<p>Poids en kit complet : 1,830 Kg<\/p>\n<p>Fabrication : D\u00e9veloppement et fabrication 100% fran\u00e7ais<\/p>\n","protected":false},"featured_media":8778,"template":"","meta":[],"product_brand":[],"product_cat":[72,22,2769],"product_tag":[],"class_list":{"0":"post-8776","1":"product","2":"type-product","3":"status-publish","4":"has-post-thumbnail","6":"product_cat-accessoires-pour-l-aquagym","7":"product_cat-aquagym-et-aquabike","8":"product_cat-divers-aquagym","10":"entry","11":"has-media","13":"first","14":"instock","15":"shipping-taxable","16":"purchasable","17":"product-type-simple","18":"col","19":"span_1_of_4","20":"owp-content-center","21":"owp-thumbs-layout-horizontal","22":"owp-btn-normal","23":"owp-tabs-layout-horizontal","24":"has-no-thumbnails"},"yoast_head":"<!-- This site is optimized with the Yoast SEO plugin v27.5 - https:\/\/yoast.com\/product\/yoast-seo-wordpress\/ -->\n<title>Kit Aquatic Power - Pruvost sport piscine<\/title>\n<meta name=\"robots\" content=\"index, follow, max-snippet:-1, max-image-preview:large, max-video-preview:-1\" \/>\n<link rel=\"canonical\" href=\"https:\/\/www.pruvost-sports.com\/boutique\/produit\/kit-aquatic-power\/\" \/>\n<meta property=\"og:locale\" content=\"fr_FR\" \/>\n<meta property=\"og:type\" content=\"article\" \/>\n<meta property=\"og:title\" content=\"Kit Aquatic Power - Pruvost sport piscine\" \/>\n<meta property=\"og:description\" content=\"Description : Un kit complet de musculation qui permet une grande vari\u00e9t\u00e9 d&#039;exercices. Les halt\u00e8res, 100% plastique ultrar\u00e9sistant, peuvent \u00eatre utilis\u00e9s de mani\u00e8re classique (un dans chaque main) ou en mode barre, ce qui multiplie les options de travail. Le coach fait travailler les bras au moyen d&#039;exercices sp\u00e9cifiques sur les biceps et ses antagonistes, les triceps. Il encha\u00eene avec un travail des pectoraux et des \u00e9paules. Les ailettes tridimensionnelles des halt\u00e8res apportent une r\u00e9sistance dans l&#039;eau suppl\u00e9mentaire pendant l&#039;exercice. Les pratiquants augmentent ainsi la port\u00e9e de leur travail de musculation sur l&#039;ensemble des muscles du haut du corps, puisqu&#039;aucun impact ne vient g\u00eaner les articulations. Le design et la conception des halt\u00e8res permettent la ma\u00eetrise de la trajectoire et des mouvements par leur utilisateur, de par les fentes hydro pr\u00e9vues \u00e0 cet effet. Cela offre une grande efficacit\u00e9 pour un rendu optimis\u00e9. Les exercices, ax\u00e9s sur les bras et le buste, pour intenses qu&#039;ils soient, sont r\u00e9alis\u00e9s en souplesse et en toute fluidit\u00e9, ce qui assure un travail en toute s\u00e9curit\u00e9.  Mati\u00e8re : Mati\u00e8re thermoplastique recyclable PEHD pour la structure de l&#039;halt\u00e8re, Poign\u00e9e thermoplastique en PVC.  Poids en mode halt\u00e8re : 0,660 Kg \/ halt\u00e8re  Poids en mode barre : 1,600 Kg  Poids en kit complet : 1,830 Kg  Fabrication : D\u00e9veloppement et fabrication 100% fran\u00e7ais\" \/>\n<meta property=\"og:url\" content=\"https:\/\/www.pruvost-sports.com\/boutique\/produit\/kit-aquatic-power\/\" \/>\n<meta property=\"og:site_name\" content=\"Pruvost sport piscine\" \/>\n<meta property=\"article:modified_time\" content=\"2025-11-07T10:26:46+00:00\" \/>\n<meta property=\"og:image\" content=\"https:\/\/www.pruvost-sports.com\/boutique\/wp-content\/uploads\/2025\/03\/kit-aquatic-power-halteres-barre.jpg\" \/>\n\t<meta property=\"og:image:width\" content=\"800\" \/>\n\t<meta property=\"og:image:height\" content=\"800\" \/>\n\t<meta property=\"og:image:type\" content=\"image\/jpeg\" \/>\n<meta name=\"twitter:card\" content=\"summary_large_image\" \/>\n<meta name=\"twitter:label1\" content=\"Dur\u00e9e de lecture estim\u00e9e\" \/>\n\t<meta name=\"twitter:data1\" content=\"1 minute\" \/>\n<script type=\"application\/ld+json\" class=\"yoast-schema-graph\">{\"@context\":\"https:\\\/\\\/schema.org\",\"@graph\":[{\"@type\":\"WebPage\",\"@id\":\"https:\\\/\\\/www.pruvost-sports.com\\\/boutique\\\/produit\\\/kit-aquatic-power\\\/\",\"url\":\"https:\\\/\\\/www.pruvost-sports.com\\\/boutique\\\/produit\\\/kit-aquatic-power\\\/\",\"name\":\"Kit Aquatic Power - Pruvost sport piscine\",\"isPartOf\":{\"@id\":\"https:\\\/\\\/www.pruvost-sports.com\\\/boutique\\\/#website\"},\"primaryImageOfPage\":{\"@id\":\"https:\\\/\\\/www.pruvost-sports.com\\\/boutique\\\/produit\\\/kit-aquatic-power\\\/#primaryimage\"},\"image\":{\"@id\":\"https:\\\/\\\/www.pruvost-sports.com\\\/boutique\\\/produit\\\/kit-aquatic-power\\\/#primaryimage\"},\"thumbnailUrl\":\"https:\\\/\\\/www.pruvost-sports.com\\\/boutique\\\/wp-content\\\/uploads\\\/2025\\\/03\\\/kit-aquatic-power-halteres-barre.jpg\",\"datePublished\":\"2025-03-17T09:54:49+00:00\",\"dateModified\":\"2025-11-07T10:26:46+00:00\",\"breadcrumb\":{\"@id\":\"https:\\\/\\\/www.pruvost-sports.com\\\/boutique\\\/produit\\\/kit-aquatic-power\\\/#breadcrumb\"},\"inLanguage\":\"fr-FR\",\"potentialAction\":[{\"@type\":\"ReadAction\",\"target\":[\"https:\\\/\\\/www.pruvost-sports.com\\\/boutique\\\/produit\\\/kit-aquatic-power\\\/\"]}]},{\"@type\":\"ImageObject\",\"inLanguage\":\"fr-FR\",\"@id\":\"https:\\\/\\\/www.pruvost-sports.com\\\/boutique\\\/produit\\\/kit-aquatic-power\\\/#primaryimage\",\"url\":\"https:\\\/\\\/www.pruvost-sports.com\\\/boutique\\\/wp-content\\\/uploads\\\/2025\\\/03\\\/kit-aquatic-power-halteres-barre.jpg\",\"contentUrl\":\"https:\\\/\\\/www.pruvost-sports.com\\\/boutique\\\/wp-content\\\/uploads\\\/2025\\\/03\\\/kit-aquatic-power-halteres-barre.jpg\",\"width\":800,\"height\":800},{\"@type\":\"BreadcrumbList\",\"@id\":\"https:\\\/\\\/www.pruvost-sports.com\\\/boutique\\\/produit\\\/kit-aquatic-power\\\/#breadcrumb\",\"itemListElement\":[{\"@type\":\"ListItem\",\"position\":1,\"name\":\"Accueil\",\"item\":\"https:\\\/\\\/www.pruvost-sports.com\\\/boutique\\\/\"},{\"@type\":\"ListItem\",\"position\":2,\"name\":\"Boutique\",\"item\":\"https:\\\/\\\/www.pruvost-sports.com\\\/boutique\\\/boutique\\\/\"},{\"@type\":\"ListItem\",\"position\":3,\"name\":\"Kit Aquatic Power\"}]},{\"@type\":\"WebSite\",\"@id\":\"https:\\\/\\\/www.pruvost-sports.com\\\/boutique\\\/#website\",\"url\":\"https:\\\/\\\/www.pruvost-sports.com\\\/boutique\\\/\",\"name\":\"Pruvost sport piscine\",\"description\":\"\",\"potentialAction\":[{\"@type\":\"SearchAction\",\"target\":{\"@type\":\"EntryPoint\",\"urlTemplate\":\"https:\\\/\\\/www.pruvost-sports.com\\\/boutique\\\/?s={search_term_string}\"},\"query-input\":{\"@type\":\"PropertyValueSpecification\",\"valueRequired\":true,\"valueName\":\"search_term_string\"}}],\"inLanguage\":\"fr-FR\"}]}<\/script>\n<!-- \/ Yoast SEO plugin. -->","yoast_head_json":{"title":"Kit Aquatic Power - Pruvost sport piscine","robots":{"index":"index","follow":"follow","max-snippet":"max-snippet:-1","max-image-preview":"max-image-preview:large","max-video-preview":"max-video-preview:-1"},"canonical":"https:\/\/www.pruvost-sports.com\/boutique\/produit\/kit-aquatic-power\/","og_locale":"fr_FR","og_type":"article","og_title":"Kit Aquatic Power - Pruvost sport piscine","og_description":"Description : Un kit complet de musculation qui permet une grande vari\u00e9t\u00e9 d'exercices. Les halt\u00e8res, 100% plastique ultrar\u00e9sistant, peuvent \u00eatre utilis\u00e9s de mani\u00e8re classique (un dans chaque main) ou en mode barre, ce qui multiplie les options de travail. Le coach fait travailler les bras au moyen d'exercices sp\u00e9cifiques sur les biceps et ses antagonistes, les triceps. Il encha\u00eene avec un travail des pectoraux et des \u00e9paules. Les ailettes tridimensionnelles des halt\u00e8res apportent une r\u00e9sistance dans l'eau suppl\u00e9mentaire pendant l'exercice. Les pratiquants augmentent ainsi la port\u00e9e de leur travail de musculation sur l'ensemble des muscles du haut du corps, puisqu'aucun impact ne vient g\u00eaner les articulations. Le design et la conception des halt\u00e8res permettent la ma\u00eetrise de la trajectoire et des mouvements par leur utilisateur, de par les fentes hydro pr\u00e9vues \u00e0 cet effet. Cela offre une grande efficacit\u00e9 pour un rendu optimis\u00e9. Les exercices, ax\u00e9s sur les bras et le buste, pour intenses qu'ils soient, sont r\u00e9alis\u00e9s en souplesse et en toute fluidit\u00e9, ce qui assure un travail en toute s\u00e9curit\u00e9.  Mati\u00e8re : Mati\u00e8re thermoplastique recyclable PEHD pour la structure de l'halt\u00e8re, Poign\u00e9e thermoplastique en PVC.  Poids en mode halt\u00e8re : 0,660 Kg \/ halt\u00e8re  Poids en mode barre : 1,600 Kg  Poids en kit complet : 1,830 Kg  Fabrication : D\u00e9veloppement et fabrication 100% fran\u00e7ais","og_url":"https:\/\/www.pruvost-sports.com\/boutique\/produit\/kit-aquatic-power\/","og_site_name":"Pruvost sport piscine","article_modified_time":"2025-11-07T10:26:46+00:00","og_image":[{"width":800,"height":800,"url":"https:\/\/www.pruvost-sports.com\/boutique\/wp-content\/uploads\/2025\/03\/kit-aquatic-power-halteres-barre.jpg","type":"image\/jpeg"}],"twitter_card":"summary_large_image","twitter_misc":{"Dur\u00e9e de lecture estim\u00e9e":"1 minute"},"schema":{"@context":"https:\/\/schema.org","@graph":[{"@type":"WebPage","@id":"https:\/\/www.pruvost-sports.com\/boutique\/produit\/kit-aquatic-power\/","url":"https:\/\/www.pruvost-sports.com\/boutique\/produit\/kit-aquatic-power\/","name":"Kit Aquatic Power - Pruvost sport piscine","isPartOf":{"@id":"https:\/\/www.pruvost-sports.com\/boutique\/#website"},"primaryImageOfPage":{"@id":"https:\/\/www.pruvost-sports.com\/boutique\/produit\/kit-aquatic-power\/#primaryimage"},"image":{"@id":"https:\/\/www.pruvost-sports.com\/boutique\/produit\/kit-aquatic-power\/#primaryimage"},"thumbnailUrl":"https:\/\/www.pruvost-sports.com\/boutique\/wp-content\/uploads\/2025\/03\/kit-aquatic-power-halteres-barre.jpg","datePublished":"2025-03-17T09:54:49+00:00","dateModified":"2025-11-07T10:26:46+00:00","breadcrumb":{"@id":"https:\/\/www.pruvost-sports.com\/boutique\/produit\/kit-aquatic-power\/#breadcrumb"},"inLanguage":"fr-FR","potentialAction":[{"@type":"ReadAction","target":["https:\/\/www.pruvost-sports.com\/boutique\/produit\/kit-aquatic-power\/"]}]},{"@type":"ImageObject","inLanguage":"fr-FR","@id":"https:\/\/www.pruvost-sports.com\/boutique\/produit\/kit-aquatic-power\/#primaryimage","url":"https:\/\/www.pruvost-sports.com\/boutique\/wp-content\/uploads\/2025\/03\/kit-aquatic-power-halteres-barre.jpg","contentUrl":"https:\/\/www.pruvost-sports.com\/boutique\/wp-content\/uploads\/2025\/03\/kit-aquatic-power-halteres-barre.jpg","width":800,"height":800},{"@type":"BreadcrumbList","@id":"https:\/\/www.pruvost-sports.com\/boutique\/produit\/kit-aquatic-power\/#breadcrumb","itemListElement":[{"@type":"ListItem","position":1,"name":"Accueil","item":"https:\/\/www.pruvost-sports.com\/boutique\/"},{"@type":"ListItem","position":2,"name":"Boutique","item":"https:\/\/www.pruvost-sports.com\/boutique\/boutique\/"},{"@type":"ListItem","position":3,"name":"Kit Aquatic Power"}]},{"@type":"WebSite","@id":"https:\/\/www.pruvost-sports.com\/boutique\/#website","url":"https:\/\/www.pruvost-sports.com\/boutique\/","name":"Pruvost sport piscine","description":"","potentialAction":[{"@type":"SearchAction","target":{"@type":"EntryPoint","urlTemplate":"https:\/\/www.pruvost-sports.com\/boutique\/?s={search_term_string}"},"query-input":{"@type":"PropertyValueSpecification","valueRequired":true,"valueName":"search_term_string"}}],"inLanguage":"fr-FR"}]}},"_links":{"self":[{"href":"https:\/\/www.pruvost-sports.com\/boutique\/wp-json\/wp\/v2\/product\/8776","targetHints":{"allow":["GET"]}}],"collection":[{"href":"https:\/\/www.pruvost-sports.com\/boutique\/wp-json\/wp\/v2\/product"}],"about":[{"href":"https:\/\/www.pruvost-sports.com\/boutique\/wp-json\/wp\/v2\/types\/product"}],"wp:featuredmedia":[{"embeddable":true,"href":"https:\/\/www.pruvost-sports.com\/boutique\/wp-json\/wp\/v2\/media\/8778"}],"wp:attachment":[{"href":"https:\/\/www.pruvost-sports.com\/boutique\/wp-json\/wp\/v2\/media?parent=8776"}],"wp:term":[{"taxonomy":"product_brand","embeddable":true,"href":"https:\/\/www.pruvost-sports.com\/boutique\/wp-json\/wp\/v2\/product_brand?post=8776"},{"taxonomy":"product_cat","embeddable":true,"href":"https:\/\/www.pruvost-sports.com\/boutique\/wp-json\/wp\/v2\/product_cat?post=8776"},{"taxonomy":"product_tag","embeddable":true,"href":"https:\/\/www.pruvost-sports.com\/boutique\/wp-json\/wp\/v2\/product_tag?post=8776"}],"curies":[{"name":"wp","href":"https:\/\/api.w.org\/{rel}","templated":true}]}}