{"id":8754,"date":"2025-03-03T17:16:00","date_gmt":"2025-03-03T16:16:00","guid":{"rendered":"https:\/\/www.pruvost-sports.com\/boutique\/?post_type=product&#038;p=8754"},"modified":"2025-11-07T11:31:47","modified_gmt":"2025-11-07T10:31:47","slug":"compresse-non-tissees-steriles-10-x-10-cm-50-sachets-de-2","status":"publish","type":"product","link":"https:\/\/www.pruvost-sports.com\/boutique\/produit\/compresse-non-tissees-steriles-10-x-10-cm-50-sachets-de-2\/","title":{"rendered":"Compresse non tiss\u00e9es st\u00e9riles &#8211; 10 x 10 cm &#8211; 50 sachets de 2"},"content":{"rendered":"","protected":false},"excerpt":{"rendered":"<p>Description : Ces compresses non tiss\u00e9es st\u00e9riles sont adapt\u00e9es au soin des plaies, \u00e0 la d\u00e9sinfection, \u00e0 l&rsquo;absorption des exsudats.<\/p>\n<p>Douces au contact de la peau.<\/p>\n<p>Ne peluche pas.<\/p>\n<p>40g\/m\u00b2<\/p>\n<p>Excellent pouvoir d&rsquo;absorption et de restitution.<\/p>\n<p>10 x 10 cm<\/p>\n<p>50 sachets de 2, compresse en viscose polyester, 4 plis , douces au contact de la peau, ne peluche pas, st\u00e9rile, usage unique.<\/p>\n<p>Grande r\u00e9sistance \u00e0 l&rsquo;\u00e9tirement.<\/p>\n<p>Dispositif m\u00e9dical de classe Is<\/p>\n","protected":false},"featured_media":8755,"template":"","meta":[],"product_brand":[],"product_cat":[26],"product_tag":[],"class_list":{"0":"post-8754","1":"product","2":"type-product","3":"status-publish","4":"has-post-thumbnail","6":"product_cat-infirmerie","8":"entry","9":"has-media","11":"first","12":"instock","13":"shipping-taxable","14":"purchasable","15":"product-type-simple","16":"col","17":"span_1_of_4","18":"owp-content-center","19":"owp-thumbs-layout-horizontal","20":"owp-btn-normal","21":"owp-tabs-layout-horizontal","22":"has-no-thumbnails"},"yoast_head":"<!-- This site is optimized with the Yoast SEO plugin v27.5 - https:\/\/yoast.com\/product\/yoast-seo-wordpress\/ -->\n<title>Compresse non tiss\u00e9es st\u00e9riles - 10 x 10 cm - 50 sachets de 2 - Pruvost sport piscine<\/title>\n<meta name=\"robots\" content=\"index, follow, max-snippet:-1, max-image-preview:large, max-video-preview:-1\" \/>\n<link rel=\"canonical\" href=\"https:\/\/www.pruvost-sports.com\/boutique\/produit\/compresse-non-tissees-steriles-10-x-10-cm-50-sachets-de-2\/\" \/>\n<meta property=\"og:locale\" content=\"fr_FR\" \/>\n<meta property=\"og:type\" content=\"article\" \/>\n<meta property=\"og:title\" content=\"Compresse non tiss\u00e9es st\u00e9riles - 10 x 10 cm - 50 sachets de 2 - Pruvost sport piscine\" \/>\n<meta property=\"og:description\" content=\"Description : Ces compresses non tiss\u00e9es st\u00e9riles sont adapt\u00e9es au soin des plaies, \u00e0 la d\u00e9sinfection, \u00e0 l&#039;absorption des exsudats.  Douces au contact de la peau.  Ne peluche pas.  40g\/m\u00b2  Excellent pouvoir d&#039;absorption et de restitution.  10 x 10 cm  50 sachets de 2, compresse en viscose polyester, 4 plis , douces au contact de la peau, ne peluche pas, st\u00e9rile, usage unique.  Grande r\u00e9sistance \u00e0 l&#039;\u00e9tirement.  Dispositif m\u00e9dical de classe Is\" \/>\n<meta property=\"og:url\" content=\"https:\/\/www.pruvost-sports.com\/boutique\/produit\/compresse-non-tissees-steriles-10-x-10-cm-50-sachets-de-2\/\" \/>\n<meta property=\"og:site_name\" content=\"Pruvost sport piscine\" \/>\n<meta property=\"article:modified_time\" content=\"2025-11-07T10:31:47+00:00\" \/>\n<meta property=\"og:image\" content=\"https:\/\/www.pruvost-sports.com\/boutique\/wp-content\/uploads\/2025\/03\/zesKxzImcd7oDz09.png\" \/>\n\t<meta property=\"og:image:width\" content=\"1188\" \/>\n\t<meta property=\"og:image:height\" content=\"1186\" \/>\n\t<meta property=\"og:image:type\" content=\"image\/png\" \/>\n<meta name=\"twitter:card\" content=\"summary_large_image\" \/>\n<meta name=\"twitter:label1\" content=\"Dur\u00e9e de lecture estim\u00e9e\" \/>\n\t<meta name=\"twitter:data1\" content=\"1 minute\" \/>\n<script type=\"application\/ld+json\" class=\"yoast-schema-graph\">{\"@context\":\"https:\\\/\\\/schema.org\",\"@graph\":[{\"@type\":\"WebPage\",\"@id\":\"https:\\\/\\\/www.pruvost-sports.com\\\/boutique\\\/produit\\\/compresse-non-tissees-steriles-10-x-10-cm-50-sachets-de-2\\\/\",\"url\":\"https:\\\/\\\/www.pruvost-sports.com\\\/boutique\\\/produit\\\/compresse-non-tissees-steriles-10-x-10-cm-50-sachets-de-2\\\/\",\"name\":\"Compresse non tiss\u00e9es st\u00e9riles - 10 x 10 cm - 50 sachets de 2 - Pruvost sport piscine\",\"isPartOf\":{\"@id\":\"https:\\\/\\\/www.pruvost-sports.com\\\/boutique\\\/#website\"},\"primaryImageOfPage\":{\"@id\":\"https:\\\/\\\/www.pruvost-sports.com\\\/boutique\\\/produit\\\/compresse-non-tissees-steriles-10-x-10-cm-50-sachets-de-2\\\/#primaryimage\"},\"image\":{\"@id\":\"https:\\\/\\\/www.pruvost-sports.com\\\/boutique\\\/produit\\\/compresse-non-tissees-steriles-10-x-10-cm-50-sachets-de-2\\\/#primaryimage\"},\"thumbnailUrl\":\"https:\\\/\\\/www.pruvost-sports.com\\\/boutique\\\/wp-content\\\/uploads\\\/2025\\\/03\\\/zesKxzImcd7oDz09.png\",\"datePublished\":\"2025-03-03T16:16:00+00:00\",\"dateModified\":\"2025-11-07T10:31:47+00:00\",\"breadcrumb\":{\"@id\":\"https:\\\/\\\/www.pruvost-sports.com\\\/boutique\\\/produit\\\/compresse-non-tissees-steriles-10-x-10-cm-50-sachets-de-2\\\/#breadcrumb\"},\"inLanguage\":\"fr-FR\",\"potentialAction\":[{\"@type\":\"ReadAction\",\"target\":[\"https:\\\/\\\/www.pruvost-sports.com\\\/boutique\\\/produit\\\/compresse-non-tissees-steriles-10-x-10-cm-50-sachets-de-2\\\/\"]}]},{\"@type\":\"ImageObject\",\"inLanguage\":\"fr-FR\",\"@id\":\"https:\\\/\\\/www.pruvost-sports.com\\\/boutique\\\/produit\\\/compresse-non-tissees-steriles-10-x-10-cm-50-sachets-de-2\\\/#primaryimage\",\"url\":\"https:\\\/\\\/www.pruvost-sports.com\\\/boutique\\\/wp-content\\\/uploads\\\/2025\\\/03\\\/zesKxzImcd7oDz09.png\",\"contentUrl\":\"https:\\\/\\\/www.pruvost-sports.com\\\/boutique\\\/wp-content\\\/uploads\\\/2025\\\/03\\\/zesKxzImcd7oDz09.png\",\"width\":1188,\"height\":1186},{\"@type\":\"BreadcrumbList\",\"@id\":\"https:\\\/\\\/www.pruvost-sports.com\\\/boutique\\\/produit\\\/compresse-non-tissees-steriles-10-x-10-cm-50-sachets-de-2\\\/#breadcrumb\",\"itemListElement\":[{\"@type\":\"ListItem\",\"position\":1,\"name\":\"Accueil\",\"item\":\"https:\\\/\\\/www.pruvost-sports.com\\\/boutique\\\/\"},{\"@type\":\"ListItem\",\"position\":2,\"name\":\"Boutique\",\"item\":\"https:\\\/\\\/www.pruvost-sports.com\\\/boutique\\\/boutique\\\/\"},{\"@type\":\"ListItem\",\"position\":3,\"name\":\"Compresse non tiss\u00e9es st\u00e9riles &#8211; 10 x 10 cm &#8211; 50 sachets de 2\"}]},{\"@type\":\"WebSite\",\"@id\":\"https:\\\/\\\/www.pruvost-sports.com\\\/boutique\\\/#website\",\"url\":\"https:\\\/\\\/www.pruvost-sports.com\\\/boutique\\\/\",\"name\":\"Pruvost sport piscine\",\"description\":\"\",\"potentialAction\":[{\"@type\":\"SearchAction\",\"target\":{\"@type\":\"EntryPoint\",\"urlTemplate\":\"https:\\\/\\\/www.pruvost-sports.com\\\/boutique\\\/?s={search_term_string}\"},\"query-input\":{\"@type\":\"PropertyValueSpecification\",\"valueRequired\":true,\"valueName\":\"search_term_string\"}}],\"inLanguage\":\"fr-FR\"}]}<\/script>\n<!-- \/ Yoast SEO plugin. -->","yoast_head_json":{"title":"Compresse non tiss\u00e9es st\u00e9riles - 10 x 10 cm - 50 sachets de 2 - Pruvost sport piscine","robots":{"index":"index","follow":"follow","max-snippet":"max-snippet:-1","max-image-preview":"max-image-preview:large","max-video-preview":"max-video-preview:-1"},"canonical":"https:\/\/www.pruvost-sports.com\/boutique\/produit\/compresse-non-tissees-steriles-10-x-10-cm-50-sachets-de-2\/","og_locale":"fr_FR","og_type":"article","og_title":"Compresse non tiss\u00e9es st\u00e9riles - 10 x 10 cm - 50 sachets de 2 - Pruvost sport piscine","og_description":"Description : Ces compresses non tiss\u00e9es st\u00e9riles sont adapt\u00e9es au soin des plaies, \u00e0 la d\u00e9sinfection, \u00e0 l'absorption des exsudats.  Douces au contact de la peau.  Ne peluche pas.  40g\/m\u00b2  Excellent pouvoir d'absorption et de restitution.  10 x 10 cm  50 sachets de 2, compresse en viscose polyester, 4 plis , douces au contact de la peau, ne peluche pas, st\u00e9rile, usage unique.  Grande r\u00e9sistance \u00e0 l'\u00e9tirement.  Dispositif m\u00e9dical de classe Is","og_url":"https:\/\/www.pruvost-sports.com\/boutique\/produit\/compresse-non-tissees-steriles-10-x-10-cm-50-sachets-de-2\/","og_site_name":"Pruvost sport piscine","article_modified_time":"2025-11-07T10:31:47+00:00","og_image":[{"width":1188,"height":1186,"url":"https:\/\/www.pruvost-sports.com\/boutique\/wp-content\/uploads\/2025\/03\/zesKxzImcd7oDz09.png","type":"image\/png"}],"twitter_card":"summary_large_image","twitter_misc":{"Dur\u00e9e de lecture estim\u00e9e":"1 minute"},"schema":{"@context":"https:\/\/schema.org","@graph":[{"@type":"WebPage","@id":"https:\/\/www.pruvost-sports.com\/boutique\/produit\/compresse-non-tissees-steriles-10-x-10-cm-50-sachets-de-2\/","url":"https:\/\/www.pruvost-sports.com\/boutique\/produit\/compresse-non-tissees-steriles-10-x-10-cm-50-sachets-de-2\/","name":"Compresse non tiss\u00e9es st\u00e9riles - 10 x 10 cm - 50 sachets de 2 - Pruvost sport piscine","isPartOf":{"@id":"https:\/\/www.pruvost-sports.com\/boutique\/#website"},"primaryImageOfPage":{"@id":"https:\/\/www.pruvost-sports.com\/boutique\/produit\/compresse-non-tissees-steriles-10-x-10-cm-50-sachets-de-2\/#primaryimage"},"image":{"@id":"https:\/\/www.pruvost-sports.com\/boutique\/produit\/compresse-non-tissees-steriles-10-x-10-cm-50-sachets-de-2\/#primaryimage"},"thumbnailUrl":"https:\/\/www.pruvost-sports.com\/boutique\/wp-content\/uploads\/2025\/03\/zesKxzImcd7oDz09.png","datePublished":"2025-03-03T16:16:00+00:00","dateModified":"2025-11-07T10:31:47+00:00","breadcrumb":{"@id":"https:\/\/www.pruvost-sports.com\/boutique\/produit\/compresse-non-tissees-steriles-10-x-10-cm-50-sachets-de-2\/#breadcrumb"},"inLanguage":"fr-FR","potentialAction":[{"@type":"ReadAction","target":["https:\/\/www.pruvost-sports.com\/boutique\/produit\/compresse-non-tissees-steriles-10-x-10-cm-50-sachets-de-2\/"]}]},{"@type":"ImageObject","inLanguage":"fr-FR","@id":"https:\/\/www.pruvost-sports.com\/boutique\/produit\/compresse-non-tissees-steriles-10-x-10-cm-50-sachets-de-2\/#primaryimage","url":"https:\/\/www.pruvost-sports.com\/boutique\/wp-content\/uploads\/2025\/03\/zesKxzImcd7oDz09.png","contentUrl":"https:\/\/www.pruvost-sports.com\/boutique\/wp-content\/uploads\/2025\/03\/zesKxzImcd7oDz09.png","width":1188,"height":1186},{"@type":"BreadcrumbList","@id":"https:\/\/www.pruvost-sports.com\/boutique\/produit\/compresse-non-tissees-steriles-10-x-10-cm-50-sachets-de-2\/#breadcrumb","itemListElement":[{"@type":"ListItem","position":1,"name":"Accueil","item":"https:\/\/www.pruvost-sports.com\/boutique\/"},{"@type":"ListItem","position":2,"name":"Boutique","item":"https:\/\/www.pruvost-sports.com\/boutique\/boutique\/"},{"@type":"ListItem","position":3,"name":"Compresse non tiss\u00e9es st\u00e9riles &#8211; 10 x 10 cm &#8211; 50 sachets de 2"}]},{"@type":"WebSite","@id":"https:\/\/www.pruvost-sports.com\/boutique\/#website","url":"https:\/\/www.pruvost-sports.com\/boutique\/","name":"Pruvost sport piscine","description":"","potentialAction":[{"@type":"SearchAction","target":{"@type":"EntryPoint","urlTemplate":"https:\/\/www.pruvost-sports.com\/boutique\/?s={search_term_string}"},"query-input":{"@type":"PropertyValueSpecification","valueRequired":true,"valueName":"search_term_string"}}],"inLanguage":"fr-FR"}]}},"_links":{"self":[{"href":"https:\/\/www.pruvost-sports.com\/boutique\/wp-json\/wp\/v2\/product\/8754","targetHints":{"allow":["GET"]}}],"collection":[{"href":"https:\/\/www.pruvost-sports.com\/boutique\/wp-json\/wp\/v2\/product"}],"about":[{"href":"https:\/\/www.pruvost-sports.com\/boutique\/wp-json\/wp\/v2\/types\/product"}],"wp:featuredmedia":[{"embeddable":true,"href":"https:\/\/www.pruvost-sports.com\/boutique\/wp-json\/wp\/v2\/media\/8755"}],"wp:attachment":[{"href":"https:\/\/www.pruvost-sports.com\/boutique\/wp-json\/wp\/v2\/media?parent=8754"}],"wp:term":[{"taxonomy":"product_brand","embeddable":true,"href":"https:\/\/www.pruvost-sports.com\/boutique\/wp-json\/wp\/v2\/product_brand?post=8754"},{"taxonomy":"product_cat","embeddable":true,"href":"https:\/\/www.pruvost-sports.com\/boutique\/wp-json\/wp\/v2\/product_cat?post=8754"},{"taxonomy":"product_tag","embeddable":true,"href":"https:\/\/www.pruvost-sports.com\/boutique\/wp-json\/wp\/v2\/product_tag?post=8754"}],"curies":[{"name":"wp","href":"https:\/\/api.w.org\/{rel}","templated":true}]}}