{"id":8278,"date":"2024-08-26T10:02:59","date_gmt":"2024-08-26T08:02:59","guid":{"rendered":"https:\/\/www.pruvost-sports.com\/boutique\/?post_type=product&#038;p=8278"},"modified":"2024-08-26T10:03:00","modified_gmt":"2024-08-26T08:03:00","slug":"horloge-analogique-etanche-radio-pilotee-aluminium-o-90-cm-alim-pile","status":"publish","type":"product","link":"https:\/\/www.pruvost-sports.com\/boutique\/produit\/horloge-analogique-etanche-radio-pilotee-aluminium-o-90-cm-alim-pile\/","title":{"rendered":"Horloge analogique \u00e9tanche &#8211; radio-pilot\u00e9e &#8211; Aluminium &#8211; \u00d8 90 cm &#8211; Alim : pile"},"content":{"rendered":"<p>Caract\u00e9ristiques :<\/p>\n<ul>\n<li>\u00a0\u00d8 900 mm \/ Lisibilit\u00e9 100 m.<\/li>\n<li>Mise \u00e0 l\u2019heure automatique.<\/li>\n<li>Changement d\u2019heure \u00e9t\u00e9-hiver.<\/li>\n<li>Bo\u00eetier aluminium \/ Verre plexi<\/li>\n<li>\u00a0Etanche<\/li>\n<li>\u00a0Support pouvant \u00eatre mont\u00e9 \u00e0 3 h, 6 h, 9 h ou 12 h (potence, suspendu ou sur pied)<\/li>\n<li>\u00a0Pile : 2 ou 4 x R 20 lithium (3.6V)<\/li>\n<li>(2 pile livr\u00e9es, 2 piles suppl\u00e9mentaires en option pour doubler l\u2019autonomie)<\/li>\n<\/ul>\n","protected":false},"excerpt":{"rendered":"<p>Horloge avec des aiguilles de tr\u00e8s grande taille radio pilot\u00e9e .<\/p>\n<p>Son diam\u00e8tre de 900 mm permet une lisibilit\u00e9 clair jusqu\u2019\u00e0 100 m\u00e8tres .<\/p>\n<p>Equip\u00e9e d\u2019un verre plexi et cadre en acier trait\u00e9 inoxydable.<\/p>\n<p>Dur\u00e9e de 2 ans avec 2 piles type R20 lithium 3,6V (livr\u00e9es).<\/p>\n","protected":false},"featured_media":8279,"template":"","meta":[],"product_brand":[],"product_cat":[85],"product_tag":[2336,2337,2338,2339],"class_list":{"0":"post-8278","1":"product","2":"type-product","3":"status-publish","4":"has-post-thumbnail","6":"product_cat-horloges-et-thermometres","7":"product_tag-grande-horloge","8":"product_tag-grande-horloge-piscine","9":"product_tag-horloge-aiguilles-piscine","10":"product_tag-horloge-analogie-piscine","12":"entry","13":"has-media","15":"first","16":"instock","17":"shipping-taxable","18":"purchasable","19":"product-type-simple","20":"col","21":"span_1_of_4","22":"owp-content-center","23":"owp-thumbs-layout-horizontal","24":"owp-btn-normal","25":"owp-tabs-layout-horizontal","26":"has-no-thumbnails"},"yoast_head":"<!-- This site is optimized with the Yoast SEO plugin v27.5 - https:\/\/yoast.com\/product\/yoast-seo-wordpress\/ -->\n<title>Horloge analogique \u00e9tanche - radio-pilot\u00e9e - Aluminium - \u00d8 90 cm - Alim : pile - Pruvost sport piscine<\/title>\n<meta name=\"robots\" content=\"index, follow, max-snippet:-1, max-image-preview:large, max-video-preview:-1\" \/>\n<link rel=\"canonical\" href=\"https:\/\/www.pruvost-sports.com\/boutique\/produit\/horloge-analogique-etanche-radio-pilotee-aluminium-o-90-cm-alim-pile\/\" \/>\n<meta property=\"og:locale\" content=\"fr_FR\" \/>\n<meta property=\"og:type\" content=\"article\" \/>\n<meta property=\"og:title\" content=\"Horloge analogique \u00e9tanche - radio-pilot\u00e9e - Aluminium - \u00d8 90 cm - Alim : pile - Pruvost sport piscine\" \/>\n<meta property=\"og:description\" content=\"Horloge avec des aiguilles de tr\u00e8s grande taille radio pilot\u00e9e .  Son diam\u00e8tre de 900 mm permet une lisibilit\u00e9 clair jusqu\u2019\u00e0 100 m\u00e8tres .  Equip\u00e9e d\u2019un verre plexi et cadre en acier trait\u00e9 inoxydable.  Dur\u00e9e de 2 ans avec 2 piles type R20 lithium 3,6V (livr\u00e9es).\" \/>\n<meta property=\"og:url\" content=\"https:\/\/www.pruvost-sports.com\/boutique\/produit\/horloge-analogique-etanche-radio-pilotee-aluminium-o-90-cm-alim-pile\/\" \/>\n<meta property=\"og:site_name\" content=\"Pruvost sport piscine\" \/>\n<meta property=\"article:modified_time\" content=\"2024-08-26T08:03:00+00:00\" \/>\n<meta property=\"og:image\" content=\"https:\/\/www.pruvost-sports.com\/boutique\/wp-content\/uploads\/2024\/08\/111.jpg\" \/>\n\t<meta property=\"og:image:width\" content=\"800\" \/>\n\t<meta property=\"og:image:height\" content=\"800\" \/>\n\t<meta property=\"og:image:type\" content=\"image\/jpeg\" \/>\n<meta name=\"twitter:card\" content=\"summary_large_image\" \/>\n<meta name=\"twitter:label1\" content=\"Dur\u00e9e de lecture estim\u00e9e\" \/>\n\t<meta name=\"twitter:data1\" content=\"1 minute\" \/>\n<script type=\"application\/ld+json\" class=\"yoast-schema-graph\">{\"@context\":\"https:\\\/\\\/schema.org\",\"@graph\":[{\"@type\":\"WebPage\",\"@id\":\"https:\\\/\\\/www.pruvost-sports.com\\\/boutique\\\/produit\\\/horloge-analogique-etanche-radio-pilotee-aluminium-o-90-cm-alim-pile\\\/\",\"url\":\"https:\\\/\\\/www.pruvost-sports.com\\\/boutique\\\/produit\\\/horloge-analogique-etanche-radio-pilotee-aluminium-o-90-cm-alim-pile\\\/\",\"name\":\"Horloge analogique \u00e9tanche - radio-pilot\u00e9e - Aluminium - \u00d8 90 cm - Alim : pile - Pruvost sport piscine\",\"isPartOf\":{\"@id\":\"https:\\\/\\\/www.pruvost-sports.com\\\/boutique\\\/#website\"},\"primaryImageOfPage\":{\"@id\":\"https:\\\/\\\/www.pruvost-sports.com\\\/boutique\\\/produit\\\/horloge-analogique-etanche-radio-pilotee-aluminium-o-90-cm-alim-pile\\\/#primaryimage\"},\"image\":{\"@id\":\"https:\\\/\\\/www.pruvost-sports.com\\\/boutique\\\/produit\\\/horloge-analogique-etanche-radio-pilotee-aluminium-o-90-cm-alim-pile\\\/#primaryimage\"},\"thumbnailUrl\":\"https:\\\/\\\/www.pruvost-sports.com\\\/boutique\\\/wp-content\\\/uploads\\\/2024\\\/08\\\/111.jpg\",\"datePublished\":\"2024-08-26T08:02:59+00:00\",\"dateModified\":\"2024-08-26T08:03:00+00:00\",\"breadcrumb\":{\"@id\":\"https:\\\/\\\/www.pruvost-sports.com\\\/boutique\\\/produit\\\/horloge-analogique-etanche-radio-pilotee-aluminium-o-90-cm-alim-pile\\\/#breadcrumb\"},\"inLanguage\":\"fr-FR\",\"potentialAction\":[{\"@type\":\"ReadAction\",\"target\":[\"https:\\\/\\\/www.pruvost-sports.com\\\/boutique\\\/produit\\\/horloge-analogique-etanche-radio-pilotee-aluminium-o-90-cm-alim-pile\\\/\"]}]},{\"@type\":\"ImageObject\",\"inLanguage\":\"fr-FR\",\"@id\":\"https:\\\/\\\/www.pruvost-sports.com\\\/boutique\\\/produit\\\/horloge-analogique-etanche-radio-pilotee-aluminium-o-90-cm-alim-pile\\\/#primaryimage\",\"url\":\"https:\\\/\\\/www.pruvost-sports.com\\\/boutique\\\/wp-content\\\/uploads\\\/2024\\\/08\\\/111.jpg\",\"contentUrl\":\"https:\\\/\\\/www.pruvost-sports.com\\\/boutique\\\/wp-content\\\/uploads\\\/2024\\\/08\\\/111.jpg\",\"width\":800,\"height\":800},{\"@type\":\"BreadcrumbList\",\"@id\":\"https:\\\/\\\/www.pruvost-sports.com\\\/boutique\\\/produit\\\/horloge-analogique-etanche-radio-pilotee-aluminium-o-90-cm-alim-pile\\\/#breadcrumb\",\"itemListElement\":[{\"@type\":\"ListItem\",\"position\":1,\"name\":\"Accueil\",\"item\":\"https:\\\/\\\/www.pruvost-sports.com\\\/boutique\\\/\"},{\"@type\":\"ListItem\",\"position\":2,\"name\":\"Boutique\",\"item\":\"https:\\\/\\\/www.pruvost-sports.com\\\/boutique\\\/boutique\\\/\"},{\"@type\":\"ListItem\",\"position\":3,\"name\":\"Horloge analogique \u00e9tanche &#8211; radio-pilot\u00e9e &#8211; Aluminium &#8211; \u00d8 90 cm &#8211; Alim : pile\"}]},{\"@type\":\"WebSite\",\"@id\":\"https:\\\/\\\/www.pruvost-sports.com\\\/boutique\\\/#website\",\"url\":\"https:\\\/\\\/www.pruvost-sports.com\\\/boutique\\\/\",\"name\":\"Pruvost sport piscine\",\"description\":\"\",\"potentialAction\":[{\"@type\":\"SearchAction\",\"target\":{\"@type\":\"EntryPoint\",\"urlTemplate\":\"https:\\\/\\\/www.pruvost-sports.com\\\/boutique\\\/?s={search_term_string}\"},\"query-input\":{\"@type\":\"PropertyValueSpecification\",\"valueRequired\":true,\"valueName\":\"search_term_string\"}}],\"inLanguage\":\"fr-FR\"}]}<\/script>\n<!-- \/ Yoast SEO plugin. -->","yoast_head_json":{"title":"Horloge analogique \u00e9tanche - radio-pilot\u00e9e - Aluminium - \u00d8 90 cm - Alim : pile - Pruvost sport piscine","robots":{"index":"index","follow":"follow","max-snippet":"max-snippet:-1","max-image-preview":"max-image-preview:large","max-video-preview":"max-video-preview:-1"},"canonical":"https:\/\/www.pruvost-sports.com\/boutique\/produit\/horloge-analogique-etanche-radio-pilotee-aluminium-o-90-cm-alim-pile\/","og_locale":"fr_FR","og_type":"article","og_title":"Horloge analogique \u00e9tanche - radio-pilot\u00e9e - Aluminium - \u00d8 90 cm - Alim : pile - Pruvost sport piscine","og_description":"Horloge avec des aiguilles de tr\u00e8s grande taille radio pilot\u00e9e .  Son diam\u00e8tre de 900 mm permet une lisibilit\u00e9 clair jusqu\u2019\u00e0 100 m\u00e8tres .  Equip\u00e9e d\u2019un verre plexi et cadre en acier trait\u00e9 inoxydable.  Dur\u00e9e de 2 ans avec 2 piles type R20 lithium 3,6V (livr\u00e9es).","og_url":"https:\/\/www.pruvost-sports.com\/boutique\/produit\/horloge-analogique-etanche-radio-pilotee-aluminium-o-90-cm-alim-pile\/","og_site_name":"Pruvost sport piscine","article_modified_time":"2024-08-26T08:03:00+00:00","og_image":[{"width":800,"height":800,"url":"https:\/\/www.pruvost-sports.com\/boutique\/wp-content\/uploads\/2024\/08\/111.jpg","type":"image\/jpeg"}],"twitter_card":"summary_large_image","twitter_misc":{"Dur\u00e9e de lecture estim\u00e9e":"1 minute"},"schema":{"@context":"https:\/\/schema.org","@graph":[{"@type":"WebPage","@id":"https:\/\/www.pruvost-sports.com\/boutique\/produit\/horloge-analogique-etanche-radio-pilotee-aluminium-o-90-cm-alim-pile\/","url":"https:\/\/www.pruvost-sports.com\/boutique\/produit\/horloge-analogique-etanche-radio-pilotee-aluminium-o-90-cm-alim-pile\/","name":"Horloge analogique \u00e9tanche - radio-pilot\u00e9e - Aluminium - \u00d8 90 cm - Alim : pile - Pruvost sport piscine","isPartOf":{"@id":"https:\/\/www.pruvost-sports.com\/boutique\/#website"},"primaryImageOfPage":{"@id":"https:\/\/www.pruvost-sports.com\/boutique\/produit\/horloge-analogique-etanche-radio-pilotee-aluminium-o-90-cm-alim-pile\/#primaryimage"},"image":{"@id":"https:\/\/www.pruvost-sports.com\/boutique\/produit\/horloge-analogique-etanche-radio-pilotee-aluminium-o-90-cm-alim-pile\/#primaryimage"},"thumbnailUrl":"https:\/\/www.pruvost-sports.com\/boutique\/wp-content\/uploads\/2024\/08\/111.jpg","datePublished":"2024-08-26T08:02:59+00:00","dateModified":"2024-08-26T08:03:00+00:00","breadcrumb":{"@id":"https:\/\/www.pruvost-sports.com\/boutique\/produit\/horloge-analogique-etanche-radio-pilotee-aluminium-o-90-cm-alim-pile\/#breadcrumb"},"inLanguage":"fr-FR","potentialAction":[{"@type":"ReadAction","target":["https:\/\/www.pruvost-sports.com\/boutique\/produit\/horloge-analogique-etanche-radio-pilotee-aluminium-o-90-cm-alim-pile\/"]}]},{"@type":"ImageObject","inLanguage":"fr-FR","@id":"https:\/\/www.pruvost-sports.com\/boutique\/produit\/horloge-analogique-etanche-radio-pilotee-aluminium-o-90-cm-alim-pile\/#primaryimage","url":"https:\/\/www.pruvost-sports.com\/boutique\/wp-content\/uploads\/2024\/08\/111.jpg","contentUrl":"https:\/\/www.pruvost-sports.com\/boutique\/wp-content\/uploads\/2024\/08\/111.jpg","width":800,"height":800},{"@type":"BreadcrumbList","@id":"https:\/\/www.pruvost-sports.com\/boutique\/produit\/horloge-analogique-etanche-radio-pilotee-aluminium-o-90-cm-alim-pile\/#breadcrumb","itemListElement":[{"@type":"ListItem","position":1,"name":"Accueil","item":"https:\/\/www.pruvost-sports.com\/boutique\/"},{"@type":"ListItem","position":2,"name":"Boutique","item":"https:\/\/www.pruvost-sports.com\/boutique\/boutique\/"},{"@type":"ListItem","position":3,"name":"Horloge analogique \u00e9tanche &#8211; radio-pilot\u00e9e &#8211; Aluminium &#8211; \u00d8 90 cm &#8211; Alim : pile"}]},{"@type":"WebSite","@id":"https:\/\/www.pruvost-sports.com\/boutique\/#website","url":"https:\/\/www.pruvost-sports.com\/boutique\/","name":"Pruvost sport piscine","description":"","potentialAction":[{"@type":"SearchAction","target":{"@type":"EntryPoint","urlTemplate":"https:\/\/www.pruvost-sports.com\/boutique\/?s={search_term_string}"},"query-input":{"@type":"PropertyValueSpecification","valueRequired":true,"valueName":"search_term_string"}}],"inLanguage":"fr-FR"}]}},"_links":{"self":[{"href":"https:\/\/www.pruvost-sports.com\/boutique\/wp-json\/wp\/v2\/product\/8278","targetHints":{"allow":["GET"]}}],"collection":[{"href":"https:\/\/www.pruvost-sports.com\/boutique\/wp-json\/wp\/v2\/product"}],"about":[{"href":"https:\/\/www.pruvost-sports.com\/boutique\/wp-json\/wp\/v2\/types\/product"}],"wp:featuredmedia":[{"embeddable":true,"href":"https:\/\/www.pruvost-sports.com\/boutique\/wp-json\/wp\/v2\/media\/8279"}],"wp:attachment":[{"href":"https:\/\/www.pruvost-sports.com\/boutique\/wp-json\/wp\/v2\/media?parent=8278"}],"wp:term":[{"taxonomy":"product_brand","embeddable":true,"href":"https:\/\/www.pruvost-sports.com\/boutique\/wp-json\/wp\/v2\/product_brand?post=8278"},{"taxonomy":"product_cat","embeddable":true,"href":"https:\/\/www.pruvost-sports.com\/boutique\/wp-json\/wp\/v2\/product_cat?post=8278"},{"taxonomy":"product_tag","embeddable":true,"href":"https:\/\/www.pruvost-sports.com\/boutique\/wp-json\/wp\/v2\/product_tag?post=8278"}],"curies":[{"name":"wp","href":"https:\/\/api.w.org\/{rel}","templated":true}]}}