{"id":6253,"date":"2023-07-25T16:47:38","date_gmt":"2023-07-25T14:47:38","guid":{"rendered":"https:\/\/www.pruvost-sports.com\/boutique\/?product=base-avec-ancre-pour-plot-de-depart-700mm"},"modified":"2024-09-24T15:21:27","modified_gmt":"2024-09-24T13:21:27","slug":"base-avec-ancre-pour-plot-de-depart-700mm","status":"publish","type":"product","link":"https:\/\/www.pruvost-sports.com\/boutique\/produit\/base-avec-ancre-pour-plot-de-depart-700mm\/","title":{"rendered":"Base avec ancre pour plot de d\u00e9part 700mm"},"content":{"rendered":"<p id=\"tw-target-text\" class=\"tw-data-text tw-text-large tw-ta\" dir=\"ltr\" style=\"text-align: left;\" data-placeholder=\"Traduction\"><span class=\"Y2IQFc\" lang=\"fr\">R\u00e9tractable. Vis et \u00e9crous en acier inoxydable AISI316, pour maintenir les blocs de d\u00e9part de 700 mm.\u00a0<\/span><\/p>\n","protected":false},"excerpt":{"rendered":"<div class=\"oSioSc\">\n<div id=\"tw-target\">\n<div id=\"kAz1tf\" class=\"g9WsWb\">\n<div id=\"tw-target-text-container\" class=\"tw-ta-container F0azHf tw-nfl\" tabindex=\"0\">\n<p id=\"tw-target-text\" class=\"tw-data-text tw-text-large tw-ta\" dir=\"ltr\" style=\"text-align: left;\" data-placeholder=\"Traduction\"><span class=\"Y2IQFc\" lang=\"fr\">Base avec ancre pour plot de d\u00e9part 700mm<\/span><\/p>\n<p dir=\"ltr\" data-placeholder=\"Traduction\">Platine d&rsquo;ancrage inox 316 pour plot de d\u00e9part <a href=\"https:\/\/www.pruvost-sports.com\/boutique\/produit\/plot-de-depart-inox-700mm\/\">PDD5<\/a><\/p>\n<\/div>\n<\/div>\n<\/div>\n<\/div>\n","protected":false},"featured_media":6252,"template":"","meta":[],"product_brand":[],"product_cat":[2764],"product_tag":[2566,2567,2568],"class_list":{"0":"post-6253","1":"product","2":"type-product","3":"status-publish","4":"has-post-thumbnail","6":"product_cat-plot-de-depart","7":"product_tag-base-plot-de-depart","8":"product_tag-fixation-plot-de-depart","9":"product_tag-fixation-starting-block","11":"entry","12":"has-media","14":"first","15":"instock","16":"shipping-taxable","17":"purchasable","18":"product-type-simple","19":"col","20":"span_1_of_4","21":"owp-content-center","22":"owp-thumbs-layout-horizontal","23":"owp-btn-normal","24":"owp-tabs-layout-horizontal","25":"has-no-thumbnails"},"yoast_head":"<!-- This site is optimized with the Yoast SEO plugin v27.5 - https:\/\/yoast.com\/product\/yoast-seo-wordpress\/ -->\n<title>Fixation plot de d\u00e9part 700mm<\/title>\n<meta name=\"description\" content=\"Base avec ancre pour plot de d\u00e9part 700mm\" \/>\n<meta name=\"robots\" content=\"index, follow, max-snippet:-1, max-image-preview:large, max-video-preview:-1\" \/>\n<link rel=\"canonical\" href=\"https:\/\/www.pruvost-sports.com\/boutique\/produit\/base-avec-ancre-pour-plot-de-depart-700mm\/\" \/>\n<meta property=\"og:locale\" content=\"fr_FR\" \/>\n<meta property=\"og:type\" content=\"article\" \/>\n<meta property=\"og:title\" content=\"Fixation plot de d\u00e9part 700mm\" \/>\n<meta property=\"og:description\" content=\"Base avec ancre pour plot de d\u00e9part 700mm\" \/>\n<meta property=\"og:url\" content=\"https:\/\/www.pruvost-sports.com\/boutique\/produit\/base-avec-ancre-pour-plot-de-depart-700mm\/\" \/>\n<meta property=\"og:site_name\" content=\"Pruvost sport piscine\" \/>\n<meta property=\"article:modified_time\" content=\"2024-09-24T13:21:27+00:00\" \/>\n<meta property=\"og:image\" content=\"https:\/\/www.pruvost-sports.com\/boutique\/wp-content\/uploads\/2023\/07\/1840-Base-avec-ancre-pour-plot-de-depart-700mm.jpg\" \/>\n\t<meta property=\"og:image:width\" content=\"900\" \/>\n\t<meta property=\"og:image:height\" content=\"600\" \/>\n\t<meta property=\"og:image:type\" content=\"image\/jpeg\" \/>\n<meta name=\"twitter:card\" content=\"summary_large_image\" \/>\n<meta name=\"twitter:label1\" content=\"Dur\u00e9e de lecture estim\u00e9e\" \/>\n\t<meta name=\"twitter:data1\" content=\"1 minute\" \/>\n<script type=\"application\/ld+json\" class=\"yoast-schema-graph\">{\"@context\":\"https:\\\/\\\/schema.org\",\"@graph\":[{\"@type\":\"WebPage\",\"@id\":\"https:\\\/\\\/www.pruvost-sports.com\\\/boutique\\\/produit\\\/base-avec-ancre-pour-plot-de-depart-700mm\\\/\",\"url\":\"https:\\\/\\\/www.pruvost-sports.com\\\/boutique\\\/produit\\\/base-avec-ancre-pour-plot-de-depart-700mm\\\/\",\"name\":\"Fixation plot de d\u00e9part 700mm\",\"isPartOf\":{\"@id\":\"https:\\\/\\\/www.pruvost-sports.com\\\/boutique\\\/#website\"},\"primaryImageOfPage\":{\"@id\":\"https:\\\/\\\/www.pruvost-sports.com\\\/boutique\\\/produit\\\/base-avec-ancre-pour-plot-de-depart-700mm\\\/#primaryimage\"},\"image\":{\"@id\":\"https:\\\/\\\/www.pruvost-sports.com\\\/boutique\\\/produit\\\/base-avec-ancre-pour-plot-de-depart-700mm\\\/#primaryimage\"},\"thumbnailUrl\":\"https:\\\/\\\/www.pruvost-sports.com\\\/boutique\\\/wp-content\\\/uploads\\\/2023\\\/07\\\/1840-Base-avec-ancre-pour-plot-de-depart-700mm.jpg\",\"datePublished\":\"2023-07-25T14:47:38+00:00\",\"dateModified\":\"2024-09-24T13:21:27+00:00\",\"description\":\"Base avec ancre pour plot de d\u00e9part 700mm\",\"breadcrumb\":{\"@id\":\"https:\\\/\\\/www.pruvost-sports.com\\\/boutique\\\/produit\\\/base-avec-ancre-pour-plot-de-depart-700mm\\\/#breadcrumb\"},\"inLanguage\":\"fr-FR\",\"potentialAction\":[{\"@type\":\"ReadAction\",\"target\":[\"https:\\\/\\\/www.pruvost-sports.com\\\/boutique\\\/produit\\\/base-avec-ancre-pour-plot-de-depart-700mm\\\/\"]}]},{\"@type\":\"ImageObject\",\"inLanguage\":\"fr-FR\",\"@id\":\"https:\\\/\\\/www.pruvost-sports.com\\\/boutique\\\/produit\\\/base-avec-ancre-pour-plot-de-depart-700mm\\\/#primaryimage\",\"url\":\"https:\\\/\\\/www.pruvost-sports.com\\\/boutique\\\/wp-content\\\/uploads\\\/2023\\\/07\\\/1840-Base-avec-ancre-pour-plot-de-depart-700mm.jpg\",\"contentUrl\":\"https:\\\/\\\/www.pruvost-sports.com\\\/boutique\\\/wp-content\\\/uploads\\\/2023\\\/07\\\/1840-Base-avec-ancre-pour-plot-de-depart-700mm.jpg\",\"width\":900,\"height\":600,\"caption\":\"Base avec ancre pour plot de d\u00e9part 700mm\"},{\"@type\":\"BreadcrumbList\",\"@id\":\"https:\\\/\\\/www.pruvost-sports.com\\\/boutique\\\/produit\\\/base-avec-ancre-pour-plot-de-depart-700mm\\\/#breadcrumb\",\"itemListElement\":[{\"@type\":\"ListItem\",\"position\":1,\"name\":\"Accueil\",\"item\":\"https:\\\/\\\/www.pruvost-sports.com\\\/boutique\\\/\"},{\"@type\":\"ListItem\",\"position\":2,\"name\":\"Boutique\",\"item\":\"https:\\\/\\\/www.pruvost-sports.com\\\/boutique\\\/boutique\\\/\"},{\"@type\":\"ListItem\",\"position\":3,\"name\":\"Base avec ancre pour plot de d\u00e9part 700mm\"}]},{\"@type\":\"WebSite\",\"@id\":\"https:\\\/\\\/www.pruvost-sports.com\\\/boutique\\\/#website\",\"url\":\"https:\\\/\\\/www.pruvost-sports.com\\\/boutique\\\/\",\"name\":\"Pruvost sport piscine\",\"description\":\"\",\"potentialAction\":[{\"@type\":\"SearchAction\",\"target\":{\"@type\":\"EntryPoint\",\"urlTemplate\":\"https:\\\/\\\/www.pruvost-sports.com\\\/boutique\\\/?s={search_term_string}\"},\"query-input\":{\"@type\":\"PropertyValueSpecification\",\"valueRequired\":true,\"valueName\":\"search_term_string\"}}],\"inLanguage\":\"fr-FR\"}]}<\/script>\n<!-- \/ Yoast SEO plugin. -->","yoast_head_json":{"title":"Fixation plot de d\u00e9part 700mm","description":"Base avec ancre pour plot de d\u00e9part 700mm","robots":{"index":"index","follow":"follow","max-snippet":"max-snippet:-1","max-image-preview":"max-image-preview:large","max-video-preview":"max-video-preview:-1"},"canonical":"https:\/\/www.pruvost-sports.com\/boutique\/produit\/base-avec-ancre-pour-plot-de-depart-700mm\/","og_locale":"fr_FR","og_type":"article","og_title":"Fixation plot de d\u00e9part 700mm","og_description":"Base avec ancre pour plot de d\u00e9part 700mm","og_url":"https:\/\/www.pruvost-sports.com\/boutique\/produit\/base-avec-ancre-pour-plot-de-depart-700mm\/","og_site_name":"Pruvost sport piscine","article_modified_time":"2024-09-24T13:21:27+00:00","og_image":[{"width":900,"height":600,"url":"https:\/\/www.pruvost-sports.com\/boutique\/wp-content\/uploads\/2023\/07\/1840-Base-avec-ancre-pour-plot-de-depart-700mm.jpg","type":"image\/jpeg"}],"twitter_card":"summary_large_image","twitter_misc":{"Dur\u00e9e de lecture estim\u00e9e":"1 minute"},"schema":{"@context":"https:\/\/schema.org","@graph":[{"@type":"WebPage","@id":"https:\/\/www.pruvost-sports.com\/boutique\/produit\/base-avec-ancre-pour-plot-de-depart-700mm\/","url":"https:\/\/www.pruvost-sports.com\/boutique\/produit\/base-avec-ancre-pour-plot-de-depart-700mm\/","name":"Fixation plot de d\u00e9part 700mm","isPartOf":{"@id":"https:\/\/www.pruvost-sports.com\/boutique\/#website"},"primaryImageOfPage":{"@id":"https:\/\/www.pruvost-sports.com\/boutique\/produit\/base-avec-ancre-pour-plot-de-depart-700mm\/#primaryimage"},"image":{"@id":"https:\/\/www.pruvost-sports.com\/boutique\/produit\/base-avec-ancre-pour-plot-de-depart-700mm\/#primaryimage"},"thumbnailUrl":"https:\/\/www.pruvost-sports.com\/boutique\/wp-content\/uploads\/2023\/07\/1840-Base-avec-ancre-pour-plot-de-depart-700mm.jpg","datePublished":"2023-07-25T14:47:38+00:00","dateModified":"2024-09-24T13:21:27+00:00","description":"Base avec ancre pour plot de d\u00e9part 700mm","breadcrumb":{"@id":"https:\/\/www.pruvost-sports.com\/boutique\/produit\/base-avec-ancre-pour-plot-de-depart-700mm\/#breadcrumb"},"inLanguage":"fr-FR","potentialAction":[{"@type":"ReadAction","target":["https:\/\/www.pruvost-sports.com\/boutique\/produit\/base-avec-ancre-pour-plot-de-depart-700mm\/"]}]},{"@type":"ImageObject","inLanguage":"fr-FR","@id":"https:\/\/www.pruvost-sports.com\/boutique\/produit\/base-avec-ancre-pour-plot-de-depart-700mm\/#primaryimage","url":"https:\/\/www.pruvost-sports.com\/boutique\/wp-content\/uploads\/2023\/07\/1840-Base-avec-ancre-pour-plot-de-depart-700mm.jpg","contentUrl":"https:\/\/www.pruvost-sports.com\/boutique\/wp-content\/uploads\/2023\/07\/1840-Base-avec-ancre-pour-plot-de-depart-700mm.jpg","width":900,"height":600,"caption":"Base avec ancre pour plot de d\u00e9part 700mm"},{"@type":"BreadcrumbList","@id":"https:\/\/www.pruvost-sports.com\/boutique\/produit\/base-avec-ancre-pour-plot-de-depart-700mm\/#breadcrumb","itemListElement":[{"@type":"ListItem","position":1,"name":"Accueil","item":"https:\/\/www.pruvost-sports.com\/boutique\/"},{"@type":"ListItem","position":2,"name":"Boutique","item":"https:\/\/www.pruvost-sports.com\/boutique\/boutique\/"},{"@type":"ListItem","position":3,"name":"Base avec ancre pour plot de d\u00e9part 700mm"}]},{"@type":"WebSite","@id":"https:\/\/www.pruvost-sports.com\/boutique\/#website","url":"https:\/\/www.pruvost-sports.com\/boutique\/","name":"Pruvost sport piscine","description":"","potentialAction":[{"@type":"SearchAction","target":{"@type":"EntryPoint","urlTemplate":"https:\/\/www.pruvost-sports.com\/boutique\/?s={search_term_string}"},"query-input":{"@type":"PropertyValueSpecification","valueRequired":true,"valueName":"search_term_string"}}],"inLanguage":"fr-FR"}]}},"_links":{"self":[{"href":"https:\/\/www.pruvost-sports.com\/boutique\/wp-json\/wp\/v2\/product\/6253","targetHints":{"allow":["GET"]}}],"collection":[{"href":"https:\/\/www.pruvost-sports.com\/boutique\/wp-json\/wp\/v2\/product"}],"about":[{"href":"https:\/\/www.pruvost-sports.com\/boutique\/wp-json\/wp\/v2\/types\/product"}],"wp:featuredmedia":[{"embeddable":true,"href":"https:\/\/www.pruvost-sports.com\/boutique\/wp-json\/wp\/v2\/media\/6252"}],"wp:attachment":[{"href":"https:\/\/www.pruvost-sports.com\/boutique\/wp-json\/wp\/v2\/media?parent=6253"}],"wp:term":[{"taxonomy":"product_brand","embeddable":true,"href":"https:\/\/www.pruvost-sports.com\/boutique\/wp-json\/wp\/v2\/product_brand?post=6253"},{"taxonomy":"product_cat","embeddable":true,"href":"https:\/\/www.pruvost-sports.com\/boutique\/wp-json\/wp\/v2\/product_cat?post=6253"},{"taxonomy":"product_tag","embeddable":true,"href":"https:\/\/www.pruvost-sports.com\/boutique\/wp-json\/wp\/v2\/product_tag?post=6253"}],"curies":[{"name":"wp","href":"https:\/\/api.w.org\/{rel}","templated":true}]}}