{"id":5058,"date":"2018-07-27T09:21:21","date_gmt":"2018-07-27T07:21:21","guid":{"rendered":"https:\/\/www.pruvost-sports.com\/boutique\/?product=panneau-temperature-de-l-eau"},"modified":"2018-07-27T09:21:21","modified_gmt":"2018-07-27T07:21:21","slug":"panneau-temperature-de-l-eau","status":"publish","type":"product","link":"https:\/\/www.pruvost-sports.com\/boutique\/produit\/panneau-temperature-de-l-eau\/","title":{"rendered":"Panneau \u00ab\u00a0Temp\u00e9rature de l&rsquo;eau\u00a0\u00bb"},"content":{"rendered":"","protected":false},"excerpt":{"rendered":"<p>Panneau effa&ccedil;able<\/p>\n<p>Dimensions : 60 x 40 cm<\/p>\n","protected":false},"featured_media":5055,"template":"","meta":[],"product_brand":[],"product_cat":[69],"product_tag":[2272,2271,2269,2270],"class_list":{"0":"post-5058","1":"product","2":"type-product","3":"status-publish","4":"has-post-thumbnail","6":"product_cat-signaletique","7":"product_tag-inscription-temperature-piscine","8":"product_tag-panneau-effacable","9":"product_tag-panneau-temperature","10":"product_tag-panneau-temperature-de-leau","12":"entry","13":"has-media","15":"first","16":"instock","17":"shipping-taxable","18":"purchasable","19":"product-type-simple","20":"col","21":"span_1_of_4","22":"owp-content-center","23":"owp-thumbs-layout-horizontal","24":"owp-btn-normal","25":"owp-tabs-layout-horizontal"},"yoast_head":"<!-- This site is optimized with the Yoast SEO plugin v27.5 - https:\/\/yoast.com\/product\/yoast-seo-wordpress\/ -->\n<title>Panneau Temp\u00e9rature bassin effa\u00e7able<\/title>\n<meta name=\"description\" content=\"Panneau temp\u00e9rature de l&#039;eau temp\u00e9rature bassin effa\u00e7able\" \/>\n<meta name=\"robots\" content=\"index, follow, max-snippet:-1, max-image-preview:large, max-video-preview:-1\" \/>\n<link rel=\"canonical\" href=\"https:\/\/www.pruvost-sports.com\/boutique\/produit\/panneau-temperature-de-l-eau\/\" \/>\n<meta property=\"og:locale\" content=\"fr_FR\" \/>\n<meta property=\"og:type\" content=\"article\" \/>\n<meta property=\"og:title\" content=\"Panneau Temp\u00e9rature bassin effa\u00e7able\" \/>\n<meta property=\"og:description\" content=\"Panneau temp\u00e9rature de l&#039;eau temp\u00e9rature bassin effa\u00e7able\" \/>\n<meta property=\"og:url\" content=\"https:\/\/www.pruvost-sports.com\/boutique\/produit\/panneau-temperature-de-l-eau\/\" \/>\n<meta property=\"og:site_name\" content=\"Pruvost sport piscine\" \/>\n<meta property=\"og:image\" content=\"https:\/\/www.pruvost-sports.com\/boutique\/wp-content\/uploads\/2018\/07\/1502-Panneau-Temperature-de-leau.jpg\" \/>\n\t<meta property=\"og:image:width\" content=\"1632\" \/>\n\t<meta property=\"og:image:height\" content=\"1224\" \/>\n\t<meta property=\"og:image:type\" content=\"image\/jpeg\" \/>\n<meta name=\"twitter:card\" content=\"summary_large_image\" \/>\n<script type=\"application\/ld+json\" class=\"yoast-schema-graph\">{\"@context\":\"https:\\\/\\\/schema.org\",\"@graph\":[{\"@type\":\"WebPage\",\"@id\":\"https:\\\/\\\/www.pruvost-sports.com\\\/boutique\\\/produit\\\/panneau-temperature-de-l-eau\\\/\",\"url\":\"https:\\\/\\\/www.pruvost-sports.com\\\/boutique\\\/produit\\\/panneau-temperature-de-l-eau\\\/\",\"name\":\"Panneau Temp\u00e9rature bassin effa\u00e7able\",\"isPartOf\":{\"@id\":\"https:\\\/\\\/www.pruvost-sports.com\\\/boutique\\\/#website\"},\"primaryImageOfPage\":{\"@id\":\"https:\\\/\\\/www.pruvost-sports.com\\\/boutique\\\/produit\\\/panneau-temperature-de-l-eau\\\/#primaryimage\"},\"image\":{\"@id\":\"https:\\\/\\\/www.pruvost-sports.com\\\/boutique\\\/produit\\\/panneau-temperature-de-l-eau\\\/#primaryimage\"},\"thumbnailUrl\":\"https:\\\/\\\/www.pruvost-sports.com\\\/boutique\\\/wp-content\\\/uploads\\\/2018\\\/07\\\/1502-Panneau-Temperature-de-leau.jpg\",\"datePublished\":\"2018-07-27T07:21:21+00:00\",\"description\":\"Panneau temp\u00e9rature de l'eau temp\u00e9rature bassin effa\u00e7able\",\"breadcrumb\":{\"@id\":\"https:\\\/\\\/www.pruvost-sports.com\\\/boutique\\\/produit\\\/panneau-temperature-de-l-eau\\\/#breadcrumb\"},\"inLanguage\":\"fr-FR\",\"potentialAction\":[{\"@type\":\"ReadAction\",\"target\":[\"https:\\\/\\\/www.pruvost-sports.com\\\/boutique\\\/produit\\\/panneau-temperature-de-l-eau\\\/\"]}]},{\"@type\":\"ImageObject\",\"inLanguage\":\"fr-FR\",\"@id\":\"https:\\\/\\\/www.pruvost-sports.com\\\/boutique\\\/produit\\\/panneau-temperature-de-l-eau\\\/#primaryimage\",\"url\":\"https:\\\/\\\/www.pruvost-sports.com\\\/boutique\\\/wp-content\\\/uploads\\\/2018\\\/07\\\/1502-Panneau-Temperature-de-leau.jpg\",\"contentUrl\":\"https:\\\/\\\/www.pruvost-sports.com\\\/boutique\\\/wp-content\\\/uploads\\\/2018\\\/07\\\/1502-Panneau-Temperature-de-leau.jpg\",\"width\":1500,\"height\":1125,\"caption\":\"Panneau \\\"Temp\u00e9rature de l'eau\\\"\"},{\"@type\":\"BreadcrumbList\",\"@id\":\"https:\\\/\\\/www.pruvost-sports.com\\\/boutique\\\/produit\\\/panneau-temperature-de-l-eau\\\/#breadcrumb\",\"itemListElement\":[{\"@type\":\"ListItem\",\"position\":1,\"name\":\"Accueil\",\"item\":\"https:\\\/\\\/www.pruvost-sports.com\\\/boutique\\\/\"},{\"@type\":\"ListItem\",\"position\":2,\"name\":\"Boutique\",\"item\":\"https:\\\/\\\/www.pruvost-sports.com\\\/boutique\\\/boutique\\\/\"},{\"@type\":\"ListItem\",\"position\":3,\"name\":\"Panneau \u00ab\u00a0Temp\u00e9rature de l&rsquo;eau\u00a0\u00bb\"}]},{\"@type\":\"WebSite\",\"@id\":\"https:\\\/\\\/www.pruvost-sports.com\\\/boutique\\\/#website\",\"url\":\"https:\\\/\\\/www.pruvost-sports.com\\\/boutique\\\/\",\"name\":\"Pruvost sport piscine\",\"description\":\"\",\"potentialAction\":[{\"@type\":\"SearchAction\",\"target\":{\"@type\":\"EntryPoint\",\"urlTemplate\":\"https:\\\/\\\/www.pruvost-sports.com\\\/boutique\\\/?s={search_term_string}\"},\"query-input\":{\"@type\":\"PropertyValueSpecification\",\"valueRequired\":true,\"valueName\":\"search_term_string\"}}],\"inLanguage\":\"fr-FR\"}]}<\/script>\n<!-- \/ Yoast SEO plugin. -->","yoast_head_json":{"title":"Panneau Temp\u00e9rature bassin effa\u00e7able","description":"Panneau temp\u00e9rature de l'eau temp\u00e9rature bassin effa\u00e7able","robots":{"index":"index","follow":"follow","max-snippet":"max-snippet:-1","max-image-preview":"max-image-preview:large","max-video-preview":"max-video-preview:-1"},"canonical":"https:\/\/www.pruvost-sports.com\/boutique\/produit\/panneau-temperature-de-l-eau\/","og_locale":"fr_FR","og_type":"article","og_title":"Panneau Temp\u00e9rature bassin effa\u00e7able","og_description":"Panneau temp\u00e9rature de l'eau temp\u00e9rature bassin effa\u00e7able","og_url":"https:\/\/www.pruvost-sports.com\/boutique\/produit\/panneau-temperature-de-l-eau\/","og_site_name":"Pruvost sport piscine","og_image":[{"width":1632,"height":1224,"url":"https:\/\/www.pruvost-sports.com\/boutique\/wp-content\/uploads\/2018\/07\/1502-Panneau-Temperature-de-leau.jpg","type":"image\/jpeg"}],"twitter_card":"summary_large_image","schema":{"@context":"https:\/\/schema.org","@graph":[{"@type":"WebPage","@id":"https:\/\/www.pruvost-sports.com\/boutique\/produit\/panneau-temperature-de-l-eau\/","url":"https:\/\/www.pruvost-sports.com\/boutique\/produit\/panneau-temperature-de-l-eau\/","name":"Panneau Temp\u00e9rature bassin effa\u00e7able","isPartOf":{"@id":"https:\/\/www.pruvost-sports.com\/boutique\/#website"},"primaryImageOfPage":{"@id":"https:\/\/www.pruvost-sports.com\/boutique\/produit\/panneau-temperature-de-l-eau\/#primaryimage"},"image":{"@id":"https:\/\/www.pruvost-sports.com\/boutique\/produit\/panneau-temperature-de-l-eau\/#primaryimage"},"thumbnailUrl":"https:\/\/www.pruvost-sports.com\/boutique\/wp-content\/uploads\/2018\/07\/1502-Panneau-Temperature-de-leau.jpg","datePublished":"2018-07-27T07:21:21+00:00","description":"Panneau temp\u00e9rature de l'eau temp\u00e9rature bassin effa\u00e7able","breadcrumb":{"@id":"https:\/\/www.pruvost-sports.com\/boutique\/produit\/panneau-temperature-de-l-eau\/#breadcrumb"},"inLanguage":"fr-FR","potentialAction":[{"@type":"ReadAction","target":["https:\/\/www.pruvost-sports.com\/boutique\/produit\/panneau-temperature-de-l-eau\/"]}]},{"@type":"ImageObject","inLanguage":"fr-FR","@id":"https:\/\/www.pruvost-sports.com\/boutique\/produit\/panneau-temperature-de-l-eau\/#primaryimage","url":"https:\/\/www.pruvost-sports.com\/boutique\/wp-content\/uploads\/2018\/07\/1502-Panneau-Temperature-de-leau.jpg","contentUrl":"https:\/\/www.pruvost-sports.com\/boutique\/wp-content\/uploads\/2018\/07\/1502-Panneau-Temperature-de-leau.jpg","width":1500,"height":1125,"caption":"Panneau \"Temp\u00e9rature de l'eau\""},{"@type":"BreadcrumbList","@id":"https:\/\/www.pruvost-sports.com\/boutique\/produit\/panneau-temperature-de-l-eau\/#breadcrumb","itemListElement":[{"@type":"ListItem","position":1,"name":"Accueil","item":"https:\/\/www.pruvost-sports.com\/boutique\/"},{"@type":"ListItem","position":2,"name":"Boutique","item":"https:\/\/www.pruvost-sports.com\/boutique\/boutique\/"},{"@type":"ListItem","position":3,"name":"Panneau \u00ab\u00a0Temp\u00e9rature de l&rsquo;eau\u00a0\u00bb"}]},{"@type":"WebSite","@id":"https:\/\/www.pruvost-sports.com\/boutique\/#website","url":"https:\/\/www.pruvost-sports.com\/boutique\/","name":"Pruvost sport piscine","description":"","potentialAction":[{"@type":"SearchAction","target":{"@type":"EntryPoint","urlTemplate":"https:\/\/www.pruvost-sports.com\/boutique\/?s={search_term_string}"},"query-input":{"@type":"PropertyValueSpecification","valueRequired":true,"valueName":"search_term_string"}}],"inLanguage":"fr-FR"}]}},"_links":{"self":[{"href":"https:\/\/www.pruvost-sports.com\/boutique\/wp-json\/wp\/v2\/product\/5058","targetHints":{"allow":["GET"]}}],"collection":[{"href":"https:\/\/www.pruvost-sports.com\/boutique\/wp-json\/wp\/v2\/product"}],"about":[{"href":"https:\/\/www.pruvost-sports.com\/boutique\/wp-json\/wp\/v2\/types\/product"}],"wp:featuredmedia":[{"embeddable":true,"href":"https:\/\/www.pruvost-sports.com\/boutique\/wp-json\/wp\/v2\/media\/5055"}],"wp:attachment":[{"href":"https:\/\/www.pruvost-sports.com\/boutique\/wp-json\/wp\/v2\/media?parent=5058"}],"wp:term":[{"taxonomy":"product_brand","embeddable":true,"href":"https:\/\/www.pruvost-sports.com\/boutique\/wp-json\/wp\/v2\/product_brand?post=5058"},{"taxonomy":"product_cat","embeddable":true,"href":"https:\/\/www.pruvost-sports.com\/boutique\/wp-json\/wp\/v2\/product_cat?post=5058"},{"taxonomy":"product_tag","embeddable":true,"href":"https:\/\/www.pruvost-sports.com\/boutique\/wp-json\/wp\/v2\/product_tag?post=5058"}],"curies":[{"name":"wp","href":"https:\/\/api.w.org\/{rel}","templated":true}]}}