{"id":4904,"date":"2017-10-31T15:58:23","date_gmt":"2017-10-31T14:58:23","guid":{"rendered":"https:\/\/www.pruvost-sports.com\/boutique\/?product=sac-oxygenotherapie-3-sacoches"},"modified":"2017-10-31T15:58:23","modified_gmt":"2017-10-31T14:58:23","slug":"sac-oxygenotherapie-3-sacoches","status":"publish","type":"product","link":"https:\/\/www.pruvost-sports.com\/boutique\/produit\/sac-oxygenotherapie-3-sacoches\/","title":{"rendered":"Sac oxyg\u00e9noth\u00e9rapie 3 sacoches"},"content":{"rendered":"<p>B&acirc;che arm&eacute;e bleue haute r&eacute;sistance (R&eacute;sistance &agrave; la traction : 270 kg) avec &acirc;me textile interne en polyester 1000 deniers&nbsp; (&eacute;paisseur : 0,6 mm \/ 650 gr\/m&sup2;).<br \/>Garniture interne en mousse anti-choc PE de 3 mm.<br \/>Fermetures &agrave; glissi&egrave;re YKK&reg; surdimensionn&eacute;es (jauge 8-10) avec tirette de pr&eacute;hension.&nbsp;<br \/>2 Fen&ecirc;tres de visualisation du d&eacute;tendeur en fa&ccedil;ade et sur la face sup&eacute;rieure<br \/>1 &oelig;illet pour le passage de la tubulure oxyg&egrave;ne<br \/>Bandes r&eacute;fl&eacute;chissantes horizontales, en fa&ccedil;ade et lat&eacute;rales haute luminosit&eacute;<br \/>Poign&eacute;es de portage sur toutes les sacoches<br \/>Fourreau int&eacute;rieur semi-rigide pour maintien de la bouteille avec sangle r&eacute;glable en partie haute<br \/>Harnais de portage dorsal et ceinture ventrale matelass&eacute;s (mousse haute densit&eacute;) et confortables avec sacoche pour mobile int&eacute;gr&eacute;e&nbsp;<br \/>Porte &eacute;tiquette d&rsquo;identification en fa&ccedil;ade<br \/>4 patins r&eacute;sistants mont&eacute;s sur platine m&eacute;tallique ext&eacute;rieure de maintien&nbsp;<br \/>Dispositif h&eacute;litreuillable<br \/>3 sacoches lat&eacute;rales amovibles permettant un armement complet du sac (DAE, colliers, sondes et petits &eacute;quipements)<br \/>Fixation des sacoches lat&eacute;rales sur le compartiment central gr&acirc;ce &agrave; des boucles haute r&eacute;sistance&nbsp;<br \/>Sacoche lat&eacute;rale gauche : 6 &eacute;lastiques et 2 filets (dimensions : hauteur 63 cm, largeur 8,5 cm, profondeur 25 cm)<br \/>Sacoches lat&eacute;rales droites : (dimensions : hauteur 31 cm, largeur 8,5 cm, profondeur 25 cm)<br \/>Compartiment central : 2 sangles, 1 filet et 7 &eacute;lastiques dont 3 sur la fa&ccedil;ade interne. (dimensions : hauteur 70 cm, largeur 21 cm, profondeur 25 cm)<br \/>Dimensions hors tout : hauteur 72 cm, largeur 38 cm, profondeur 25 cm<br \/>Contenance : 70 litres<br \/>Poids 5,36 kg<\/p>\n","protected":false},"excerpt":{"rendered":"<p>B&acirc;che arm&eacute;e bleue haute r&eacute;sistance (R&eacute;sistance &agrave; la traction : 270 kg) avec &acirc;me textile interne en polyester 1000 deniers&nbsp; (&eacute;paisseur : 0,6 mm \/ 650 gr\/m&sup2;).Garniture interne en mousse anti-choc PE de 3 mm.Fermetures &agrave; glissi&egrave;re YKK&reg; surdimensionn&eacute;es (jauge 8-10) avec tirette de pr&eacute;hension.&nbsp;2 Fen&ecirc;tres de visualisation du d&eacute;tendeur en fa&ccedil;ade et sur la [&hellip;]<\/p>\n","protected":false},"featured_media":4903,"template":"","meta":[],"product_brand":[],"product_cat":[26],"product_tag":[2212,1914,2211],"class_list":{"0":"post-4904","1":"product","2":"type-product","3":"status-publish","4":"has-post-thumbnail","6":"product_cat-infirmerie","7":"product_tag-oxygenotherapie","8":"product_tag-sac-oxygenotherapie","9":"product_tag-sac-speedox-bag","11":"entry","12":"has-media","14":"first","15":"instock","16":"shipping-taxable","17":"purchasable","18":"product-type-simple","19":"col","20":"span_1_of_4","21":"owp-content-center","22":"owp-thumbs-layout-horizontal","23":"owp-btn-normal","24":"owp-tabs-layout-horizontal","25":"has-no-thumbnails"},"yoast_head":"<!-- This site is optimized with the Yoast SEO plugin v27.5 - https:\/\/yoast.com\/product\/yoast-seo-wordpress\/ -->\n<title>Sac Oxyg\u00e9noth\u00e9rapie 3 sacoches<\/title>\n<meta name=\"description\" content=\"Sac Oxyg\u00e9noth\u00e9rapie 3 sacoches\" \/>\n<meta name=\"robots\" content=\"index, follow, max-snippet:-1, max-image-preview:large, max-video-preview:-1\" \/>\n<link rel=\"canonical\" href=\"https:\/\/www.pruvost-sports.com\/boutique\/produit\/sac-oxygenotherapie-3-sacoches\/\" \/>\n<meta property=\"og:locale\" content=\"fr_FR\" \/>\n<meta property=\"og:type\" content=\"article\" \/>\n<meta property=\"og:title\" content=\"Sac Oxyg\u00e9noth\u00e9rapie 3 sacoches\" \/>\n<meta property=\"og:description\" content=\"Sac Oxyg\u00e9noth\u00e9rapie 3 sacoches\" \/>\n<meta property=\"og:url\" content=\"https:\/\/www.pruvost-sports.com\/boutique\/produit\/sac-oxygenotherapie-3-sacoches\/\" \/>\n<meta property=\"og:site_name\" content=\"Pruvost sport piscine\" \/>\n<meta property=\"og:image\" content=\"https:\/\/www.pruvost-sports.com\/boutique\/wp-content\/uploads\/2017\/10\/1435-Sac-oxygenotherapie-3-sacoches.jpg\" \/>\n\t<meta property=\"og:image:width\" content=\"500\" \/>\n\t<meta property=\"og:image:height\" content=\"745\" \/>\n\t<meta property=\"og:image:type\" content=\"image\/jpeg\" \/>\n<meta name=\"twitter:card\" content=\"summary_large_image\" \/>\n<meta name=\"twitter:label1\" content=\"Dur\u00e9e de lecture estim\u00e9e\" \/>\n\t<meta name=\"twitter:data1\" content=\"1 minute\" \/>\n<script type=\"application\/ld+json\" class=\"yoast-schema-graph\">{\"@context\":\"https:\\\/\\\/schema.org\",\"@graph\":[{\"@type\":\"WebPage\",\"@id\":\"https:\\\/\\\/www.pruvost-sports.com\\\/boutique\\\/produit\\\/sac-oxygenotherapie-3-sacoches\\\/\",\"url\":\"https:\\\/\\\/www.pruvost-sports.com\\\/boutique\\\/produit\\\/sac-oxygenotherapie-3-sacoches\\\/\",\"name\":\"Sac Oxyg\u00e9noth\u00e9rapie 3 sacoches\",\"isPartOf\":{\"@id\":\"https:\\\/\\\/www.pruvost-sports.com\\\/boutique\\\/#website\"},\"primaryImageOfPage\":{\"@id\":\"https:\\\/\\\/www.pruvost-sports.com\\\/boutique\\\/produit\\\/sac-oxygenotherapie-3-sacoches\\\/#primaryimage\"},\"image\":{\"@id\":\"https:\\\/\\\/www.pruvost-sports.com\\\/boutique\\\/produit\\\/sac-oxygenotherapie-3-sacoches\\\/#primaryimage\"},\"thumbnailUrl\":\"https:\\\/\\\/www.pruvost-sports.com\\\/boutique\\\/wp-content\\\/uploads\\\/2017\\\/10\\\/1435-Sac-oxygenotherapie-3-sacoches.jpg\",\"datePublished\":\"2017-10-31T14:58:23+00:00\",\"description\":\"Sac Oxyg\u00e9noth\u00e9rapie 3 sacoches\",\"breadcrumb\":{\"@id\":\"https:\\\/\\\/www.pruvost-sports.com\\\/boutique\\\/produit\\\/sac-oxygenotherapie-3-sacoches\\\/#breadcrumb\"},\"inLanguage\":\"fr-FR\",\"potentialAction\":[{\"@type\":\"ReadAction\",\"target\":[\"https:\\\/\\\/www.pruvost-sports.com\\\/boutique\\\/produit\\\/sac-oxygenotherapie-3-sacoches\\\/\"]}]},{\"@type\":\"ImageObject\",\"inLanguage\":\"fr-FR\",\"@id\":\"https:\\\/\\\/www.pruvost-sports.com\\\/boutique\\\/produit\\\/sac-oxygenotherapie-3-sacoches\\\/#primaryimage\",\"url\":\"https:\\\/\\\/www.pruvost-sports.com\\\/boutique\\\/wp-content\\\/uploads\\\/2017\\\/10\\\/1435-Sac-oxygenotherapie-3-sacoches.jpg\",\"contentUrl\":\"https:\\\/\\\/www.pruvost-sports.com\\\/boutique\\\/wp-content\\\/uploads\\\/2017\\\/10\\\/1435-Sac-oxygenotherapie-3-sacoches.jpg\",\"width\":500,\"height\":745,\"caption\":\"Sac oxyg\u00e9noth\u00e9rapie 3 sacoches\"},{\"@type\":\"BreadcrumbList\",\"@id\":\"https:\\\/\\\/www.pruvost-sports.com\\\/boutique\\\/produit\\\/sac-oxygenotherapie-3-sacoches\\\/#breadcrumb\",\"itemListElement\":[{\"@type\":\"ListItem\",\"position\":1,\"name\":\"Accueil\",\"item\":\"https:\\\/\\\/www.pruvost-sports.com\\\/boutique\\\/\"},{\"@type\":\"ListItem\",\"position\":2,\"name\":\"Boutique\",\"item\":\"https:\\\/\\\/www.pruvost-sports.com\\\/boutique\\\/boutique\\\/\"},{\"@type\":\"ListItem\",\"position\":3,\"name\":\"Sac oxyg\u00e9noth\u00e9rapie 3 sacoches\"}]},{\"@type\":\"WebSite\",\"@id\":\"https:\\\/\\\/www.pruvost-sports.com\\\/boutique\\\/#website\",\"url\":\"https:\\\/\\\/www.pruvost-sports.com\\\/boutique\\\/\",\"name\":\"Pruvost sport piscine\",\"description\":\"\",\"potentialAction\":[{\"@type\":\"SearchAction\",\"target\":{\"@type\":\"EntryPoint\",\"urlTemplate\":\"https:\\\/\\\/www.pruvost-sports.com\\\/boutique\\\/?s={search_term_string}\"},\"query-input\":{\"@type\":\"PropertyValueSpecification\",\"valueRequired\":true,\"valueName\":\"search_term_string\"}}],\"inLanguage\":\"fr-FR\"}]}<\/script>\n<!-- \/ Yoast SEO plugin. -->","yoast_head_json":{"title":"Sac Oxyg\u00e9noth\u00e9rapie 3 sacoches","description":"Sac Oxyg\u00e9noth\u00e9rapie 3 sacoches","robots":{"index":"index","follow":"follow","max-snippet":"max-snippet:-1","max-image-preview":"max-image-preview:large","max-video-preview":"max-video-preview:-1"},"canonical":"https:\/\/www.pruvost-sports.com\/boutique\/produit\/sac-oxygenotherapie-3-sacoches\/","og_locale":"fr_FR","og_type":"article","og_title":"Sac Oxyg\u00e9noth\u00e9rapie 3 sacoches","og_description":"Sac Oxyg\u00e9noth\u00e9rapie 3 sacoches","og_url":"https:\/\/www.pruvost-sports.com\/boutique\/produit\/sac-oxygenotherapie-3-sacoches\/","og_site_name":"Pruvost sport piscine","og_image":[{"width":500,"height":745,"url":"https:\/\/www.pruvost-sports.com\/boutique\/wp-content\/uploads\/2017\/10\/1435-Sac-oxygenotherapie-3-sacoches.jpg","type":"image\/jpeg"}],"twitter_card":"summary_large_image","twitter_misc":{"Dur\u00e9e de lecture estim\u00e9e":"1 minute"},"schema":{"@context":"https:\/\/schema.org","@graph":[{"@type":"WebPage","@id":"https:\/\/www.pruvost-sports.com\/boutique\/produit\/sac-oxygenotherapie-3-sacoches\/","url":"https:\/\/www.pruvost-sports.com\/boutique\/produit\/sac-oxygenotherapie-3-sacoches\/","name":"Sac Oxyg\u00e9noth\u00e9rapie 3 sacoches","isPartOf":{"@id":"https:\/\/www.pruvost-sports.com\/boutique\/#website"},"primaryImageOfPage":{"@id":"https:\/\/www.pruvost-sports.com\/boutique\/produit\/sac-oxygenotherapie-3-sacoches\/#primaryimage"},"image":{"@id":"https:\/\/www.pruvost-sports.com\/boutique\/produit\/sac-oxygenotherapie-3-sacoches\/#primaryimage"},"thumbnailUrl":"https:\/\/www.pruvost-sports.com\/boutique\/wp-content\/uploads\/2017\/10\/1435-Sac-oxygenotherapie-3-sacoches.jpg","datePublished":"2017-10-31T14:58:23+00:00","description":"Sac Oxyg\u00e9noth\u00e9rapie 3 sacoches","breadcrumb":{"@id":"https:\/\/www.pruvost-sports.com\/boutique\/produit\/sac-oxygenotherapie-3-sacoches\/#breadcrumb"},"inLanguage":"fr-FR","potentialAction":[{"@type":"ReadAction","target":["https:\/\/www.pruvost-sports.com\/boutique\/produit\/sac-oxygenotherapie-3-sacoches\/"]}]},{"@type":"ImageObject","inLanguage":"fr-FR","@id":"https:\/\/www.pruvost-sports.com\/boutique\/produit\/sac-oxygenotherapie-3-sacoches\/#primaryimage","url":"https:\/\/www.pruvost-sports.com\/boutique\/wp-content\/uploads\/2017\/10\/1435-Sac-oxygenotherapie-3-sacoches.jpg","contentUrl":"https:\/\/www.pruvost-sports.com\/boutique\/wp-content\/uploads\/2017\/10\/1435-Sac-oxygenotherapie-3-sacoches.jpg","width":500,"height":745,"caption":"Sac oxyg\u00e9noth\u00e9rapie 3 sacoches"},{"@type":"BreadcrumbList","@id":"https:\/\/www.pruvost-sports.com\/boutique\/produit\/sac-oxygenotherapie-3-sacoches\/#breadcrumb","itemListElement":[{"@type":"ListItem","position":1,"name":"Accueil","item":"https:\/\/www.pruvost-sports.com\/boutique\/"},{"@type":"ListItem","position":2,"name":"Boutique","item":"https:\/\/www.pruvost-sports.com\/boutique\/boutique\/"},{"@type":"ListItem","position":3,"name":"Sac oxyg\u00e9noth\u00e9rapie 3 sacoches"}]},{"@type":"WebSite","@id":"https:\/\/www.pruvost-sports.com\/boutique\/#website","url":"https:\/\/www.pruvost-sports.com\/boutique\/","name":"Pruvost sport piscine","description":"","potentialAction":[{"@type":"SearchAction","target":{"@type":"EntryPoint","urlTemplate":"https:\/\/www.pruvost-sports.com\/boutique\/?s={search_term_string}"},"query-input":{"@type":"PropertyValueSpecification","valueRequired":true,"valueName":"search_term_string"}}],"inLanguage":"fr-FR"}]}},"_links":{"self":[{"href":"https:\/\/www.pruvost-sports.com\/boutique\/wp-json\/wp\/v2\/product\/4904","targetHints":{"allow":["GET"]}}],"collection":[{"href":"https:\/\/www.pruvost-sports.com\/boutique\/wp-json\/wp\/v2\/product"}],"about":[{"href":"https:\/\/www.pruvost-sports.com\/boutique\/wp-json\/wp\/v2\/types\/product"}],"wp:featuredmedia":[{"embeddable":true,"href":"https:\/\/www.pruvost-sports.com\/boutique\/wp-json\/wp\/v2\/media\/4903"}],"wp:attachment":[{"href":"https:\/\/www.pruvost-sports.com\/boutique\/wp-json\/wp\/v2\/media?parent=4904"}],"wp:term":[{"taxonomy":"product_brand","embeddable":true,"href":"https:\/\/www.pruvost-sports.com\/boutique\/wp-json\/wp\/v2\/product_brand?post=4904"},{"taxonomy":"product_cat","embeddable":true,"href":"https:\/\/www.pruvost-sports.com\/boutique\/wp-json\/wp\/v2\/product_cat?post=4904"},{"taxonomy":"product_tag","embeddable":true,"href":"https:\/\/www.pruvost-sports.com\/boutique\/wp-json\/wp\/v2\/product_tag?post=4904"}],"curies":[{"name":"wp","href":"https:\/\/api.w.org\/{rel}","templated":true}]}}