{"id":4895,"date":"2017-10-31T14:46:59","date_gmt":"2017-10-31T13:46:59","guid":{"rendered":"https:\/\/www.pruvost-sports.com\/boutique\/?product=coffret-exterieur-pour-defibrillateur"},"modified":"2017-10-31T14:46:59","modified_gmt":"2017-10-31T13:46:59","slug":"coffret-exterieur-pour-defibrillateur","status":"publish","type":"product","link":"https:\/\/www.pruvost-sports.com\/boutique\/produit\/coffret-exterieur-pour-defibrillateur\/","title":{"rendered":"Coffret ext\u00e9rieur pour d\u00e9fibrillateur"},"content":{"rendered":"<p>S&rsquo;installe &agrave; l&rsquo;int&eacute;rieur ou &agrave; l&rsquo;ext&eacute;rieur des b&acirc;timents.<\/p>\n<p>Son capot en polycarbonate antichoc allie robustesse et esth&eacute;tique<\/p>\n<p>L&rsquo;ouverture du capot est libre ou contr&ocirc;l&eacute;e (en option : digicode, badge, clef, distante). L&rsquo;apposition de scell&eacute;s garantie la conformit&eacute;<\/p>\n<p>des &eacute;l&eacute;ments inclus. L&rsquo;absence de luminosit&eacute; active l&rsquo;&eacute;clairage interne du compartiment&nbsp;<span class=\"caps\">DAE<\/span>. Un portier t&eacute;l&eacute;phonique facilite l&rsquo;alerte aux services de secours et lui conf&egrave;re un statut de borne t&eacute;l&eacute;phonique d&rsquo;urgence. Une alarme sonore (sir&egrave;ne) s&rsquo;active automatiquement &agrave; l&rsquo;ouverture de la porte ou par retrait du&nbsp;<span class=\"caps\">DAE<\/span>&nbsp;(en fonction des mod&egrave;les). Le contr&ocirc;le de temp&eacute;rature est coupl&eacute; &agrave; un syst&egrave;me de chauffage pour assurer une temp&eacute;rature minimum.<\/p>\n<p>Dimensions : hauteur 58 cm, largeur 38 cm, profondeur 22 cm. Poids 6 Kg.<\/p>\n","protected":false},"excerpt":{"rendered":"<p>S&rsquo;installe &agrave; l&rsquo;int&eacute;rieur ou &agrave; l&rsquo;ext&eacute;rieur des b&acirc;timents. Son capot en polycarbonate antichoc allie robustesse et esth&eacute;tique L&rsquo;ouverture du capot est libre ou contr&ocirc;l&eacute;e (en option : digicode, badge, clef, distante). L&rsquo;apposition de scell&eacute;s garantie la conformit&eacute; des &eacute;l&eacute;ments inclus. L&rsquo;absence de luminosit&eacute; active l&rsquo;&eacute;clairage interne du compartiment&nbsp;DAE. Un portier t&eacute;l&eacute;phonique facilite l&rsquo;alerte aux services [&hellip;]<\/p>\n","protected":false},"featured_media":4894,"template":"","meta":[],"product_brand":[],"product_cat":[26],"product_tag":[2205,2206,2204],"class_list":{"0":"post-4895","1":"product","2":"type-product","3":"status-publish","4":"has-post-thumbnail","6":"product_cat-infirmerie","7":"product_tag-boitier-defibrillateur","8":"product_tag-coffre-defibrillateur","9":"product_tag-coffret-defibrillateur","11":"entry","12":"has-media","14":"first","15":"instock","16":"shipping-taxable","17":"purchasable","18":"product-type-simple","19":"col","20":"span_1_of_4","21":"owp-content-center","22":"owp-thumbs-layout-horizontal","23":"owp-btn-normal","24":"owp-tabs-layout-horizontal","25":"has-no-thumbnails"},"yoast_head":"<!-- This site is optimized with the Yoast SEO plugin v27.5 - https:\/\/yoast.com\/product\/yoast-seo-wordpress\/ -->\n<title>Coffret ext\u00e9rieur d\u00e9fibrillateur<\/title>\n<meta name=\"description\" content=\"Coffret ext\u00e9rieur d\u00e9fibrillateur\" \/>\n<meta name=\"robots\" content=\"index, follow, max-snippet:-1, max-image-preview:large, max-video-preview:-1\" \/>\n<link rel=\"canonical\" href=\"https:\/\/www.pruvost-sports.com\/boutique\/produit\/coffret-exterieur-pour-defibrillateur\/\" \/>\n<meta property=\"og:locale\" content=\"fr_FR\" \/>\n<meta property=\"og:type\" content=\"article\" \/>\n<meta property=\"og:title\" content=\"Coffret ext\u00e9rieur d\u00e9fibrillateur\" \/>\n<meta property=\"og:description\" content=\"Coffret ext\u00e9rieur d\u00e9fibrillateur\" \/>\n<meta property=\"og:url\" content=\"https:\/\/www.pruvost-sports.com\/boutique\/produit\/coffret-exterieur-pour-defibrillateur\/\" \/>\n<meta property=\"og:site_name\" content=\"Pruvost sport piscine\" \/>\n<meta property=\"og:image\" content=\"https:\/\/www.pruvost-sports.com\/boutique\/wp-content\/uploads\/2017\/10\/1432-Coffret-exterieur-pour-defibrillateur.jpg\" \/>\n\t<meta property=\"og:image:width\" content=\"453\" \/>\n\t<meta property=\"og:image:height\" content=\"500\" \/>\n\t<meta property=\"og:image:type\" content=\"image\/jpeg\" \/>\n<meta name=\"twitter:card\" content=\"summary_large_image\" \/>\n<meta name=\"twitter:label1\" content=\"Dur\u00e9e de lecture estim\u00e9e\" \/>\n\t<meta name=\"twitter:data1\" content=\"1 minute\" \/>\n<script type=\"application\/ld+json\" class=\"yoast-schema-graph\">{\"@context\":\"https:\\\/\\\/schema.org\",\"@graph\":[{\"@type\":\"WebPage\",\"@id\":\"https:\\\/\\\/www.pruvost-sports.com\\\/boutique\\\/produit\\\/coffret-exterieur-pour-defibrillateur\\\/\",\"url\":\"https:\\\/\\\/www.pruvost-sports.com\\\/boutique\\\/produit\\\/coffret-exterieur-pour-defibrillateur\\\/\",\"name\":\"Coffret ext\u00e9rieur d\u00e9fibrillateur\",\"isPartOf\":{\"@id\":\"https:\\\/\\\/www.pruvost-sports.com\\\/boutique\\\/#website\"},\"primaryImageOfPage\":{\"@id\":\"https:\\\/\\\/www.pruvost-sports.com\\\/boutique\\\/produit\\\/coffret-exterieur-pour-defibrillateur\\\/#primaryimage\"},\"image\":{\"@id\":\"https:\\\/\\\/www.pruvost-sports.com\\\/boutique\\\/produit\\\/coffret-exterieur-pour-defibrillateur\\\/#primaryimage\"},\"thumbnailUrl\":\"https:\\\/\\\/www.pruvost-sports.com\\\/boutique\\\/wp-content\\\/uploads\\\/2017\\\/10\\\/1432-Coffret-exterieur-pour-defibrillateur.jpg\",\"datePublished\":\"2017-10-31T13:46:59+00:00\",\"description\":\"Coffret ext\u00e9rieur d\u00e9fibrillateur\",\"breadcrumb\":{\"@id\":\"https:\\\/\\\/www.pruvost-sports.com\\\/boutique\\\/produit\\\/coffret-exterieur-pour-defibrillateur\\\/#breadcrumb\"},\"inLanguage\":\"fr-FR\",\"potentialAction\":[{\"@type\":\"ReadAction\",\"target\":[\"https:\\\/\\\/www.pruvost-sports.com\\\/boutique\\\/produit\\\/coffret-exterieur-pour-defibrillateur\\\/\"]}]},{\"@type\":\"ImageObject\",\"inLanguage\":\"fr-FR\",\"@id\":\"https:\\\/\\\/www.pruvost-sports.com\\\/boutique\\\/produit\\\/coffret-exterieur-pour-defibrillateur\\\/#primaryimage\",\"url\":\"https:\\\/\\\/www.pruvost-sports.com\\\/boutique\\\/wp-content\\\/uploads\\\/2017\\\/10\\\/1432-Coffret-exterieur-pour-defibrillateur.jpg\",\"contentUrl\":\"https:\\\/\\\/www.pruvost-sports.com\\\/boutique\\\/wp-content\\\/uploads\\\/2017\\\/10\\\/1432-Coffret-exterieur-pour-defibrillateur.jpg\",\"width\":453,\"height\":500,\"caption\":\"Coffret ext\u00e9rieur pour d\u00e9fibrillateur\"},{\"@type\":\"BreadcrumbList\",\"@id\":\"https:\\\/\\\/www.pruvost-sports.com\\\/boutique\\\/produit\\\/coffret-exterieur-pour-defibrillateur\\\/#breadcrumb\",\"itemListElement\":[{\"@type\":\"ListItem\",\"position\":1,\"name\":\"Accueil\",\"item\":\"https:\\\/\\\/www.pruvost-sports.com\\\/boutique\\\/\"},{\"@type\":\"ListItem\",\"position\":2,\"name\":\"Boutique\",\"item\":\"https:\\\/\\\/www.pruvost-sports.com\\\/boutique\\\/boutique\\\/\"},{\"@type\":\"ListItem\",\"position\":3,\"name\":\"Coffret ext\u00e9rieur pour d\u00e9fibrillateur\"}]},{\"@type\":\"WebSite\",\"@id\":\"https:\\\/\\\/www.pruvost-sports.com\\\/boutique\\\/#website\",\"url\":\"https:\\\/\\\/www.pruvost-sports.com\\\/boutique\\\/\",\"name\":\"Pruvost sport piscine\",\"description\":\"\",\"potentialAction\":[{\"@type\":\"SearchAction\",\"target\":{\"@type\":\"EntryPoint\",\"urlTemplate\":\"https:\\\/\\\/www.pruvost-sports.com\\\/boutique\\\/?s={search_term_string}\"},\"query-input\":{\"@type\":\"PropertyValueSpecification\",\"valueRequired\":true,\"valueName\":\"search_term_string\"}}],\"inLanguage\":\"fr-FR\"}]}<\/script>\n<!-- \/ Yoast SEO plugin. -->","yoast_head_json":{"title":"Coffret ext\u00e9rieur d\u00e9fibrillateur","description":"Coffret ext\u00e9rieur d\u00e9fibrillateur","robots":{"index":"index","follow":"follow","max-snippet":"max-snippet:-1","max-image-preview":"max-image-preview:large","max-video-preview":"max-video-preview:-1"},"canonical":"https:\/\/www.pruvost-sports.com\/boutique\/produit\/coffret-exterieur-pour-defibrillateur\/","og_locale":"fr_FR","og_type":"article","og_title":"Coffret ext\u00e9rieur d\u00e9fibrillateur","og_description":"Coffret ext\u00e9rieur d\u00e9fibrillateur","og_url":"https:\/\/www.pruvost-sports.com\/boutique\/produit\/coffret-exterieur-pour-defibrillateur\/","og_site_name":"Pruvost sport piscine","og_image":[{"width":453,"height":500,"url":"https:\/\/www.pruvost-sports.com\/boutique\/wp-content\/uploads\/2017\/10\/1432-Coffret-exterieur-pour-defibrillateur.jpg","type":"image\/jpeg"}],"twitter_card":"summary_large_image","twitter_misc":{"Dur\u00e9e de lecture estim\u00e9e":"1 minute"},"schema":{"@context":"https:\/\/schema.org","@graph":[{"@type":"WebPage","@id":"https:\/\/www.pruvost-sports.com\/boutique\/produit\/coffret-exterieur-pour-defibrillateur\/","url":"https:\/\/www.pruvost-sports.com\/boutique\/produit\/coffret-exterieur-pour-defibrillateur\/","name":"Coffret ext\u00e9rieur d\u00e9fibrillateur","isPartOf":{"@id":"https:\/\/www.pruvost-sports.com\/boutique\/#website"},"primaryImageOfPage":{"@id":"https:\/\/www.pruvost-sports.com\/boutique\/produit\/coffret-exterieur-pour-defibrillateur\/#primaryimage"},"image":{"@id":"https:\/\/www.pruvost-sports.com\/boutique\/produit\/coffret-exterieur-pour-defibrillateur\/#primaryimage"},"thumbnailUrl":"https:\/\/www.pruvost-sports.com\/boutique\/wp-content\/uploads\/2017\/10\/1432-Coffret-exterieur-pour-defibrillateur.jpg","datePublished":"2017-10-31T13:46:59+00:00","description":"Coffret ext\u00e9rieur d\u00e9fibrillateur","breadcrumb":{"@id":"https:\/\/www.pruvost-sports.com\/boutique\/produit\/coffret-exterieur-pour-defibrillateur\/#breadcrumb"},"inLanguage":"fr-FR","potentialAction":[{"@type":"ReadAction","target":["https:\/\/www.pruvost-sports.com\/boutique\/produit\/coffret-exterieur-pour-defibrillateur\/"]}]},{"@type":"ImageObject","inLanguage":"fr-FR","@id":"https:\/\/www.pruvost-sports.com\/boutique\/produit\/coffret-exterieur-pour-defibrillateur\/#primaryimage","url":"https:\/\/www.pruvost-sports.com\/boutique\/wp-content\/uploads\/2017\/10\/1432-Coffret-exterieur-pour-defibrillateur.jpg","contentUrl":"https:\/\/www.pruvost-sports.com\/boutique\/wp-content\/uploads\/2017\/10\/1432-Coffret-exterieur-pour-defibrillateur.jpg","width":453,"height":500,"caption":"Coffret ext\u00e9rieur pour d\u00e9fibrillateur"},{"@type":"BreadcrumbList","@id":"https:\/\/www.pruvost-sports.com\/boutique\/produit\/coffret-exterieur-pour-defibrillateur\/#breadcrumb","itemListElement":[{"@type":"ListItem","position":1,"name":"Accueil","item":"https:\/\/www.pruvost-sports.com\/boutique\/"},{"@type":"ListItem","position":2,"name":"Boutique","item":"https:\/\/www.pruvost-sports.com\/boutique\/boutique\/"},{"@type":"ListItem","position":3,"name":"Coffret ext\u00e9rieur pour d\u00e9fibrillateur"}]},{"@type":"WebSite","@id":"https:\/\/www.pruvost-sports.com\/boutique\/#website","url":"https:\/\/www.pruvost-sports.com\/boutique\/","name":"Pruvost sport piscine","description":"","potentialAction":[{"@type":"SearchAction","target":{"@type":"EntryPoint","urlTemplate":"https:\/\/www.pruvost-sports.com\/boutique\/?s={search_term_string}"},"query-input":{"@type":"PropertyValueSpecification","valueRequired":true,"valueName":"search_term_string"}}],"inLanguage":"fr-FR"}]}},"_links":{"self":[{"href":"https:\/\/www.pruvost-sports.com\/boutique\/wp-json\/wp\/v2\/product\/4895","targetHints":{"allow":["GET"]}}],"collection":[{"href":"https:\/\/www.pruvost-sports.com\/boutique\/wp-json\/wp\/v2\/product"}],"about":[{"href":"https:\/\/www.pruvost-sports.com\/boutique\/wp-json\/wp\/v2\/types\/product"}],"wp:featuredmedia":[{"embeddable":true,"href":"https:\/\/www.pruvost-sports.com\/boutique\/wp-json\/wp\/v2\/media\/4894"}],"wp:attachment":[{"href":"https:\/\/www.pruvost-sports.com\/boutique\/wp-json\/wp\/v2\/media?parent=4895"}],"wp:term":[{"taxonomy":"product_brand","embeddable":true,"href":"https:\/\/www.pruvost-sports.com\/boutique\/wp-json\/wp\/v2\/product_brand?post=4895"},{"taxonomy":"product_cat","embeddable":true,"href":"https:\/\/www.pruvost-sports.com\/boutique\/wp-json\/wp\/v2\/product_cat?post=4895"},{"taxonomy":"product_tag","embeddable":true,"href":"https:\/\/www.pruvost-sports.com\/boutique\/wp-json\/wp\/v2\/product_tag?post=4895"}],"curies":[{"name":"wp","href":"https:\/\/api.w.org\/{rel}","templated":true}]}}