{"id":4655,"date":"2017-10-17T14:02:04","date_gmt":"2017-10-17T12:02:04","guid":{"rendered":"https:\/\/www.pruvost-sports.com\/boutique\/?product=sac-oxygenotherapie-avec-poche-dae"},"modified":"2017-10-17T14:02:04","modified_gmt":"2017-10-17T12:02:04","slug":"sac-oxygenotherapie-avec-poche-dae","status":"publish","type":"product","link":"https:\/\/www.pruvost-sports.com\/boutique\/produit\/sac-oxygenotherapie-avec-poche-dae\/","title":{"rendered":"Sac oxyg\u00e9noth\u00e9rapie avec poche DAE"},"content":{"rendered":"<p>Toile polyester 900 deniers.<br \/>&#8211; Fond du sac renforc&eacute; en b&acirc;che PVC.<br \/>&#8211; Fixation de bouteille par fourreau r&eacute;glable.&nbsp;<br \/>&#8211; Portage dos \/ houssable.&nbsp; (Bretelle avec mousse pour le confort de portage)<br \/>&#8211; Boucle de treuillage.&nbsp;<br \/>&#8211; Fen&ecirc;tres lat&eacute;rales en PVC pour visualisation du manom&egrave;tre de la bouteille.&nbsp;<br \/>&#8211; Livr&eacute; avec 2 pochettes de rangement amovibles (bleu et orange)&nbsp;<br \/>avec &eacute;tiquette scratch de personnalisation.&nbsp;<br \/>&#8211; Zips de qualit&eacute; (taille 10).&nbsp;<\/p>\n<p>Dimensions : (L)68 x (l)29 x (P)24 cm<\/p>\n","protected":false},"excerpt":{"rendered":"<p>Sac m&eacute;dical d&rsquo;intervention et de secours&nbsp;pour le transport d&rsquo;une bouteille de 5l, c&acirc;l&eacute;e et sangl&eacute;e.&nbsp;<br \/>Sac enti&egrave;rement mouss&eacute;.<br \/>Ouverture frontale rapide gr&acirc;ce &agrave; une fermeture zipp&eacute;e.&nbsp;<br \/>Fa&ccedil;ade du sac ouvrable sur toute sa hauteur.&nbsp;<br \/>Bandes r&eacute;tro-r&eacute;fl&eacute;chissantes 3 M conformes &agrave; la norme EN 471.<br \/>Sac d&rsquo;oxyg&eacute;noth&eacute;rapie&nbsp;vendu avec&nbsp; poche DAE<\/p>\n","protected":false},"featured_media":4654,"template":"","meta":[],"product_brand":[],"product_cat":[26],"product_tag":[2066,2064,1913,1914,2065],"class_list":{"0":"post-4655","1":"product","2":"type-product","3":"status-publish","4":"has-post-thumbnail","6":"product_cat-infirmerie","7":"product_tag-sac-bouteille-oxygene","8":"product_tag-sac-dae","9":"product_tag-sac-o2","10":"product_tag-sac-oxygenotherapie","11":"product_tag-sac-oxygenotherapie-dae","13":"entry","14":"has-media","16":"first","17":"instock","18":"shipping-taxable","19":"purchasable","20":"product-type-simple","21":"col","22":"span_1_of_4","23":"owp-content-center","24":"owp-thumbs-layout-horizontal","25":"owp-btn-normal","26":"owp-tabs-layout-horizontal","27":"has-no-thumbnails"},"yoast_head":"<!-- This site is optimized with the Yoast SEO plugin v27.5 - https:\/\/yoast.com\/product\/yoast-seo-wordpress\/ -->\n<title>sac oxyg\u00e9noth\u00e9rapie sac 02 sac transport 02 sac DAE<\/title>\n<meta name=\"description\" content=\"Sac Oxyg\u00e9noth\u00e9rapie avec poche DAE\" \/>\n<meta name=\"robots\" content=\"index, follow, max-snippet:-1, max-image-preview:large, max-video-preview:-1\" \/>\n<link rel=\"canonical\" href=\"https:\/\/www.pruvost-sports.com\/boutique\/produit\/sac-oxygenotherapie-avec-poche-dae\/\" \/>\n<meta property=\"og:locale\" content=\"fr_FR\" \/>\n<meta property=\"og:type\" content=\"article\" \/>\n<meta property=\"og:title\" content=\"sac oxyg\u00e9noth\u00e9rapie sac 02 sac transport 02 sac DAE\" \/>\n<meta property=\"og:description\" content=\"Sac Oxyg\u00e9noth\u00e9rapie avec poche DAE\" \/>\n<meta property=\"og:url\" content=\"https:\/\/www.pruvost-sports.com\/boutique\/produit\/sac-oxygenotherapie-avec-poche-dae\/\" \/>\n<meta property=\"og:site_name\" content=\"Pruvost sport piscine\" \/>\n<meta property=\"og:image\" content=\"https:\/\/www.pruvost-sports.com\/boutique\/wp-content\/uploads\/2017\/10\/1359-Sac-oxygenotherapie-avec-poche-DAE.jpg\" \/>\n\t<meta property=\"og:image:width\" content=\"426\" \/>\n\t<meta property=\"og:image:height\" content=\"730\" \/>\n\t<meta property=\"og:image:type\" content=\"image\/jpeg\" \/>\n<meta name=\"twitter:card\" content=\"summary_large_image\" \/>\n<script type=\"application\/ld+json\" class=\"yoast-schema-graph\">{\"@context\":\"https:\\\/\\\/schema.org\",\"@graph\":[{\"@type\":\"WebPage\",\"@id\":\"https:\\\/\\\/www.pruvost-sports.com\\\/boutique\\\/produit\\\/sac-oxygenotherapie-avec-poche-dae\\\/\",\"url\":\"https:\\\/\\\/www.pruvost-sports.com\\\/boutique\\\/produit\\\/sac-oxygenotherapie-avec-poche-dae\\\/\",\"name\":\"sac oxyg\u00e9noth\u00e9rapie sac 02 sac transport 02 sac DAE\",\"isPartOf\":{\"@id\":\"https:\\\/\\\/www.pruvost-sports.com\\\/boutique\\\/#website\"},\"primaryImageOfPage\":{\"@id\":\"https:\\\/\\\/www.pruvost-sports.com\\\/boutique\\\/produit\\\/sac-oxygenotherapie-avec-poche-dae\\\/#primaryimage\"},\"image\":{\"@id\":\"https:\\\/\\\/www.pruvost-sports.com\\\/boutique\\\/produit\\\/sac-oxygenotherapie-avec-poche-dae\\\/#primaryimage\"},\"thumbnailUrl\":\"https:\\\/\\\/www.pruvost-sports.com\\\/boutique\\\/wp-content\\\/uploads\\\/2017\\\/10\\\/1359-Sac-oxygenotherapie-avec-poche-DAE.jpg\",\"datePublished\":\"2017-10-17T12:02:04+00:00\",\"description\":\"Sac Oxyg\u00e9noth\u00e9rapie avec poche DAE\",\"breadcrumb\":{\"@id\":\"https:\\\/\\\/www.pruvost-sports.com\\\/boutique\\\/produit\\\/sac-oxygenotherapie-avec-poche-dae\\\/#breadcrumb\"},\"inLanguage\":\"fr-FR\",\"potentialAction\":[{\"@type\":\"ReadAction\",\"target\":[\"https:\\\/\\\/www.pruvost-sports.com\\\/boutique\\\/produit\\\/sac-oxygenotherapie-avec-poche-dae\\\/\"]}]},{\"@type\":\"ImageObject\",\"inLanguage\":\"fr-FR\",\"@id\":\"https:\\\/\\\/www.pruvost-sports.com\\\/boutique\\\/produit\\\/sac-oxygenotherapie-avec-poche-dae\\\/#primaryimage\",\"url\":\"https:\\\/\\\/www.pruvost-sports.com\\\/boutique\\\/wp-content\\\/uploads\\\/2017\\\/10\\\/1359-Sac-oxygenotherapie-avec-poche-DAE.jpg\",\"contentUrl\":\"https:\\\/\\\/www.pruvost-sports.com\\\/boutique\\\/wp-content\\\/uploads\\\/2017\\\/10\\\/1359-Sac-oxygenotherapie-avec-poche-DAE.jpg\",\"width\":426,\"height\":730,\"caption\":\"Sac oxyg\u00e9noth\u00e9rapie avec poche DAE\"},{\"@type\":\"BreadcrumbList\",\"@id\":\"https:\\\/\\\/www.pruvost-sports.com\\\/boutique\\\/produit\\\/sac-oxygenotherapie-avec-poche-dae\\\/#breadcrumb\",\"itemListElement\":[{\"@type\":\"ListItem\",\"position\":1,\"name\":\"Accueil\",\"item\":\"https:\\\/\\\/www.pruvost-sports.com\\\/boutique\\\/\"},{\"@type\":\"ListItem\",\"position\":2,\"name\":\"Boutique\",\"item\":\"https:\\\/\\\/www.pruvost-sports.com\\\/boutique\\\/boutique\\\/\"},{\"@type\":\"ListItem\",\"position\":3,\"name\":\"Sac oxyg\u00e9noth\u00e9rapie avec poche DAE\"}]},{\"@type\":\"WebSite\",\"@id\":\"https:\\\/\\\/www.pruvost-sports.com\\\/boutique\\\/#website\",\"url\":\"https:\\\/\\\/www.pruvost-sports.com\\\/boutique\\\/\",\"name\":\"Pruvost sport piscine\",\"description\":\"\",\"potentialAction\":[{\"@type\":\"SearchAction\",\"target\":{\"@type\":\"EntryPoint\",\"urlTemplate\":\"https:\\\/\\\/www.pruvost-sports.com\\\/boutique\\\/?s={search_term_string}\"},\"query-input\":{\"@type\":\"PropertyValueSpecification\",\"valueRequired\":true,\"valueName\":\"search_term_string\"}}],\"inLanguage\":\"fr-FR\"}]}<\/script>\n<!-- \/ Yoast SEO plugin. -->","yoast_head_json":{"title":"sac oxyg\u00e9noth\u00e9rapie sac 02 sac transport 02 sac DAE","description":"Sac Oxyg\u00e9noth\u00e9rapie avec poche DAE","robots":{"index":"index","follow":"follow","max-snippet":"max-snippet:-1","max-image-preview":"max-image-preview:large","max-video-preview":"max-video-preview:-1"},"canonical":"https:\/\/www.pruvost-sports.com\/boutique\/produit\/sac-oxygenotherapie-avec-poche-dae\/","og_locale":"fr_FR","og_type":"article","og_title":"sac oxyg\u00e9noth\u00e9rapie sac 02 sac transport 02 sac DAE","og_description":"Sac Oxyg\u00e9noth\u00e9rapie avec poche DAE","og_url":"https:\/\/www.pruvost-sports.com\/boutique\/produit\/sac-oxygenotherapie-avec-poche-dae\/","og_site_name":"Pruvost sport piscine","og_image":[{"width":426,"height":730,"url":"https:\/\/www.pruvost-sports.com\/boutique\/wp-content\/uploads\/2017\/10\/1359-Sac-oxygenotherapie-avec-poche-DAE.jpg","type":"image\/jpeg"}],"twitter_card":"summary_large_image","schema":{"@context":"https:\/\/schema.org","@graph":[{"@type":"WebPage","@id":"https:\/\/www.pruvost-sports.com\/boutique\/produit\/sac-oxygenotherapie-avec-poche-dae\/","url":"https:\/\/www.pruvost-sports.com\/boutique\/produit\/sac-oxygenotherapie-avec-poche-dae\/","name":"sac oxyg\u00e9noth\u00e9rapie sac 02 sac transport 02 sac DAE","isPartOf":{"@id":"https:\/\/www.pruvost-sports.com\/boutique\/#website"},"primaryImageOfPage":{"@id":"https:\/\/www.pruvost-sports.com\/boutique\/produit\/sac-oxygenotherapie-avec-poche-dae\/#primaryimage"},"image":{"@id":"https:\/\/www.pruvost-sports.com\/boutique\/produit\/sac-oxygenotherapie-avec-poche-dae\/#primaryimage"},"thumbnailUrl":"https:\/\/www.pruvost-sports.com\/boutique\/wp-content\/uploads\/2017\/10\/1359-Sac-oxygenotherapie-avec-poche-DAE.jpg","datePublished":"2017-10-17T12:02:04+00:00","description":"Sac Oxyg\u00e9noth\u00e9rapie avec poche DAE","breadcrumb":{"@id":"https:\/\/www.pruvost-sports.com\/boutique\/produit\/sac-oxygenotherapie-avec-poche-dae\/#breadcrumb"},"inLanguage":"fr-FR","potentialAction":[{"@type":"ReadAction","target":["https:\/\/www.pruvost-sports.com\/boutique\/produit\/sac-oxygenotherapie-avec-poche-dae\/"]}]},{"@type":"ImageObject","inLanguage":"fr-FR","@id":"https:\/\/www.pruvost-sports.com\/boutique\/produit\/sac-oxygenotherapie-avec-poche-dae\/#primaryimage","url":"https:\/\/www.pruvost-sports.com\/boutique\/wp-content\/uploads\/2017\/10\/1359-Sac-oxygenotherapie-avec-poche-DAE.jpg","contentUrl":"https:\/\/www.pruvost-sports.com\/boutique\/wp-content\/uploads\/2017\/10\/1359-Sac-oxygenotherapie-avec-poche-DAE.jpg","width":426,"height":730,"caption":"Sac oxyg\u00e9noth\u00e9rapie avec poche DAE"},{"@type":"BreadcrumbList","@id":"https:\/\/www.pruvost-sports.com\/boutique\/produit\/sac-oxygenotherapie-avec-poche-dae\/#breadcrumb","itemListElement":[{"@type":"ListItem","position":1,"name":"Accueil","item":"https:\/\/www.pruvost-sports.com\/boutique\/"},{"@type":"ListItem","position":2,"name":"Boutique","item":"https:\/\/www.pruvost-sports.com\/boutique\/boutique\/"},{"@type":"ListItem","position":3,"name":"Sac oxyg\u00e9noth\u00e9rapie avec poche DAE"}]},{"@type":"WebSite","@id":"https:\/\/www.pruvost-sports.com\/boutique\/#website","url":"https:\/\/www.pruvost-sports.com\/boutique\/","name":"Pruvost sport piscine","description":"","potentialAction":[{"@type":"SearchAction","target":{"@type":"EntryPoint","urlTemplate":"https:\/\/www.pruvost-sports.com\/boutique\/?s={search_term_string}"},"query-input":{"@type":"PropertyValueSpecification","valueRequired":true,"valueName":"search_term_string"}}],"inLanguage":"fr-FR"}]}},"_links":{"self":[{"href":"https:\/\/www.pruvost-sports.com\/boutique\/wp-json\/wp\/v2\/product\/4655","targetHints":{"allow":["GET"]}}],"collection":[{"href":"https:\/\/www.pruvost-sports.com\/boutique\/wp-json\/wp\/v2\/product"}],"about":[{"href":"https:\/\/www.pruvost-sports.com\/boutique\/wp-json\/wp\/v2\/types\/product"}],"wp:featuredmedia":[{"embeddable":true,"href":"https:\/\/www.pruvost-sports.com\/boutique\/wp-json\/wp\/v2\/media\/4654"}],"wp:attachment":[{"href":"https:\/\/www.pruvost-sports.com\/boutique\/wp-json\/wp\/v2\/media?parent=4655"}],"wp:term":[{"taxonomy":"product_brand","embeddable":true,"href":"https:\/\/www.pruvost-sports.com\/boutique\/wp-json\/wp\/v2\/product_brand?post=4655"},{"taxonomy":"product_cat","embeddable":true,"href":"https:\/\/www.pruvost-sports.com\/boutique\/wp-json\/wp\/v2\/product_cat?post=4655"},{"taxonomy":"product_tag","embeddable":true,"href":"https:\/\/www.pruvost-sports.com\/boutique\/wp-json\/wp\/v2\/product_tag?post=4655"}],"curies":[{"name":"wp","href":"https:\/\/api.w.org\/{rel}","templated":true}]}}