{"id":4175,"date":"2016-09-07T12:16:44","date_gmt":"2016-09-07T10:16:44","guid":{"rendered":"https:\/\/www.pruvost-sports.com\/boutique\/?product=sac-oxygenotherapie-a-bandouliere"},"modified":"2016-09-07T12:16:44","modified_gmt":"2016-09-07T10:16:44","slug":"sac-oxygenotherapie-a-bandouliere","status":"publish","type":"product","link":"https:\/\/www.pruvost-sports.com\/boutique\/produit\/sac-oxygenotherapie-a-bandouliere\/","title":{"rendered":"Sac oxyg\u00e9noth\u00e9rapie \u00e0 bandouli\u00e8re"},"content":{"rendered":"<p>&#8211; 2 poches lat&eacute;rales sur toute la longueur avec sangles &eacute;lastiques pour maintien du mat&eacute;riel (taille suffisante pour colliers cervicaux),<br \/>&#8211; 10 pochettes int&eacute;rieures filet,<br \/>&#8211; 2 grandes poches filet sous rabat pour insufflateurs,<br \/>&#8211; 1 poche en extr&eacute;mit&eacute;,<br \/>&#8211; des poign&eacute;es pour portage &agrave; main et bandouli&egrave;re,<br \/>&#8211; Zips de marque YKK,<\/p>\n<p>Dimensions : L 72 x l 36 x H 24 cm.<\/p>\n","protected":false},"excerpt":{"rendered":"<p>Sac m&eacute;dical&nbsp;d&rsquo;oxyg&eacute;noth&eacute;rapie&nbsp;id&eacute;al pour les&nbsp;interventions de&nbsp;premiers secours&nbsp; sur les lieux recevant&nbsp;du public (stades, piscines, gymnases&#8230;)<\/p>\n<p>Sac en toile polyester 1000 deniers Cordura lavable, destin&eacute; &agrave; transporter le&nbsp;<a href=\"http:\/\/www.smsp.fr\/\" target=\"_self\" rel=\"noopener\">mat&eacute;riel m&eacute;dical<\/a>&nbsp;des professionnels&nbsp;du secourisme.<\/p>\n<p>Peut contenir une bouteille O&sup2; de 5 litres, y compris avec manom&eacute;trie int&eacute;gr&eacute;e.<\/p>\n","protected":false},"featured_media":4174,"template":"","meta":[],"product_brand":[],"product_cat":[26],"product_tag":[1920,1913,1914,1919,1917],"class_list":{"0":"post-4175","1":"product","2":"type-product","3":"status-publish","4":"has-post-thumbnail","6":"product_cat-infirmerie","7":"product_tag-sac-02-bandouliere","8":"product_tag-sac-o2","9":"product_tag-sac-oxygenotherapie","10":"product_tag-sac-oxygenotherapie-bandouliere","11":"product_tag-sac-transport-oxygene","13":"entry","14":"has-media","16":"first","17":"instock","18":"shipping-taxable","19":"purchasable","20":"product-type-simple","21":"col","22":"span_1_of_4","23":"owp-content-center","24":"owp-thumbs-layout-horizontal","25":"owp-btn-normal","26":"owp-tabs-layout-horizontal","27":"has-no-thumbnails"},"yoast_head":"<!-- This site is optimized with the Yoast SEO plugin v27.5 - https:\/\/yoast.com\/product\/yoast-seo-wordpress\/ -->\n<title>sac oxyg\u00e9noth\u00e9rapie sac 02 sac transport 02 sac DMT sac transport oxyg\u00e8ne bandouli\u00e8re<\/title>\n<meta name=\"description\" content=\"Sac Oxyg\u00e9noth\u00e9rapie bandouli\u00e8re\" \/>\n<meta name=\"robots\" content=\"index, follow, max-snippet:-1, max-image-preview:large, max-video-preview:-1\" \/>\n<link rel=\"canonical\" href=\"https:\/\/www.pruvost-sports.com\/boutique\/produit\/sac-oxygenotherapie-a-bandouliere\/\" \/>\n<meta property=\"og:locale\" content=\"fr_FR\" \/>\n<meta property=\"og:type\" content=\"article\" \/>\n<meta property=\"og:title\" content=\"sac oxyg\u00e9noth\u00e9rapie sac 02 sac transport 02 sac DMT sac transport oxyg\u00e8ne bandouli\u00e8re\" \/>\n<meta property=\"og:description\" content=\"Sac Oxyg\u00e9noth\u00e9rapie bandouli\u00e8re\" \/>\n<meta property=\"og:url\" content=\"https:\/\/www.pruvost-sports.com\/boutique\/produit\/sac-oxygenotherapie-a-bandouliere\/\" \/>\n<meta property=\"og:site_name\" content=\"Pruvost sport piscine\" \/>\n<meta property=\"og:image\" content=\"https:\/\/www.pruvost-sports.com\/boutique\/wp-content\/uploads\/2016\/09\/1150-Sac-oxygenotherapie-a-bandouliere.jpg\" \/>\n\t<meta property=\"og:image:width\" content=\"300\" \/>\n\t<meta property=\"og:image:height\" content=\"261\" \/>\n\t<meta property=\"og:image:type\" content=\"image\/jpeg\" \/>\n<meta name=\"twitter:card\" content=\"summary_large_image\" \/>\n<script type=\"application\/ld+json\" class=\"yoast-schema-graph\">{\"@context\":\"https:\\\/\\\/schema.org\",\"@graph\":[{\"@type\":\"WebPage\",\"@id\":\"https:\\\/\\\/www.pruvost-sports.com\\\/boutique\\\/produit\\\/sac-oxygenotherapie-a-bandouliere\\\/\",\"url\":\"https:\\\/\\\/www.pruvost-sports.com\\\/boutique\\\/produit\\\/sac-oxygenotherapie-a-bandouliere\\\/\",\"name\":\"sac oxyg\u00e9noth\u00e9rapie sac 02 sac transport 02 sac DMT sac transport oxyg\u00e8ne bandouli\u00e8re\",\"isPartOf\":{\"@id\":\"https:\\\/\\\/www.pruvost-sports.com\\\/boutique\\\/#website\"},\"primaryImageOfPage\":{\"@id\":\"https:\\\/\\\/www.pruvost-sports.com\\\/boutique\\\/produit\\\/sac-oxygenotherapie-a-bandouliere\\\/#primaryimage\"},\"image\":{\"@id\":\"https:\\\/\\\/www.pruvost-sports.com\\\/boutique\\\/produit\\\/sac-oxygenotherapie-a-bandouliere\\\/#primaryimage\"},\"thumbnailUrl\":\"https:\\\/\\\/www.pruvost-sports.com\\\/boutique\\\/wp-content\\\/uploads\\\/2016\\\/09\\\/1150-Sac-oxygenotherapie-a-bandouliere.jpg\",\"datePublished\":\"2016-09-07T10:16:44+00:00\",\"description\":\"Sac Oxyg\u00e9noth\u00e9rapie bandouli\u00e8re\",\"breadcrumb\":{\"@id\":\"https:\\\/\\\/www.pruvost-sports.com\\\/boutique\\\/produit\\\/sac-oxygenotherapie-a-bandouliere\\\/#breadcrumb\"},\"inLanguage\":\"fr-FR\",\"potentialAction\":[{\"@type\":\"ReadAction\",\"target\":[\"https:\\\/\\\/www.pruvost-sports.com\\\/boutique\\\/produit\\\/sac-oxygenotherapie-a-bandouliere\\\/\"]}]},{\"@type\":\"ImageObject\",\"inLanguage\":\"fr-FR\",\"@id\":\"https:\\\/\\\/www.pruvost-sports.com\\\/boutique\\\/produit\\\/sac-oxygenotherapie-a-bandouliere\\\/#primaryimage\",\"url\":\"https:\\\/\\\/www.pruvost-sports.com\\\/boutique\\\/wp-content\\\/uploads\\\/2016\\\/09\\\/1150-Sac-oxygenotherapie-a-bandouliere.jpg\",\"contentUrl\":\"https:\\\/\\\/www.pruvost-sports.com\\\/boutique\\\/wp-content\\\/uploads\\\/2016\\\/09\\\/1150-Sac-oxygenotherapie-a-bandouliere.jpg\",\"width\":300,\"height\":261,\"caption\":\"Sac oxyg\u00e9noth\u00e9rapie \u00e0 bandouli\u00e8re\"},{\"@type\":\"BreadcrumbList\",\"@id\":\"https:\\\/\\\/www.pruvost-sports.com\\\/boutique\\\/produit\\\/sac-oxygenotherapie-a-bandouliere\\\/#breadcrumb\",\"itemListElement\":[{\"@type\":\"ListItem\",\"position\":1,\"name\":\"Accueil\",\"item\":\"https:\\\/\\\/www.pruvost-sports.com\\\/boutique\\\/\"},{\"@type\":\"ListItem\",\"position\":2,\"name\":\"Boutique\",\"item\":\"https:\\\/\\\/www.pruvost-sports.com\\\/boutique\\\/boutique\\\/\"},{\"@type\":\"ListItem\",\"position\":3,\"name\":\"Sac oxyg\u00e9noth\u00e9rapie \u00e0 bandouli\u00e8re\"}]},{\"@type\":\"WebSite\",\"@id\":\"https:\\\/\\\/www.pruvost-sports.com\\\/boutique\\\/#website\",\"url\":\"https:\\\/\\\/www.pruvost-sports.com\\\/boutique\\\/\",\"name\":\"Pruvost sport piscine\",\"description\":\"\",\"potentialAction\":[{\"@type\":\"SearchAction\",\"target\":{\"@type\":\"EntryPoint\",\"urlTemplate\":\"https:\\\/\\\/www.pruvost-sports.com\\\/boutique\\\/?s={search_term_string}\"},\"query-input\":{\"@type\":\"PropertyValueSpecification\",\"valueRequired\":true,\"valueName\":\"search_term_string\"}}],\"inLanguage\":\"fr-FR\"}]}<\/script>\n<!-- \/ Yoast SEO plugin. -->","yoast_head_json":{"title":"sac oxyg\u00e9noth\u00e9rapie sac 02 sac transport 02 sac DMT sac transport oxyg\u00e8ne bandouli\u00e8re","description":"Sac Oxyg\u00e9noth\u00e9rapie bandouli\u00e8re","robots":{"index":"index","follow":"follow","max-snippet":"max-snippet:-1","max-image-preview":"max-image-preview:large","max-video-preview":"max-video-preview:-1"},"canonical":"https:\/\/www.pruvost-sports.com\/boutique\/produit\/sac-oxygenotherapie-a-bandouliere\/","og_locale":"fr_FR","og_type":"article","og_title":"sac oxyg\u00e9noth\u00e9rapie sac 02 sac transport 02 sac DMT sac transport oxyg\u00e8ne bandouli\u00e8re","og_description":"Sac Oxyg\u00e9noth\u00e9rapie bandouli\u00e8re","og_url":"https:\/\/www.pruvost-sports.com\/boutique\/produit\/sac-oxygenotherapie-a-bandouliere\/","og_site_name":"Pruvost sport piscine","og_image":[{"width":300,"height":261,"url":"https:\/\/www.pruvost-sports.com\/boutique\/wp-content\/uploads\/2016\/09\/1150-Sac-oxygenotherapie-a-bandouliere.jpg","type":"image\/jpeg"}],"twitter_card":"summary_large_image","schema":{"@context":"https:\/\/schema.org","@graph":[{"@type":"WebPage","@id":"https:\/\/www.pruvost-sports.com\/boutique\/produit\/sac-oxygenotherapie-a-bandouliere\/","url":"https:\/\/www.pruvost-sports.com\/boutique\/produit\/sac-oxygenotherapie-a-bandouliere\/","name":"sac oxyg\u00e9noth\u00e9rapie sac 02 sac transport 02 sac DMT sac transport oxyg\u00e8ne bandouli\u00e8re","isPartOf":{"@id":"https:\/\/www.pruvost-sports.com\/boutique\/#website"},"primaryImageOfPage":{"@id":"https:\/\/www.pruvost-sports.com\/boutique\/produit\/sac-oxygenotherapie-a-bandouliere\/#primaryimage"},"image":{"@id":"https:\/\/www.pruvost-sports.com\/boutique\/produit\/sac-oxygenotherapie-a-bandouliere\/#primaryimage"},"thumbnailUrl":"https:\/\/www.pruvost-sports.com\/boutique\/wp-content\/uploads\/2016\/09\/1150-Sac-oxygenotherapie-a-bandouliere.jpg","datePublished":"2016-09-07T10:16:44+00:00","description":"Sac Oxyg\u00e9noth\u00e9rapie bandouli\u00e8re","breadcrumb":{"@id":"https:\/\/www.pruvost-sports.com\/boutique\/produit\/sac-oxygenotherapie-a-bandouliere\/#breadcrumb"},"inLanguage":"fr-FR","potentialAction":[{"@type":"ReadAction","target":["https:\/\/www.pruvost-sports.com\/boutique\/produit\/sac-oxygenotherapie-a-bandouliere\/"]}]},{"@type":"ImageObject","inLanguage":"fr-FR","@id":"https:\/\/www.pruvost-sports.com\/boutique\/produit\/sac-oxygenotherapie-a-bandouliere\/#primaryimage","url":"https:\/\/www.pruvost-sports.com\/boutique\/wp-content\/uploads\/2016\/09\/1150-Sac-oxygenotherapie-a-bandouliere.jpg","contentUrl":"https:\/\/www.pruvost-sports.com\/boutique\/wp-content\/uploads\/2016\/09\/1150-Sac-oxygenotherapie-a-bandouliere.jpg","width":300,"height":261,"caption":"Sac oxyg\u00e9noth\u00e9rapie \u00e0 bandouli\u00e8re"},{"@type":"BreadcrumbList","@id":"https:\/\/www.pruvost-sports.com\/boutique\/produit\/sac-oxygenotherapie-a-bandouliere\/#breadcrumb","itemListElement":[{"@type":"ListItem","position":1,"name":"Accueil","item":"https:\/\/www.pruvost-sports.com\/boutique\/"},{"@type":"ListItem","position":2,"name":"Boutique","item":"https:\/\/www.pruvost-sports.com\/boutique\/boutique\/"},{"@type":"ListItem","position":3,"name":"Sac oxyg\u00e9noth\u00e9rapie \u00e0 bandouli\u00e8re"}]},{"@type":"WebSite","@id":"https:\/\/www.pruvost-sports.com\/boutique\/#website","url":"https:\/\/www.pruvost-sports.com\/boutique\/","name":"Pruvost sport piscine","description":"","potentialAction":[{"@type":"SearchAction","target":{"@type":"EntryPoint","urlTemplate":"https:\/\/www.pruvost-sports.com\/boutique\/?s={search_term_string}"},"query-input":{"@type":"PropertyValueSpecification","valueRequired":true,"valueName":"search_term_string"}}],"inLanguage":"fr-FR"}]}},"_links":{"self":[{"href":"https:\/\/www.pruvost-sports.com\/boutique\/wp-json\/wp\/v2\/product\/4175","targetHints":{"allow":["GET"]}}],"collection":[{"href":"https:\/\/www.pruvost-sports.com\/boutique\/wp-json\/wp\/v2\/product"}],"about":[{"href":"https:\/\/www.pruvost-sports.com\/boutique\/wp-json\/wp\/v2\/types\/product"}],"wp:featuredmedia":[{"embeddable":true,"href":"https:\/\/www.pruvost-sports.com\/boutique\/wp-json\/wp\/v2\/media\/4174"}],"wp:attachment":[{"href":"https:\/\/www.pruvost-sports.com\/boutique\/wp-json\/wp\/v2\/media?parent=4175"}],"wp:term":[{"taxonomy":"product_brand","embeddable":true,"href":"https:\/\/www.pruvost-sports.com\/boutique\/wp-json\/wp\/v2\/product_brand?post=4175"},{"taxonomy":"product_cat","embeddable":true,"href":"https:\/\/www.pruvost-sports.com\/boutique\/wp-json\/wp\/v2\/product_cat?post=4175"},{"taxonomy":"product_tag","embeddable":true,"href":"https:\/\/www.pruvost-sports.com\/boutique\/wp-json\/wp\/v2\/product_tag?post=4175"}],"curies":[{"name":"wp","href":"https:\/\/api.w.org\/{rel}","templated":true}]}}