{"id":3909,"date":"2016-01-12T14:35:32","date_gmt":"2016-01-12T13:35:32","guid":{"rendered":"https:\/\/www.pruvost-sports.com\/boutique\/?product=chariot-mobile-de-mise-a-l-eau-pmr"},"modified":"2024-04-10T11:47:21","modified_gmt":"2024-04-10T09:47:21","slug":"chariot-mobile-de-mise-a-l-eau-pmr","status":"publish","type":"product","link":"https:\/\/www.pruvost-sports.com\/boutique\/produit\/chariot-mobile-de-mise-a-l-eau-pmr\/","title":{"rendered":"Chariot de mise \u00e0 l&rsquo;eau Design"},"content":{"rendered":"<p>&nbsp;<\/p>\n<p><strong>Version manuel:<\/strong><\/p>\n<ul>\n<li>Charge de levage maxi : 136Kg<\/li>\n<li>Poids: 250Kg<\/li>\n<li>Dimensions (LxPxH): 80 x 120 x 170 cm<\/li>\n<\/ul>\n<p>&nbsp;<\/p>\n<p><strong>Version motoris\u00e9:\u00a0<\/strong><\/p>\n<ul>\n<li>Charge de levage maxi: 136Kg<\/li>\n<li>Poids avec contre poids : 365Kg<\/li>\n<li>Dimensions (LxPxH): 75 x 180 x 150 cm<\/li>\n<li>Alimentation : Batterie 24 volts<\/li>\n<\/ul>\n","protected":false},"excerpt":{"rendered":"<p>Produit d\u2019aide \u00e0 la mise en accessibilit\u00e9 des \u00e9quipements sportifs favorisant la pratique sportive des personnes en situation de handicap.<\/p>\n<p>Existe en version manuel ou motoris\u00e9.<\/p>\n","protected":false},"featured_media":3908,"template":"","meta":[],"product_brand":[],"product_cat":[81],"product_tag":[1840,1839,747],"class_list":{"0":"post-3909","1":"product","2":"type-product","3":"status-publish","4":"has-post-thumbnail","6":"product_cat-aide-aux-pmr","7":"product_tag-chariot-pmr","8":"product_tag-fauteuil-pmr","9":"product_tag-mise-a-leau-pmr","11":"entry","12":"has-media","14":"first","15":"instock","16":"shipping-taxable","17":"purchasable","18":"product-type-variable","19":"col","20":"span_1_of_4","21":"owp-content-center","22":"owp-thumbs-layout-horizontal","23":"owp-btn-normal","24":"owp-tabs-layout-horizontal","25":"has-no-thumbnails"},"yoast_head":"<!-- This site is optimized with the Yoast SEO plugin v27.5 - https:\/\/yoast.com\/product\/yoast-seo-wordpress\/ -->\n<title>chariot PMR fauteuil PMR mise \u00e0 l&#039;eau PMR<\/title>\n<meta name=\"description\" content=\"Chariot mobile de mise \u00e0 l&#039;eau PMR\" \/>\n<meta name=\"robots\" content=\"index, follow, max-snippet:-1, max-image-preview:large, max-video-preview:-1\" \/>\n<link rel=\"canonical\" href=\"https:\/\/www.pruvost-sports.com\/boutique\/produit\/chariot-mobile-de-mise-a-l-eau-pmr\/\" \/>\n<meta property=\"og:locale\" content=\"fr_FR\" \/>\n<meta property=\"og:type\" content=\"article\" \/>\n<meta property=\"og:title\" content=\"chariot PMR fauteuil PMR mise \u00e0 l&#039;eau PMR\" \/>\n<meta property=\"og:description\" content=\"Chariot mobile de mise \u00e0 l&#039;eau PMR\" \/>\n<meta property=\"og:url\" content=\"https:\/\/www.pruvost-sports.com\/boutique\/produit\/chariot-mobile-de-mise-a-l-eau-pmr\/\" \/>\n<meta property=\"og:site_name\" content=\"Pruvost sport piscine\" \/>\n<meta property=\"article:modified_time\" content=\"2024-04-10T09:47:21+00:00\" \/>\n<meta property=\"og:image\" content=\"https:\/\/www.pruvost-sports.com\/boutique\/wp-content\/uploads\/2016\/01\/1035-Chariot-mobile-de-mise-a-leau-PMR.jpg\" \/>\n\t<meta property=\"og:image:width\" content=\"600\" \/>\n\t<meta property=\"og:image:height\" content=\"900\" \/>\n\t<meta property=\"og:image:type\" content=\"image\/jpeg\" \/>\n<meta name=\"twitter:card\" content=\"summary_large_image\" \/>\n<meta name=\"twitter:label1\" content=\"Dur\u00e9e de lecture estim\u00e9e\" \/>\n\t<meta name=\"twitter:data1\" content=\"1 minute\" \/>\n<script type=\"application\/ld+json\" class=\"yoast-schema-graph\">{\"@context\":\"https:\\\/\\\/schema.org\",\"@graph\":[{\"@type\":\"WebPage\",\"@id\":\"https:\\\/\\\/www.pruvost-sports.com\\\/boutique\\\/produit\\\/chariot-mobile-de-mise-a-l-eau-pmr\\\/\",\"url\":\"https:\\\/\\\/www.pruvost-sports.com\\\/boutique\\\/produit\\\/chariot-mobile-de-mise-a-l-eau-pmr\\\/\",\"name\":\"chariot PMR fauteuil PMR mise \u00e0 l'eau PMR\",\"isPartOf\":{\"@id\":\"https:\\\/\\\/www.pruvost-sports.com\\\/boutique\\\/#website\"},\"primaryImageOfPage\":{\"@id\":\"https:\\\/\\\/www.pruvost-sports.com\\\/boutique\\\/produit\\\/chariot-mobile-de-mise-a-l-eau-pmr\\\/#primaryimage\"},\"image\":{\"@id\":\"https:\\\/\\\/www.pruvost-sports.com\\\/boutique\\\/produit\\\/chariot-mobile-de-mise-a-l-eau-pmr\\\/#primaryimage\"},\"thumbnailUrl\":\"https:\\\/\\\/www.pruvost-sports.com\\\/boutique\\\/wp-content\\\/uploads\\\/2016\\\/01\\\/1035-Chariot-mobile-de-mise-a-leau-PMR.jpg\",\"datePublished\":\"2016-01-12T13:35:32+00:00\",\"dateModified\":\"2024-04-10T09:47:21+00:00\",\"description\":\"Chariot mobile de mise \u00e0 l'eau PMR\",\"breadcrumb\":{\"@id\":\"https:\\\/\\\/www.pruvost-sports.com\\\/boutique\\\/produit\\\/chariot-mobile-de-mise-a-l-eau-pmr\\\/#breadcrumb\"},\"inLanguage\":\"fr-FR\",\"potentialAction\":[{\"@type\":\"ReadAction\",\"target\":[\"https:\\\/\\\/www.pruvost-sports.com\\\/boutique\\\/produit\\\/chariot-mobile-de-mise-a-l-eau-pmr\\\/\"]}]},{\"@type\":\"ImageObject\",\"inLanguage\":\"fr-FR\",\"@id\":\"https:\\\/\\\/www.pruvost-sports.com\\\/boutique\\\/produit\\\/chariot-mobile-de-mise-a-l-eau-pmr\\\/#primaryimage\",\"url\":\"https:\\\/\\\/www.pruvost-sports.com\\\/boutique\\\/wp-content\\\/uploads\\\/2016\\\/01\\\/1035-Chariot-mobile-de-mise-a-leau-PMR.jpg\",\"contentUrl\":\"https:\\\/\\\/www.pruvost-sports.com\\\/boutique\\\/wp-content\\\/uploads\\\/2016\\\/01\\\/1035-Chariot-mobile-de-mise-a-leau-PMR.jpg\",\"width\":600,\"height\":900,\"caption\":\"Chariot mobile de mise \u00e0 l'eau PMR\"},{\"@type\":\"BreadcrumbList\",\"@id\":\"https:\\\/\\\/www.pruvost-sports.com\\\/boutique\\\/produit\\\/chariot-mobile-de-mise-a-l-eau-pmr\\\/#breadcrumb\",\"itemListElement\":[{\"@type\":\"ListItem\",\"position\":1,\"name\":\"Accueil\",\"item\":\"https:\\\/\\\/www.pruvost-sports.com\\\/boutique\\\/\"},{\"@type\":\"ListItem\",\"position\":2,\"name\":\"Boutique\",\"item\":\"https:\\\/\\\/www.pruvost-sports.com\\\/boutique\\\/boutique\\\/\"},{\"@type\":\"ListItem\",\"position\":3,\"name\":\"Chariot de mise \u00e0 l&rsquo;eau Design\"}]},{\"@type\":\"WebSite\",\"@id\":\"https:\\\/\\\/www.pruvost-sports.com\\\/boutique\\\/#website\",\"url\":\"https:\\\/\\\/www.pruvost-sports.com\\\/boutique\\\/\",\"name\":\"Pruvost sport piscine\",\"description\":\"\",\"potentialAction\":[{\"@type\":\"SearchAction\",\"target\":{\"@type\":\"EntryPoint\",\"urlTemplate\":\"https:\\\/\\\/www.pruvost-sports.com\\\/boutique\\\/?s={search_term_string}\"},\"query-input\":{\"@type\":\"PropertyValueSpecification\",\"valueRequired\":true,\"valueName\":\"search_term_string\"}}],\"inLanguage\":\"fr-FR\"}]}<\/script>\n<!-- \/ Yoast SEO plugin. -->","yoast_head_json":{"title":"chariot PMR fauteuil PMR mise \u00e0 l'eau PMR","description":"Chariot mobile de mise \u00e0 l'eau PMR","robots":{"index":"index","follow":"follow","max-snippet":"max-snippet:-1","max-image-preview":"max-image-preview:large","max-video-preview":"max-video-preview:-1"},"canonical":"https:\/\/www.pruvost-sports.com\/boutique\/produit\/chariot-mobile-de-mise-a-l-eau-pmr\/","og_locale":"fr_FR","og_type":"article","og_title":"chariot PMR fauteuil PMR mise \u00e0 l'eau PMR","og_description":"Chariot mobile de mise \u00e0 l'eau PMR","og_url":"https:\/\/www.pruvost-sports.com\/boutique\/produit\/chariot-mobile-de-mise-a-l-eau-pmr\/","og_site_name":"Pruvost sport piscine","article_modified_time":"2024-04-10T09:47:21+00:00","og_image":[{"width":600,"height":900,"url":"https:\/\/www.pruvost-sports.com\/boutique\/wp-content\/uploads\/2016\/01\/1035-Chariot-mobile-de-mise-a-leau-PMR.jpg","type":"image\/jpeg"}],"twitter_card":"summary_large_image","twitter_misc":{"Dur\u00e9e de lecture estim\u00e9e":"1 minute"},"schema":{"@context":"https:\/\/schema.org","@graph":[{"@type":"WebPage","@id":"https:\/\/www.pruvost-sports.com\/boutique\/produit\/chariot-mobile-de-mise-a-l-eau-pmr\/","url":"https:\/\/www.pruvost-sports.com\/boutique\/produit\/chariot-mobile-de-mise-a-l-eau-pmr\/","name":"chariot PMR fauteuil PMR mise \u00e0 l'eau PMR","isPartOf":{"@id":"https:\/\/www.pruvost-sports.com\/boutique\/#website"},"primaryImageOfPage":{"@id":"https:\/\/www.pruvost-sports.com\/boutique\/produit\/chariot-mobile-de-mise-a-l-eau-pmr\/#primaryimage"},"image":{"@id":"https:\/\/www.pruvost-sports.com\/boutique\/produit\/chariot-mobile-de-mise-a-l-eau-pmr\/#primaryimage"},"thumbnailUrl":"https:\/\/www.pruvost-sports.com\/boutique\/wp-content\/uploads\/2016\/01\/1035-Chariot-mobile-de-mise-a-leau-PMR.jpg","datePublished":"2016-01-12T13:35:32+00:00","dateModified":"2024-04-10T09:47:21+00:00","description":"Chariot mobile de mise \u00e0 l'eau PMR","breadcrumb":{"@id":"https:\/\/www.pruvost-sports.com\/boutique\/produit\/chariot-mobile-de-mise-a-l-eau-pmr\/#breadcrumb"},"inLanguage":"fr-FR","potentialAction":[{"@type":"ReadAction","target":["https:\/\/www.pruvost-sports.com\/boutique\/produit\/chariot-mobile-de-mise-a-l-eau-pmr\/"]}]},{"@type":"ImageObject","inLanguage":"fr-FR","@id":"https:\/\/www.pruvost-sports.com\/boutique\/produit\/chariot-mobile-de-mise-a-l-eau-pmr\/#primaryimage","url":"https:\/\/www.pruvost-sports.com\/boutique\/wp-content\/uploads\/2016\/01\/1035-Chariot-mobile-de-mise-a-leau-PMR.jpg","contentUrl":"https:\/\/www.pruvost-sports.com\/boutique\/wp-content\/uploads\/2016\/01\/1035-Chariot-mobile-de-mise-a-leau-PMR.jpg","width":600,"height":900,"caption":"Chariot mobile de mise \u00e0 l'eau PMR"},{"@type":"BreadcrumbList","@id":"https:\/\/www.pruvost-sports.com\/boutique\/produit\/chariot-mobile-de-mise-a-l-eau-pmr\/#breadcrumb","itemListElement":[{"@type":"ListItem","position":1,"name":"Accueil","item":"https:\/\/www.pruvost-sports.com\/boutique\/"},{"@type":"ListItem","position":2,"name":"Boutique","item":"https:\/\/www.pruvost-sports.com\/boutique\/boutique\/"},{"@type":"ListItem","position":3,"name":"Chariot de mise \u00e0 l&rsquo;eau Design"}]},{"@type":"WebSite","@id":"https:\/\/www.pruvost-sports.com\/boutique\/#website","url":"https:\/\/www.pruvost-sports.com\/boutique\/","name":"Pruvost sport piscine","description":"","potentialAction":[{"@type":"SearchAction","target":{"@type":"EntryPoint","urlTemplate":"https:\/\/www.pruvost-sports.com\/boutique\/?s={search_term_string}"},"query-input":{"@type":"PropertyValueSpecification","valueRequired":true,"valueName":"search_term_string"}}],"inLanguage":"fr-FR"}]}},"_links":{"self":[{"href":"https:\/\/www.pruvost-sports.com\/boutique\/wp-json\/wp\/v2\/product\/3909","targetHints":{"allow":["GET"]}}],"collection":[{"href":"https:\/\/www.pruvost-sports.com\/boutique\/wp-json\/wp\/v2\/product"}],"about":[{"href":"https:\/\/www.pruvost-sports.com\/boutique\/wp-json\/wp\/v2\/types\/product"}],"wp:featuredmedia":[{"embeddable":true,"href":"https:\/\/www.pruvost-sports.com\/boutique\/wp-json\/wp\/v2\/media\/3908"}],"wp:attachment":[{"href":"https:\/\/www.pruvost-sports.com\/boutique\/wp-json\/wp\/v2\/media?parent=3909"}],"wp:term":[{"taxonomy":"product_brand","embeddable":true,"href":"https:\/\/www.pruvost-sports.com\/boutique\/wp-json\/wp\/v2\/product_brand?post=3909"},{"taxonomy":"product_cat","embeddable":true,"href":"https:\/\/www.pruvost-sports.com\/boutique\/wp-json\/wp\/v2\/product_cat?post=3909"},{"taxonomy":"product_tag","embeddable":true,"href":"https:\/\/www.pruvost-sports.com\/boutique\/wp-json\/wp\/v2\/product_tag?post=3909"}],"curies":[{"name":"wp","href":"https:\/\/api.w.org\/{rel}","templated":true}]}}