{"id":2795,"date":"2014-10-17T08:50:58","date_gmt":"2014-10-17T06:50:58","guid":{"rendered":"https:\/\/www.pruvost-sports.com\/boutique\/?product=fauteuil-de-surveillance-inox-316-l"},"modified":"2024-12-16T16:54:22","modified_gmt":"2024-12-16T15:54:22","slug":"fauteuil-de-surveillance-inox-316-l","status":"publish","type":"product","link":"https:\/\/www.pruvost-sports.com\/boutique\/produit\/fauteuil-de-surveillance-inox-316-l\/","title":{"rendered":"Chaise de surveillance &#8211; 188 cm &#8211; Inox 316"},"content":{"rendered":"<p>Hauteur de l&rsquo;assise 200 cm.<\/p>\n<p>6 marches en poly\u00e9thyl\u00e8ne anti-d\u00e9rapantes.<\/p>\n<p>Avec support parasol et filet de rangement.<\/p>\n","protected":false},"excerpt":{"rendered":"<p>Chaise de surveillance fabriqu\u00e9 en acier inox AISI-316 L avec des tubes de \u00d8 48 mm<\/p>\n","protected":false},"featured_media":2794,"template":"","meta":[],"product_brand":[],"product_cat":[23,51],"product_tag":[726,1466,725,1467],"class_list":{"0":"post-2795","1":"product","2":"type-product","3":"status-publish","4":"has-post-thumbnail","6":"product_cat-hygiene-et-securite","7":"product_cat-surveillance-baignade","8":"product_tag-chaise-de-surveillance","9":"product_tag-chaise-de-surveillance-inox","10":"product_tag-fauteil-de-surveillance","11":"product_tag-fauteuil-de-surveillance-inox","12":"pa_hauteur-140-cm","13":"pa_hauteur-188-cm","15":"entry","16":"has-media","18":"first","19":"instock","20":"shipping-taxable","21":"purchasable","22":"product-type-variable","23":"col","24":"span_1_of_4","25":"owp-content-center","26":"owp-thumbs-layout-horizontal","27":"owp-btn-normal","28":"owp-tabs-layout-horizontal","29":"has-no-thumbnails"},"yoast_head":"<!-- This site is optimized with the Yoast SEO plugin v27.5 - https:\/\/yoast.com\/product\/yoast-seo-wordpress\/ -->\n<title>fauteuil de surveillance inox chaise de surveillance fauteuil inox<\/title>\n<meta name=\"description\" content=\"Fauteuil de surveillance Inox 316 L\" \/>\n<meta name=\"robots\" content=\"index, follow, max-snippet:-1, max-image-preview:large, max-video-preview:-1\" \/>\n<link rel=\"canonical\" href=\"https:\/\/www.pruvost-sports.com\/boutique\/produit\/fauteuil-de-surveillance-inox-316-l\/\" \/>\n<meta property=\"og:locale\" content=\"fr_FR\" \/>\n<meta property=\"og:type\" content=\"article\" \/>\n<meta property=\"og:title\" content=\"fauteuil de surveillance inox chaise de surveillance fauteuil inox\" \/>\n<meta property=\"og:description\" content=\"Fauteuil de surveillance Inox 316 L\" \/>\n<meta property=\"og:url\" content=\"https:\/\/www.pruvost-sports.com\/boutique\/produit\/fauteuil-de-surveillance-inox-316-l\/\" \/>\n<meta property=\"og:site_name\" content=\"Pruvost sport piscine\" \/>\n<meta property=\"article:modified_time\" content=\"2024-12-16T15:54:22+00:00\" \/>\n<meta property=\"og:image\" content=\"https:\/\/www.pruvost-sports.com\/boutique\/wp-content\/uploads\/2014\/10\/762-Fauteuil-de-surveillance-Inox-316-L.jpg\" \/>\n\t<meta property=\"og:image:width\" content=\"373\" \/>\n\t<meta property=\"og:image:height\" content=\"580\" \/>\n\t<meta property=\"og:image:type\" content=\"image\/jpeg\" \/>\n<meta name=\"twitter:card\" content=\"summary_large_image\" \/>\n<meta name=\"twitter:label1\" content=\"Dur\u00e9e de lecture estim\u00e9e\" \/>\n\t<meta name=\"twitter:data1\" content=\"1 minute\" \/>\n<script type=\"application\/ld+json\" class=\"yoast-schema-graph\">{\"@context\":\"https:\\\/\\\/schema.org\",\"@graph\":[{\"@type\":\"WebPage\",\"@id\":\"https:\\\/\\\/www.pruvost-sports.com\\\/boutique\\\/produit\\\/fauteuil-de-surveillance-inox-316-l\\\/\",\"url\":\"https:\\\/\\\/www.pruvost-sports.com\\\/boutique\\\/produit\\\/fauteuil-de-surveillance-inox-316-l\\\/\",\"name\":\"fauteuil de surveillance inox chaise de surveillance fauteuil inox\",\"isPartOf\":{\"@id\":\"https:\\\/\\\/www.pruvost-sports.com\\\/boutique\\\/#website\"},\"primaryImageOfPage\":{\"@id\":\"https:\\\/\\\/www.pruvost-sports.com\\\/boutique\\\/produit\\\/fauteuil-de-surveillance-inox-316-l\\\/#primaryimage\"},\"image\":{\"@id\":\"https:\\\/\\\/www.pruvost-sports.com\\\/boutique\\\/produit\\\/fauteuil-de-surveillance-inox-316-l\\\/#primaryimage\"},\"thumbnailUrl\":\"https:\\\/\\\/www.pruvost-sports.com\\\/boutique\\\/wp-content\\\/uploads\\\/2014\\\/10\\\/762-Fauteuil-de-surveillance-Inox-316-L.jpg\",\"datePublished\":\"2014-10-17T06:50:58+00:00\",\"dateModified\":\"2024-12-16T15:54:22+00:00\",\"description\":\"Fauteuil de surveillance Inox 316 L\",\"breadcrumb\":{\"@id\":\"https:\\\/\\\/www.pruvost-sports.com\\\/boutique\\\/produit\\\/fauteuil-de-surveillance-inox-316-l\\\/#breadcrumb\"},\"inLanguage\":\"fr-FR\",\"potentialAction\":[{\"@type\":\"ReadAction\",\"target\":[\"https:\\\/\\\/www.pruvost-sports.com\\\/boutique\\\/produit\\\/fauteuil-de-surveillance-inox-316-l\\\/\"]}]},{\"@type\":\"ImageObject\",\"inLanguage\":\"fr-FR\",\"@id\":\"https:\\\/\\\/www.pruvost-sports.com\\\/boutique\\\/produit\\\/fauteuil-de-surveillance-inox-316-l\\\/#primaryimage\",\"url\":\"https:\\\/\\\/www.pruvost-sports.com\\\/boutique\\\/wp-content\\\/uploads\\\/2014\\\/10\\\/762-Fauteuil-de-surveillance-Inox-316-L.jpg\",\"contentUrl\":\"https:\\\/\\\/www.pruvost-sports.com\\\/boutique\\\/wp-content\\\/uploads\\\/2014\\\/10\\\/762-Fauteuil-de-surveillance-Inox-316-L.jpg\",\"width\":373,\"height\":580,\"caption\":\"Fauteuil de surveillance Inox 316 L\"},{\"@type\":\"BreadcrumbList\",\"@id\":\"https:\\\/\\\/www.pruvost-sports.com\\\/boutique\\\/produit\\\/fauteuil-de-surveillance-inox-316-l\\\/#breadcrumb\",\"itemListElement\":[{\"@type\":\"ListItem\",\"position\":1,\"name\":\"Accueil\",\"item\":\"https:\\\/\\\/www.pruvost-sports.com\\\/boutique\\\/\"},{\"@type\":\"ListItem\",\"position\":2,\"name\":\"Boutique\",\"item\":\"https:\\\/\\\/www.pruvost-sports.com\\\/boutique\\\/boutique\\\/\"},{\"@type\":\"ListItem\",\"position\":3,\"name\":\"Chaise de surveillance &#8211; 188 cm &#8211; Inox 316\"}]},{\"@type\":\"WebSite\",\"@id\":\"https:\\\/\\\/www.pruvost-sports.com\\\/boutique\\\/#website\",\"url\":\"https:\\\/\\\/www.pruvost-sports.com\\\/boutique\\\/\",\"name\":\"Pruvost sport piscine\",\"description\":\"\",\"potentialAction\":[{\"@type\":\"SearchAction\",\"target\":{\"@type\":\"EntryPoint\",\"urlTemplate\":\"https:\\\/\\\/www.pruvost-sports.com\\\/boutique\\\/?s={search_term_string}\"},\"query-input\":{\"@type\":\"PropertyValueSpecification\",\"valueRequired\":true,\"valueName\":\"search_term_string\"}}],\"inLanguage\":\"fr-FR\"}]}<\/script>\n<!-- \/ Yoast SEO plugin. -->","yoast_head_json":{"title":"fauteuil de surveillance inox chaise de surveillance fauteuil inox","description":"Fauteuil de surveillance Inox 316 L","robots":{"index":"index","follow":"follow","max-snippet":"max-snippet:-1","max-image-preview":"max-image-preview:large","max-video-preview":"max-video-preview:-1"},"canonical":"https:\/\/www.pruvost-sports.com\/boutique\/produit\/fauteuil-de-surveillance-inox-316-l\/","og_locale":"fr_FR","og_type":"article","og_title":"fauteuil de surveillance inox chaise de surveillance fauteuil inox","og_description":"Fauteuil de surveillance Inox 316 L","og_url":"https:\/\/www.pruvost-sports.com\/boutique\/produit\/fauteuil-de-surveillance-inox-316-l\/","og_site_name":"Pruvost sport piscine","article_modified_time":"2024-12-16T15:54:22+00:00","og_image":[{"width":373,"height":580,"url":"https:\/\/www.pruvost-sports.com\/boutique\/wp-content\/uploads\/2014\/10\/762-Fauteuil-de-surveillance-Inox-316-L.jpg","type":"image\/jpeg"}],"twitter_card":"summary_large_image","twitter_misc":{"Dur\u00e9e de lecture estim\u00e9e":"1 minute"},"schema":{"@context":"https:\/\/schema.org","@graph":[{"@type":"WebPage","@id":"https:\/\/www.pruvost-sports.com\/boutique\/produit\/fauteuil-de-surveillance-inox-316-l\/","url":"https:\/\/www.pruvost-sports.com\/boutique\/produit\/fauteuil-de-surveillance-inox-316-l\/","name":"fauteuil de surveillance inox chaise de surveillance fauteuil inox","isPartOf":{"@id":"https:\/\/www.pruvost-sports.com\/boutique\/#website"},"primaryImageOfPage":{"@id":"https:\/\/www.pruvost-sports.com\/boutique\/produit\/fauteuil-de-surveillance-inox-316-l\/#primaryimage"},"image":{"@id":"https:\/\/www.pruvost-sports.com\/boutique\/produit\/fauteuil-de-surveillance-inox-316-l\/#primaryimage"},"thumbnailUrl":"https:\/\/www.pruvost-sports.com\/boutique\/wp-content\/uploads\/2014\/10\/762-Fauteuil-de-surveillance-Inox-316-L.jpg","datePublished":"2014-10-17T06:50:58+00:00","dateModified":"2024-12-16T15:54:22+00:00","description":"Fauteuil de surveillance Inox 316 L","breadcrumb":{"@id":"https:\/\/www.pruvost-sports.com\/boutique\/produit\/fauteuil-de-surveillance-inox-316-l\/#breadcrumb"},"inLanguage":"fr-FR","potentialAction":[{"@type":"ReadAction","target":["https:\/\/www.pruvost-sports.com\/boutique\/produit\/fauteuil-de-surveillance-inox-316-l\/"]}]},{"@type":"ImageObject","inLanguage":"fr-FR","@id":"https:\/\/www.pruvost-sports.com\/boutique\/produit\/fauteuil-de-surveillance-inox-316-l\/#primaryimage","url":"https:\/\/www.pruvost-sports.com\/boutique\/wp-content\/uploads\/2014\/10\/762-Fauteuil-de-surveillance-Inox-316-L.jpg","contentUrl":"https:\/\/www.pruvost-sports.com\/boutique\/wp-content\/uploads\/2014\/10\/762-Fauteuil-de-surveillance-Inox-316-L.jpg","width":373,"height":580,"caption":"Fauteuil de surveillance Inox 316 L"},{"@type":"BreadcrumbList","@id":"https:\/\/www.pruvost-sports.com\/boutique\/produit\/fauteuil-de-surveillance-inox-316-l\/#breadcrumb","itemListElement":[{"@type":"ListItem","position":1,"name":"Accueil","item":"https:\/\/www.pruvost-sports.com\/boutique\/"},{"@type":"ListItem","position":2,"name":"Boutique","item":"https:\/\/www.pruvost-sports.com\/boutique\/boutique\/"},{"@type":"ListItem","position":3,"name":"Chaise de surveillance &#8211; 188 cm &#8211; Inox 316"}]},{"@type":"WebSite","@id":"https:\/\/www.pruvost-sports.com\/boutique\/#website","url":"https:\/\/www.pruvost-sports.com\/boutique\/","name":"Pruvost sport piscine","description":"","potentialAction":[{"@type":"SearchAction","target":{"@type":"EntryPoint","urlTemplate":"https:\/\/www.pruvost-sports.com\/boutique\/?s={search_term_string}"},"query-input":{"@type":"PropertyValueSpecification","valueRequired":true,"valueName":"search_term_string"}}],"inLanguage":"fr-FR"}]}},"_links":{"self":[{"href":"https:\/\/www.pruvost-sports.com\/boutique\/wp-json\/wp\/v2\/product\/2795","targetHints":{"allow":["GET"]}}],"collection":[{"href":"https:\/\/www.pruvost-sports.com\/boutique\/wp-json\/wp\/v2\/product"}],"about":[{"href":"https:\/\/www.pruvost-sports.com\/boutique\/wp-json\/wp\/v2\/types\/product"}],"wp:featuredmedia":[{"embeddable":true,"href":"https:\/\/www.pruvost-sports.com\/boutique\/wp-json\/wp\/v2\/media\/2794"}],"wp:attachment":[{"href":"https:\/\/www.pruvost-sports.com\/boutique\/wp-json\/wp\/v2\/media?parent=2795"}],"wp:term":[{"taxonomy":"product_brand","embeddable":true,"href":"https:\/\/www.pruvost-sports.com\/boutique\/wp-json\/wp\/v2\/product_brand?post=2795"},{"taxonomy":"product_cat","embeddable":true,"href":"https:\/\/www.pruvost-sports.com\/boutique\/wp-json\/wp\/v2\/product_cat?post=2795"},{"taxonomy":"product_tag","embeddable":true,"href":"https:\/\/www.pruvost-sports.com\/boutique\/wp-json\/wp\/v2\/product_tag?post=2795"}],"curies":[{"name":"wp","href":"https:\/\/api.w.org\/{rel}","templated":true}]}}