{"id":2740,"date":"2014-09-22T15:22:57","date_gmt":"2014-09-22T13:22:57","guid":{"rendered":"https:\/\/www.pruvost-sports.com\/boutique\/?product=mannequin-de-sauvetage-homologue-adulte-8kg"},"modified":"2025-06-06T11:19:29","modified_gmt":"2025-06-06T09:19:29","slug":"mannequin-de-sauvetage-homologue-adulte-8kg","status":"publish","type":"product","link":"https:\/\/www.pruvost-sports.com\/boutique\/produit\/mannequin-de-sauvetage-homologue-adulte-8kg\/","title":{"rendered":"Mannequin de sauvetage homologu\u00e9 &#8211; Adulte 8Kg"},"content":{"rendered":"","protected":false},"excerpt":{"rendered":"<p>Mannequin de sauvetage homologu\u00e9\u00a0 &#8211; Adulte<\/p>\n<p>Ne se d\u00e9forme pas sous l&rsquo;eau, le volume reste constant<\/p>\n<p>Tr\u00e8s simple d&rsquo;utilisation, il est \u00e9quip\u00e9 d&rsquo;une ouverture en bas pour le remplir et le vider facilement.<\/p>\n<p>Conforme au poids immerg\u00e9 r\u00e9glementaire exig\u00e9 lors des \u00e9preuves de sauvetage aquatique<\/p>\n<p>Poids : 8 Kg<\/p>\n<p>Taille : 90 cm<\/p>\n<p>Largeur : 40 cm<\/p>\n","protected":false},"featured_media":8670,"template":"","meta":[],"product_brand":[],"product_cat":[23,51],"product_tag":[940,1434,1433,939],"class_list":{"0":"post-2740","1":"product","2":"type-product","3":"status-publish","4":"has-post-thumbnail","6":"product_cat-hygiene-et-securite","7":"product_cat-surveillance-baignade","8":"product_tag-mannequin-8-kg","9":"product_tag-mannequin-de-sauvetage-homologue","10":"product_tag-mannequin-homologue","11":"product_tag-mannequin-sauvetage","13":"entry","14":"has-media","16":"first","17":"instock","18":"shipping-taxable","19":"purchasable","20":"product-type-simple","21":"col","22":"span_1_of_4","23":"owp-content-center","24":"owp-thumbs-layout-horizontal","25":"owp-btn-normal","26":"owp-tabs-layout-horizontal","27":"has-no-thumbnails"},"yoast_head":"<!-- This site is optimized with the Yoast SEO plugin v27.5 - https:\/\/yoast.com\/product\/yoast-seo-wordpress\/ -->\n<title>mannequin sauvetage mannequin homologu\u00e9 mannequin 8 Kg<\/title>\n<meta name=\"description\" content=\"Mannequin de sauvetage homologu\u00e9 - adulte\" \/>\n<meta name=\"robots\" content=\"index, follow, max-snippet:-1, max-image-preview:large, max-video-preview:-1\" \/>\n<link rel=\"canonical\" href=\"https:\/\/www.pruvost-sports.com\/boutique\/produit\/mannequin-de-sauvetage-homologue-adulte-8kg\/\" \/>\n<meta property=\"og:locale\" content=\"fr_FR\" \/>\n<meta property=\"og:type\" content=\"article\" \/>\n<meta property=\"og:title\" content=\"mannequin sauvetage mannequin homologu\u00e9 mannequin 8 Kg\" \/>\n<meta property=\"og:description\" content=\"Mannequin de sauvetage homologu\u00e9 - adulte\" \/>\n<meta property=\"og:url\" content=\"https:\/\/www.pruvost-sports.com\/boutique\/produit\/mannequin-de-sauvetage-homologue-adulte-8kg\/\" \/>\n<meta property=\"og:site_name\" content=\"Pruvost sport piscine\" \/>\n<meta property=\"article:modified_time\" content=\"2025-06-06T09:19:29+00:00\" \/>\n<meta property=\"og:image\" content=\"https:\/\/www.pruvost-sports.com\/boutique\/wp-content\/uploads\/2014\/09\/2566d05567caf6b11224a59a559e.webp\" \/>\n\t<meta property=\"og:image:width\" content=\"1024\" \/>\n\t<meta property=\"og:image:height\" content=\"768\" \/>\n\t<meta property=\"og:image:type\" content=\"image\/webp\" \/>\n<meta name=\"twitter:card\" content=\"summary_large_image\" \/>\n<meta name=\"twitter:label1\" content=\"Dur\u00e9e de lecture estim\u00e9e\" \/>\n\t<meta name=\"twitter:data1\" content=\"1 minute\" \/>\n<script type=\"application\/ld+json\" class=\"yoast-schema-graph\">{\"@context\":\"https:\\\/\\\/schema.org\",\"@graph\":[{\"@type\":\"WebPage\",\"@id\":\"https:\\\/\\\/www.pruvost-sports.com\\\/boutique\\\/produit\\\/mannequin-de-sauvetage-homologue-adulte-8kg\\\/\",\"url\":\"https:\\\/\\\/www.pruvost-sports.com\\\/boutique\\\/produit\\\/mannequin-de-sauvetage-homologue-adulte-8kg\\\/\",\"name\":\"mannequin sauvetage mannequin homologu\u00e9 mannequin 8 Kg\",\"isPartOf\":{\"@id\":\"https:\\\/\\\/www.pruvost-sports.com\\\/boutique\\\/#website\"},\"primaryImageOfPage\":{\"@id\":\"https:\\\/\\\/www.pruvost-sports.com\\\/boutique\\\/produit\\\/mannequin-de-sauvetage-homologue-adulte-8kg\\\/#primaryimage\"},\"image\":{\"@id\":\"https:\\\/\\\/www.pruvost-sports.com\\\/boutique\\\/produit\\\/mannequin-de-sauvetage-homologue-adulte-8kg\\\/#primaryimage\"},\"thumbnailUrl\":\"https:\\\/\\\/www.pruvost-sports.com\\\/boutique\\\/wp-content\\\/uploads\\\/2014\\\/09\\\/2566d05567caf6b11224a59a559e.webp\",\"datePublished\":\"2014-09-22T13:22:57+00:00\",\"dateModified\":\"2025-06-06T09:19:29+00:00\",\"description\":\"Mannequin de sauvetage homologu\u00e9 - adulte\",\"breadcrumb\":{\"@id\":\"https:\\\/\\\/www.pruvost-sports.com\\\/boutique\\\/produit\\\/mannequin-de-sauvetage-homologue-adulte-8kg\\\/#breadcrumb\"},\"inLanguage\":\"fr-FR\",\"potentialAction\":[{\"@type\":\"ReadAction\",\"target\":[\"https:\\\/\\\/www.pruvost-sports.com\\\/boutique\\\/produit\\\/mannequin-de-sauvetage-homologue-adulte-8kg\\\/\"]}]},{\"@type\":\"ImageObject\",\"inLanguage\":\"fr-FR\",\"@id\":\"https:\\\/\\\/www.pruvost-sports.com\\\/boutique\\\/produit\\\/mannequin-de-sauvetage-homologue-adulte-8kg\\\/#primaryimage\",\"url\":\"https:\\\/\\\/www.pruvost-sports.com\\\/boutique\\\/wp-content\\\/uploads\\\/2014\\\/09\\\/2566d05567caf6b11224a59a559e.webp\",\"contentUrl\":\"https:\\\/\\\/www.pruvost-sports.com\\\/boutique\\\/wp-content\\\/uploads\\\/2014\\\/09\\\/2566d05567caf6b11224a59a559e.webp\",\"width\":1024,\"height\":768},{\"@type\":\"BreadcrumbList\",\"@id\":\"https:\\\/\\\/www.pruvost-sports.com\\\/boutique\\\/produit\\\/mannequin-de-sauvetage-homologue-adulte-8kg\\\/#breadcrumb\",\"itemListElement\":[{\"@type\":\"ListItem\",\"position\":1,\"name\":\"Accueil\",\"item\":\"https:\\\/\\\/www.pruvost-sports.com\\\/boutique\\\/\"},{\"@type\":\"ListItem\",\"position\":2,\"name\":\"Boutique\",\"item\":\"https:\\\/\\\/www.pruvost-sports.com\\\/boutique\\\/boutique\\\/\"},{\"@type\":\"ListItem\",\"position\":3,\"name\":\"Mannequin de sauvetage homologu\u00e9 &#8211; Adulte 8Kg\"}]},{\"@type\":\"WebSite\",\"@id\":\"https:\\\/\\\/www.pruvost-sports.com\\\/boutique\\\/#website\",\"url\":\"https:\\\/\\\/www.pruvost-sports.com\\\/boutique\\\/\",\"name\":\"Pruvost sport piscine\",\"description\":\"\",\"potentialAction\":[{\"@type\":\"SearchAction\",\"target\":{\"@type\":\"EntryPoint\",\"urlTemplate\":\"https:\\\/\\\/www.pruvost-sports.com\\\/boutique\\\/?s={search_term_string}\"},\"query-input\":{\"@type\":\"PropertyValueSpecification\",\"valueRequired\":true,\"valueName\":\"search_term_string\"}}],\"inLanguage\":\"fr-FR\"}]}<\/script>\n<!-- \/ Yoast SEO plugin. -->","yoast_head_json":{"title":"mannequin sauvetage mannequin homologu\u00e9 mannequin 8 Kg","description":"Mannequin de sauvetage homologu\u00e9 - adulte","robots":{"index":"index","follow":"follow","max-snippet":"max-snippet:-1","max-image-preview":"max-image-preview:large","max-video-preview":"max-video-preview:-1"},"canonical":"https:\/\/www.pruvost-sports.com\/boutique\/produit\/mannequin-de-sauvetage-homologue-adulte-8kg\/","og_locale":"fr_FR","og_type":"article","og_title":"mannequin sauvetage mannequin homologu\u00e9 mannequin 8 Kg","og_description":"Mannequin de sauvetage homologu\u00e9 - adulte","og_url":"https:\/\/www.pruvost-sports.com\/boutique\/produit\/mannequin-de-sauvetage-homologue-adulte-8kg\/","og_site_name":"Pruvost sport piscine","article_modified_time":"2025-06-06T09:19:29+00:00","og_image":[{"width":1024,"height":768,"url":"https:\/\/www.pruvost-sports.com\/boutique\/wp-content\/uploads\/2014\/09\/2566d05567caf6b11224a59a559e.webp","type":"image\/webp"}],"twitter_card":"summary_large_image","twitter_misc":{"Dur\u00e9e de lecture estim\u00e9e":"1 minute"},"schema":{"@context":"https:\/\/schema.org","@graph":[{"@type":"WebPage","@id":"https:\/\/www.pruvost-sports.com\/boutique\/produit\/mannequin-de-sauvetage-homologue-adulte-8kg\/","url":"https:\/\/www.pruvost-sports.com\/boutique\/produit\/mannequin-de-sauvetage-homologue-adulte-8kg\/","name":"mannequin sauvetage mannequin homologu\u00e9 mannequin 8 Kg","isPartOf":{"@id":"https:\/\/www.pruvost-sports.com\/boutique\/#website"},"primaryImageOfPage":{"@id":"https:\/\/www.pruvost-sports.com\/boutique\/produit\/mannequin-de-sauvetage-homologue-adulte-8kg\/#primaryimage"},"image":{"@id":"https:\/\/www.pruvost-sports.com\/boutique\/produit\/mannequin-de-sauvetage-homologue-adulte-8kg\/#primaryimage"},"thumbnailUrl":"https:\/\/www.pruvost-sports.com\/boutique\/wp-content\/uploads\/2014\/09\/2566d05567caf6b11224a59a559e.webp","datePublished":"2014-09-22T13:22:57+00:00","dateModified":"2025-06-06T09:19:29+00:00","description":"Mannequin de sauvetage homologu\u00e9 - adulte","breadcrumb":{"@id":"https:\/\/www.pruvost-sports.com\/boutique\/produit\/mannequin-de-sauvetage-homologue-adulte-8kg\/#breadcrumb"},"inLanguage":"fr-FR","potentialAction":[{"@type":"ReadAction","target":["https:\/\/www.pruvost-sports.com\/boutique\/produit\/mannequin-de-sauvetage-homologue-adulte-8kg\/"]}]},{"@type":"ImageObject","inLanguage":"fr-FR","@id":"https:\/\/www.pruvost-sports.com\/boutique\/produit\/mannequin-de-sauvetage-homologue-adulte-8kg\/#primaryimage","url":"https:\/\/www.pruvost-sports.com\/boutique\/wp-content\/uploads\/2014\/09\/2566d05567caf6b11224a59a559e.webp","contentUrl":"https:\/\/www.pruvost-sports.com\/boutique\/wp-content\/uploads\/2014\/09\/2566d05567caf6b11224a59a559e.webp","width":1024,"height":768},{"@type":"BreadcrumbList","@id":"https:\/\/www.pruvost-sports.com\/boutique\/produit\/mannequin-de-sauvetage-homologue-adulte-8kg\/#breadcrumb","itemListElement":[{"@type":"ListItem","position":1,"name":"Accueil","item":"https:\/\/www.pruvost-sports.com\/boutique\/"},{"@type":"ListItem","position":2,"name":"Boutique","item":"https:\/\/www.pruvost-sports.com\/boutique\/boutique\/"},{"@type":"ListItem","position":3,"name":"Mannequin de sauvetage homologu\u00e9 &#8211; Adulte 8Kg"}]},{"@type":"WebSite","@id":"https:\/\/www.pruvost-sports.com\/boutique\/#website","url":"https:\/\/www.pruvost-sports.com\/boutique\/","name":"Pruvost sport piscine","description":"","potentialAction":[{"@type":"SearchAction","target":{"@type":"EntryPoint","urlTemplate":"https:\/\/www.pruvost-sports.com\/boutique\/?s={search_term_string}"},"query-input":{"@type":"PropertyValueSpecification","valueRequired":true,"valueName":"search_term_string"}}],"inLanguage":"fr-FR"}]}},"_links":{"self":[{"href":"https:\/\/www.pruvost-sports.com\/boutique\/wp-json\/wp\/v2\/product\/2740","targetHints":{"allow":["GET"]}}],"collection":[{"href":"https:\/\/www.pruvost-sports.com\/boutique\/wp-json\/wp\/v2\/product"}],"about":[{"href":"https:\/\/www.pruvost-sports.com\/boutique\/wp-json\/wp\/v2\/types\/product"}],"wp:featuredmedia":[{"embeddable":true,"href":"https:\/\/www.pruvost-sports.com\/boutique\/wp-json\/wp\/v2\/media\/8670"}],"wp:attachment":[{"href":"https:\/\/www.pruvost-sports.com\/boutique\/wp-json\/wp\/v2\/media?parent=2740"}],"wp:term":[{"taxonomy":"product_brand","embeddable":true,"href":"https:\/\/www.pruvost-sports.com\/boutique\/wp-json\/wp\/v2\/product_brand?post=2740"},{"taxonomy":"product_cat","embeddable":true,"href":"https:\/\/www.pruvost-sports.com\/boutique\/wp-json\/wp\/v2\/product_cat?post=2740"},{"taxonomy":"product_tag","embeddable":true,"href":"https:\/\/www.pruvost-sports.com\/boutique\/wp-json\/wp\/v2\/product_tag?post=2740"}],"curies":[{"name":"wp","href":"https:\/\/api.w.org\/{rel}","templated":true}]}}