{"id":2368,"date":"2014-07-07T11:27:29","date_gmt":"2014-07-07T09:27:29","guid":{"rendered":"https:\/\/www.pruvost-sports.com\/boutique\/?product=barriere-de-signalisation"},"modified":"2014-07-07T11:27:29","modified_gmt":"2014-07-07T09:27:29","slug":"barriere-de-signalisation","status":"publish","type":"product","link":"https:\/\/www.pruvost-sports.com\/boutique\/produit\/barriere-de-signalisation\/","title":{"rendered":"Barri\u00e8re de signalisation 2 m"},"content":{"rendered":"<table>\n<tbody>\n<tr>\n<td style=\"width: 200px;\">Dimensions<\/td>\n<td>1980 x 480 x 1021 mm<\/td>\n<\/tr>\n<tr>\n<td style=\"width: 200px;\">Poids :<\/td>\n<td>9,200 kg<\/td>\n<\/tr>\n<tr>\n<td style=\"width: 200px;\">Mati&egrave;re :<\/td>\n<td>PPCOP<\/td>\n<\/tr>\n<tr>\n<td style=\"width: 200px;\"> <\/td>\n<td> <\/td>\n<\/tr>\n<tr>\n<td style=\"width: 200px;\"> <\/td>\n<td> <\/td>\n<\/tr>\n<tr>\n<td style=\"width: 200px;\"> <\/td>\n<td> <\/td>\n<\/tr>\n<tr>\n<td style=\"width: 200px;\"> <\/td>\n<td> <\/td>\n<\/tr>\n<tr>\n<td style=\"width: 200px;\"> <\/td>\n<td> <\/td>\n<\/tr>\n<\/tbody>\n<\/table>\n","protected":false},"excerpt":{"rendered":"<p>Barri&egrave;re de signalisation en r&eacute;sine plastique avec pieds mobiles pour un gerbage parfait <\/p>\n<p> L&eacute;g&egrave;re et stable, facile &agrave; transporter et &agrave; stocker, silencieuse &agrave; l&rsquo;utilisation et incassable<\/p>\n","protected":false},"featured_media":2364,"template":"","meta":[],"product_brand":[],"product_cat":[68],"product_tag":[1304,1305,1306],"class_list":{"0":"post-2368","1":"product","2":"type-product","3":"status-publish","4":"has-post-thumbnail","6":"product_cat-proprete","7":"product_tag-barriere-de-signalisation","8":"product_tag-barriere-piscine","9":"product_tag-narriere-plastique","10":"pa_couleur-blanc","11":"pa_couleur-bleu","12":"pa_couleur-jaune","13":"pa_couleur-orange","14":"pa_couleur-rouge","15":"pa_couleur-vert","17":"entry","18":"has-media","20":"first","21":"instock","22":"shipping-taxable","23":"purchasable","24":"product-type-variable","25":"has-default-attributes","26":"col","27":"span_1_of_4","28":"owp-content-center","29":"owp-thumbs-layout-horizontal","30":"owp-btn-normal","31":"owp-tabs-layout-horizontal","32":"has-no-thumbnails"},"yoast_head":"<!-- This site is optimized with the Yoast SEO plugin v27.5 - https:\/\/yoast.com\/product\/yoast-seo-wordpress\/ -->\n<title>barri\u00e8re signalisation barri\u00e8re piscine barri\u00e8re plastique<\/title>\n<meta name=\"description\" content=\"Barri\u00e8re de signalisation\" \/>\n<meta name=\"robots\" content=\"index, follow, max-snippet:-1, max-image-preview:large, max-video-preview:-1\" \/>\n<link rel=\"canonical\" href=\"https:\/\/www.pruvost-sports.com\/boutique\/produit\/barriere-de-signalisation\/\" \/>\n<meta property=\"og:locale\" content=\"fr_FR\" \/>\n<meta property=\"og:type\" content=\"article\" \/>\n<meta property=\"og:title\" content=\"barri\u00e8re signalisation barri\u00e8re piscine barri\u00e8re plastique\" \/>\n<meta property=\"og:description\" content=\"Barri\u00e8re de signalisation\" \/>\n<meta property=\"og:url\" content=\"https:\/\/www.pruvost-sports.com\/boutique\/produit\/barriere-de-signalisation\/\" \/>\n<meta property=\"og:site_name\" content=\"Pruvost sport piscine\" \/>\n<meta property=\"og:image\" content=\"https:\/\/www.pruvost-sports.com\/boutique\/wp-content\/uploads\/2014\/07\/623-Barriere-de-signalisation.jpg\" \/>\n\t<meta property=\"og:image:width\" content=\"700\" \/>\n\t<meta property=\"og:image:height\" content=\"333\" \/>\n\t<meta property=\"og:image:type\" content=\"image\/jpeg\" \/>\n<meta name=\"twitter:card\" content=\"summary_large_image\" \/>\n<script type=\"application\/ld+json\" class=\"yoast-schema-graph\">{\"@context\":\"https:\\\/\\\/schema.org\",\"@graph\":[{\"@type\":\"WebPage\",\"@id\":\"https:\\\/\\\/www.pruvost-sports.com\\\/boutique\\\/produit\\\/barriere-de-signalisation\\\/\",\"url\":\"https:\\\/\\\/www.pruvost-sports.com\\\/boutique\\\/produit\\\/barriere-de-signalisation\\\/\",\"name\":\"barri\u00e8re signalisation barri\u00e8re piscine barri\u00e8re plastique\",\"isPartOf\":{\"@id\":\"https:\\\/\\\/www.pruvost-sports.com\\\/boutique\\\/#website\"},\"primaryImageOfPage\":{\"@id\":\"https:\\\/\\\/www.pruvost-sports.com\\\/boutique\\\/produit\\\/barriere-de-signalisation\\\/#primaryimage\"},\"image\":{\"@id\":\"https:\\\/\\\/www.pruvost-sports.com\\\/boutique\\\/produit\\\/barriere-de-signalisation\\\/#primaryimage\"},\"thumbnailUrl\":\"https:\\\/\\\/www.pruvost-sports.com\\\/boutique\\\/wp-content\\\/uploads\\\/2014\\\/07\\\/623-Barriere-de-signalisation.jpg\",\"datePublished\":\"2014-07-07T09:27:29+00:00\",\"description\":\"Barri\u00e8re de signalisation\",\"breadcrumb\":{\"@id\":\"https:\\\/\\\/www.pruvost-sports.com\\\/boutique\\\/produit\\\/barriere-de-signalisation\\\/#breadcrumb\"},\"inLanguage\":\"fr-FR\",\"potentialAction\":[{\"@type\":\"ReadAction\",\"target\":[\"https:\\\/\\\/www.pruvost-sports.com\\\/boutique\\\/produit\\\/barriere-de-signalisation\\\/\"]}]},{\"@type\":\"ImageObject\",\"inLanguage\":\"fr-FR\",\"@id\":\"https:\\\/\\\/www.pruvost-sports.com\\\/boutique\\\/produit\\\/barriere-de-signalisation\\\/#primaryimage\",\"url\":\"https:\\\/\\\/www.pruvost-sports.com\\\/boutique\\\/wp-content\\\/uploads\\\/2014\\\/07\\\/623-Barriere-de-signalisation.jpg\",\"contentUrl\":\"https:\\\/\\\/www.pruvost-sports.com\\\/boutique\\\/wp-content\\\/uploads\\\/2014\\\/07\\\/623-Barriere-de-signalisation.jpg\",\"width\":700,\"height\":333,\"caption\":\"Barri\u00e8re de signalisation\"},{\"@type\":\"BreadcrumbList\",\"@id\":\"https:\\\/\\\/www.pruvost-sports.com\\\/boutique\\\/produit\\\/barriere-de-signalisation\\\/#breadcrumb\",\"itemListElement\":[{\"@type\":\"ListItem\",\"position\":1,\"name\":\"Accueil\",\"item\":\"https:\\\/\\\/www.pruvost-sports.com\\\/boutique\\\/\"},{\"@type\":\"ListItem\",\"position\":2,\"name\":\"Boutique\",\"item\":\"https:\\\/\\\/www.pruvost-sports.com\\\/boutique\\\/boutique\\\/\"},{\"@type\":\"ListItem\",\"position\":3,\"name\":\"Barri\u00e8re de signalisation 2 m\"}]},{\"@type\":\"WebSite\",\"@id\":\"https:\\\/\\\/www.pruvost-sports.com\\\/boutique\\\/#website\",\"url\":\"https:\\\/\\\/www.pruvost-sports.com\\\/boutique\\\/\",\"name\":\"Pruvost sport piscine\",\"description\":\"\",\"potentialAction\":[{\"@type\":\"SearchAction\",\"target\":{\"@type\":\"EntryPoint\",\"urlTemplate\":\"https:\\\/\\\/www.pruvost-sports.com\\\/boutique\\\/?s={search_term_string}\"},\"query-input\":{\"@type\":\"PropertyValueSpecification\",\"valueRequired\":true,\"valueName\":\"search_term_string\"}}],\"inLanguage\":\"fr-FR\"}]}<\/script>\n<!-- \/ Yoast SEO plugin. -->","yoast_head_json":{"title":"barri\u00e8re signalisation barri\u00e8re piscine barri\u00e8re plastique","description":"Barri\u00e8re de signalisation","robots":{"index":"index","follow":"follow","max-snippet":"max-snippet:-1","max-image-preview":"max-image-preview:large","max-video-preview":"max-video-preview:-1"},"canonical":"https:\/\/www.pruvost-sports.com\/boutique\/produit\/barriere-de-signalisation\/","og_locale":"fr_FR","og_type":"article","og_title":"barri\u00e8re signalisation barri\u00e8re piscine barri\u00e8re plastique","og_description":"Barri\u00e8re de signalisation","og_url":"https:\/\/www.pruvost-sports.com\/boutique\/produit\/barriere-de-signalisation\/","og_site_name":"Pruvost sport piscine","og_image":[{"width":700,"height":333,"url":"https:\/\/www.pruvost-sports.com\/boutique\/wp-content\/uploads\/2014\/07\/623-Barriere-de-signalisation.jpg","type":"image\/jpeg"}],"twitter_card":"summary_large_image","schema":{"@context":"https:\/\/schema.org","@graph":[{"@type":"WebPage","@id":"https:\/\/www.pruvost-sports.com\/boutique\/produit\/barriere-de-signalisation\/","url":"https:\/\/www.pruvost-sports.com\/boutique\/produit\/barriere-de-signalisation\/","name":"barri\u00e8re signalisation barri\u00e8re piscine barri\u00e8re plastique","isPartOf":{"@id":"https:\/\/www.pruvost-sports.com\/boutique\/#website"},"primaryImageOfPage":{"@id":"https:\/\/www.pruvost-sports.com\/boutique\/produit\/barriere-de-signalisation\/#primaryimage"},"image":{"@id":"https:\/\/www.pruvost-sports.com\/boutique\/produit\/barriere-de-signalisation\/#primaryimage"},"thumbnailUrl":"https:\/\/www.pruvost-sports.com\/boutique\/wp-content\/uploads\/2014\/07\/623-Barriere-de-signalisation.jpg","datePublished":"2014-07-07T09:27:29+00:00","description":"Barri\u00e8re de signalisation","breadcrumb":{"@id":"https:\/\/www.pruvost-sports.com\/boutique\/produit\/barriere-de-signalisation\/#breadcrumb"},"inLanguage":"fr-FR","potentialAction":[{"@type":"ReadAction","target":["https:\/\/www.pruvost-sports.com\/boutique\/produit\/barriere-de-signalisation\/"]}]},{"@type":"ImageObject","inLanguage":"fr-FR","@id":"https:\/\/www.pruvost-sports.com\/boutique\/produit\/barriere-de-signalisation\/#primaryimage","url":"https:\/\/www.pruvost-sports.com\/boutique\/wp-content\/uploads\/2014\/07\/623-Barriere-de-signalisation.jpg","contentUrl":"https:\/\/www.pruvost-sports.com\/boutique\/wp-content\/uploads\/2014\/07\/623-Barriere-de-signalisation.jpg","width":700,"height":333,"caption":"Barri\u00e8re de signalisation"},{"@type":"BreadcrumbList","@id":"https:\/\/www.pruvost-sports.com\/boutique\/produit\/barriere-de-signalisation\/#breadcrumb","itemListElement":[{"@type":"ListItem","position":1,"name":"Accueil","item":"https:\/\/www.pruvost-sports.com\/boutique\/"},{"@type":"ListItem","position":2,"name":"Boutique","item":"https:\/\/www.pruvost-sports.com\/boutique\/boutique\/"},{"@type":"ListItem","position":3,"name":"Barri\u00e8re de signalisation 2 m"}]},{"@type":"WebSite","@id":"https:\/\/www.pruvost-sports.com\/boutique\/#website","url":"https:\/\/www.pruvost-sports.com\/boutique\/","name":"Pruvost sport piscine","description":"","potentialAction":[{"@type":"SearchAction","target":{"@type":"EntryPoint","urlTemplate":"https:\/\/www.pruvost-sports.com\/boutique\/?s={search_term_string}"},"query-input":{"@type":"PropertyValueSpecification","valueRequired":true,"valueName":"search_term_string"}}],"inLanguage":"fr-FR"}]}},"_links":{"self":[{"href":"https:\/\/www.pruvost-sports.com\/boutique\/wp-json\/wp\/v2\/product\/2368","targetHints":{"allow":["GET"]}}],"collection":[{"href":"https:\/\/www.pruvost-sports.com\/boutique\/wp-json\/wp\/v2\/product"}],"about":[{"href":"https:\/\/www.pruvost-sports.com\/boutique\/wp-json\/wp\/v2\/types\/product"}],"wp:featuredmedia":[{"embeddable":true,"href":"https:\/\/www.pruvost-sports.com\/boutique\/wp-json\/wp\/v2\/media\/2364"}],"wp:attachment":[{"href":"https:\/\/www.pruvost-sports.com\/boutique\/wp-json\/wp\/v2\/media?parent=2368"}],"wp:term":[{"taxonomy":"product_brand","embeddable":true,"href":"https:\/\/www.pruvost-sports.com\/boutique\/wp-json\/wp\/v2\/product_brand?post=2368"},{"taxonomy":"product_cat","embeddable":true,"href":"https:\/\/www.pruvost-sports.com\/boutique\/wp-json\/wp\/v2\/product_cat?post=2368"},{"taxonomy":"product_tag","embeddable":true,"href":"https:\/\/www.pruvost-sports.com\/boutique\/wp-json\/wp\/v2\/product_tag?post=2368"}],"curies":[{"name":"wp","href":"https:\/\/api.w.org\/{rel}","templated":true}]}}