{"id":1084,"date":"2014-05-20T10:57:36","date_gmt":"2014-05-20T08:57:36","guid":{"rendered":"https:\/\/www.pruvost-sports.com\/boutique\/?product=etagere-en-resine"},"modified":"2014-05-20T10:57:36","modified_gmt":"2014-05-20T08:57:36","slug":"etagere-en-resine","status":"publish","type":"product","link":"https:\/\/www.pruvost-sports.com\/boutique\/produit\/etagere-en-resine\/","title":{"rendered":"Etag\u00e8re en r\u00e9sine"},"content":{"rendered":"<p>Pour un devis d&eacute;taill&eacute;, cliquez sur \u00ab\u00a0Ajouter &agrave; mon devis \u00a0\u00bb et precisez vos dimensions lors de la validation de la demande de devis.<\/p>\n<\/p>\n<p>Hauteur : de 115 &agrave; 225 cm<\/p>\n<p>Niveau&nbsp; : de 4 &agrave; 6<\/p>\n<p>Profondeur : de 30 &agrave; 60 cm<\/p>\n<p>Longueur :&nbsp; de 100 &agrave; 240 cm&nbsp;<\/p>\n","protected":false},"excerpt":{"rendered":"<p>Etag&egrave;re en r&eacute;sine<\/p>\n<p><span style=\"font-family: Verdana; color: #000000; font-size: 8pt;\">Mat&eacute;riau inoxydable, inalt&eacute;rable, imputrescible<br \/>Conforme aux normes <span style=\"font-weight: bold; font-family: Verdana; font-size: 8pt;\">HACCP<\/span><br \/>Excellente r&eacute;sistance &agrave; la corrosion (humidit&eacute;, sel, acides etc.)<br \/>Nettoyage efficace pour pr&eacute;venir tout risque de contamination<br \/>Tablettes ajour&eacute;es pour une <span style=\"font-weight: bold; font-size: 8pt;\">bonne circulation de l&rsquo;air<\/span><br \/>Surfaces lisses sans asp&eacute;rit&eacute;s ni cavit&eacute;s, angles arrondis<br \/>Mat&eacute;riau en <span style=\"font-weight: bold; font-size: 8pt;\">r&eacute;sine de synth&egrave;se<\/span>, sans cadmium<\/span><\/p>\n","protected":false},"featured_media":1080,"template":"","meta":[],"product_brand":[],"product_cat":[17,78],"product_tag":[847,848,846,845],"class_list":{"0":"post-1084","1":"product","2":"type-product","3":"status-publish","4":"has-post-thumbnail","6":"product_cat-equipement-de-bassin","7":"product_cat-mobilier-et-rangement","8":"product_tag-etagere-piscine","9":"product_tag-etagere-plastique","10":"product_tag-etagere-rea","11":"product_tag-etagere-resine","13":"entry","14":"has-media","16":"first","17":"instock","18":"shipping-taxable","19":"purchasable","20":"product-type-simple","21":"col","22":"span_1_of_4","23":"owp-content-center","24":"owp-thumbs-layout-horizontal","25":"owp-btn-normal","26":"owp-tabs-layout-horizontal"},"yoast_head":"<!-- This site is optimized with the Yoast SEO plugin v27.5 - https:\/\/yoast.com\/product\/yoast-seo-wordpress\/ -->\n<title>Etag\u00e8re r\u00e9sine rea plastique piscine<\/title>\n<meta name=\"description\" content=\"Etag\u00e8re en r\u00e9sine\" \/>\n<meta name=\"robots\" content=\"index, follow, max-snippet:-1, max-image-preview:large, max-video-preview:-1\" \/>\n<link rel=\"canonical\" href=\"https:\/\/www.pruvost-sports.com\/boutique\/produit\/etagere-en-resine\/\" \/>\n<meta property=\"og:locale\" content=\"fr_FR\" \/>\n<meta property=\"og:type\" content=\"article\" \/>\n<meta property=\"og:title\" content=\"Etag\u00e8re r\u00e9sine rea plastique piscine\" \/>\n<meta property=\"og:description\" content=\"Etag\u00e8re en r\u00e9sine\" \/>\n<meta property=\"og:url\" content=\"https:\/\/www.pruvost-sports.com\/boutique\/produit\/etagere-en-resine\/\" \/>\n<meta property=\"og:site_name\" content=\"Pruvost sport piscine\" \/>\n<meta property=\"og:image\" content=\"https:\/\/www.pruvost-sports.com\/boutique\/wp-content\/uploads\/2014\/05\/325-Etagere-en-resine.jpg\" \/>\n\t<meta property=\"og:image:width\" content=\"251\" \/>\n\t<meta property=\"og:image:height\" content=\"300\" \/>\n\t<meta property=\"og:image:type\" content=\"image\/jpeg\" \/>\n<meta name=\"twitter:card\" content=\"summary_large_image\" \/>\n<script type=\"application\/ld+json\" class=\"yoast-schema-graph\">{\"@context\":\"https:\\\/\\\/schema.org\",\"@graph\":[{\"@type\":\"WebPage\",\"@id\":\"https:\\\/\\\/www.pruvost-sports.com\\\/boutique\\\/produit\\\/etagere-en-resine\\\/\",\"url\":\"https:\\\/\\\/www.pruvost-sports.com\\\/boutique\\\/produit\\\/etagere-en-resine\\\/\",\"name\":\"Etag\u00e8re r\u00e9sine rea plastique piscine\",\"isPartOf\":{\"@id\":\"https:\\\/\\\/www.pruvost-sports.com\\\/boutique\\\/#website\"},\"primaryImageOfPage\":{\"@id\":\"https:\\\/\\\/www.pruvost-sports.com\\\/boutique\\\/produit\\\/etagere-en-resine\\\/#primaryimage\"},\"image\":{\"@id\":\"https:\\\/\\\/www.pruvost-sports.com\\\/boutique\\\/produit\\\/etagere-en-resine\\\/#primaryimage\"},\"thumbnailUrl\":\"https:\\\/\\\/www.pruvost-sports.com\\\/boutique\\\/wp-content\\\/uploads\\\/2014\\\/05\\\/325-Etagere-en-resine.jpg\",\"datePublished\":\"2014-05-20T08:57:36+00:00\",\"description\":\"Etag\u00e8re en r\u00e9sine\",\"breadcrumb\":{\"@id\":\"https:\\\/\\\/www.pruvost-sports.com\\\/boutique\\\/produit\\\/etagere-en-resine\\\/#breadcrumb\"},\"inLanguage\":\"fr-FR\",\"potentialAction\":[{\"@type\":\"ReadAction\",\"target\":[\"https:\\\/\\\/www.pruvost-sports.com\\\/boutique\\\/produit\\\/etagere-en-resine\\\/\"]}]},{\"@type\":\"ImageObject\",\"inLanguage\":\"fr-FR\",\"@id\":\"https:\\\/\\\/www.pruvost-sports.com\\\/boutique\\\/produit\\\/etagere-en-resine\\\/#primaryimage\",\"url\":\"https:\\\/\\\/www.pruvost-sports.com\\\/boutique\\\/wp-content\\\/uploads\\\/2014\\\/05\\\/325-Etagere-en-resine.jpg\",\"contentUrl\":\"https:\\\/\\\/www.pruvost-sports.com\\\/boutique\\\/wp-content\\\/uploads\\\/2014\\\/05\\\/325-Etagere-en-resine.jpg\",\"width\":251,\"height\":300,\"caption\":\"Etag\u00e8re en r\u00e9sine\"},{\"@type\":\"BreadcrumbList\",\"@id\":\"https:\\\/\\\/www.pruvost-sports.com\\\/boutique\\\/produit\\\/etagere-en-resine\\\/#breadcrumb\",\"itemListElement\":[{\"@type\":\"ListItem\",\"position\":1,\"name\":\"Accueil\",\"item\":\"https:\\\/\\\/www.pruvost-sports.com\\\/boutique\\\/\"},{\"@type\":\"ListItem\",\"position\":2,\"name\":\"Boutique\",\"item\":\"https:\\\/\\\/www.pruvost-sports.com\\\/boutique\\\/boutique\\\/\"},{\"@type\":\"ListItem\",\"position\":3,\"name\":\"Etag\u00e8re en r\u00e9sine\"}]},{\"@type\":\"WebSite\",\"@id\":\"https:\\\/\\\/www.pruvost-sports.com\\\/boutique\\\/#website\",\"url\":\"https:\\\/\\\/www.pruvost-sports.com\\\/boutique\\\/\",\"name\":\"Pruvost sport piscine\",\"description\":\"\",\"potentialAction\":[{\"@type\":\"SearchAction\",\"target\":{\"@type\":\"EntryPoint\",\"urlTemplate\":\"https:\\\/\\\/www.pruvost-sports.com\\\/boutique\\\/?s={search_term_string}\"},\"query-input\":{\"@type\":\"PropertyValueSpecification\",\"valueRequired\":true,\"valueName\":\"search_term_string\"}}],\"inLanguage\":\"fr-FR\"}]}<\/script>\n<!-- \/ Yoast SEO plugin. -->","yoast_head_json":{"title":"Etag\u00e8re r\u00e9sine rea plastique piscine","description":"Etag\u00e8re en r\u00e9sine","robots":{"index":"index","follow":"follow","max-snippet":"max-snippet:-1","max-image-preview":"max-image-preview:large","max-video-preview":"max-video-preview:-1"},"canonical":"https:\/\/www.pruvost-sports.com\/boutique\/produit\/etagere-en-resine\/","og_locale":"fr_FR","og_type":"article","og_title":"Etag\u00e8re r\u00e9sine rea plastique piscine","og_description":"Etag\u00e8re en r\u00e9sine","og_url":"https:\/\/www.pruvost-sports.com\/boutique\/produit\/etagere-en-resine\/","og_site_name":"Pruvost sport piscine","og_image":[{"width":251,"height":300,"url":"https:\/\/www.pruvost-sports.com\/boutique\/wp-content\/uploads\/2014\/05\/325-Etagere-en-resine.jpg","type":"image\/jpeg"}],"twitter_card":"summary_large_image","schema":{"@context":"https:\/\/schema.org","@graph":[{"@type":"WebPage","@id":"https:\/\/www.pruvost-sports.com\/boutique\/produit\/etagere-en-resine\/","url":"https:\/\/www.pruvost-sports.com\/boutique\/produit\/etagere-en-resine\/","name":"Etag\u00e8re r\u00e9sine rea plastique piscine","isPartOf":{"@id":"https:\/\/www.pruvost-sports.com\/boutique\/#website"},"primaryImageOfPage":{"@id":"https:\/\/www.pruvost-sports.com\/boutique\/produit\/etagere-en-resine\/#primaryimage"},"image":{"@id":"https:\/\/www.pruvost-sports.com\/boutique\/produit\/etagere-en-resine\/#primaryimage"},"thumbnailUrl":"https:\/\/www.pruvost-sports.com\/boutique\/wp-content\/uploads\/2014\/05\/325-Etagere-en-resine.jpg","datePublished":"2014-05-20T08:57:36+00:00","description":"Etag\u00e8re en r\u00e9sine","breadcrumb":{"@id":"https:\/\/www.pruvost-sports.com\/boutique\/produit\/etagere-en-resine\/#breadcrumb"},"inLanguage":"fr-FR","potentialAction":[{"@type":"ReadAction","target":["https:\/\/www.pruvost-sports.com\/boutique\/produit\/etagere-en-resine\/"]}]},{"@type":"ImageObject","inLanguage":"fr-FR","@id":"https:\/\/www.pruvost-sports.com\/boutique\/produit\/etagere-en-resine\/#primaryimage","url":"https:\/\/www.pruvost-sports.com\/boutique\/wp-content\/uploads\/2014\/05\/325-Etagere-en-resine.jpg","contentUrl":"https:\/\/www.pruvost-sports.com\/boutique\/wp-content\/uploads\/2014\/05\/325-Etagere-en-resine.jpg","width":251,"height":300,"caption":"Etag\u00e8re en r\u00e9sine"},{"@type":"BreadcrumbList","@id":"https:\/\/www.pruvost-sports.com\/boutique\/produit\/etagere-en-resine\/#breadcrumb","itemListElement":[{"@type":"ListItem","position":1,"name":"Accueil","item":"https:\/\/www.pruvost-sports.com\/boutique\/"},{"@type":"ListItem","position":2,"name":"Boutique","item":"https:\/\/www.pruvost-sports.com\/boutique\/boutique\/"},{"@type":"ListItem","position":3,"name":"Etag\u00e8re en r\u00e9sine"}]},{"@type":"WebSite","@id":"https:\/\/www.pruvost-sports.com\/boutique\/#website","url":"https:\/\/www.pruvost-sports.com\/boutique\/","name":"Pruvost sport piscine","description":"","potentialAction":[{"@type":"SearchAction","target":{"@type":"EntryPoint","urlTemplate":"https:\/\/www.pruvost-sports.com\/boutique\/?s={search_term_string}"},"query-input":{"@type":"PropertyValueSpecification","valueRequired":true,"valueName":"search_term_string"}}],"inLanguage":"fr-FR"}]}},"_links":{"self":[{"href":"https:\/\/www.pruvost-sports.com\/boutique\/wp-json\/wp\/v2\/product\/1084","targetHints":{"allow":["GET"]}}],"collection":[{"href":"https:\/\/www.pruvost-sports.com\/boutique\/wp-json\/wp\/v2\/product"}],"about":[{"href":"https:\/\/www.pruvost-sports.com\/boutique\/wp-json\/wp\/v2\/types\/product"}],"wp:featuredmedia":[{"embeddable":true,"href":"https:\/\/www.pruvost-sports.com\/boutique\/wp-json\/wp\/v2\/media\/1080"}],"wp:attachment":[{"href":"https:\/\/www.pruvost-sports.com\/boutique\/wp-json\/wp\/v2\/media?parent=1084"}],"wp:term":[{"taxonomy":"product_brand","embeddable":true,"href":"https:\/\/www.pruvost-sports.com\/boutique\/wp-json\/wp\/v2\/product_brand?post=1084"},{"taxonomy":"product_cat","embeddable":true,"href":"https:\/\/www.pruvost-sports.com\/boutique\/wp-json\/wp\/v2\/product_cat?post=1084"},{"taxonomy":"product_tag","embeddable":true,"href":"https:\/\/www.pruvost-sports.com\/boutique\/wp-json\/wp\/v2\/product_tag?post=1084"}],"curies":[{"name":"wp","href":"https:\/\/api.w.org\/{rel}","templated":true}]}}